124.157.140.250 - - [01/Aug/2007:22:38:40 -0700] "GET /junk/CGgoods/Firefury-Chaosblade.JPG HTTP/1.1" 206 159218 "http://rpstudios.ian-justman.com/junk/CGgoods/?S=A" "Mozilla/4.0 (compatible; MSIE 6.0; Windows NT 5.1)"
124.157.140.250 - - [01/Aug/2007:22:38:50 -0700] "GET /junk/CGgoods/EveryKindofFuckedImaginable.JPG HTTP/1.1" 206 38817 "http://rpstudios.ian-justman.com/junk/CGgoods/?S=A" "Mozilla/4.0 (compatible; MSIE 6.0; Windows NT 5.1)"
124.157.140.250 - - [01/Aug/2007:22:38:50 -0700] "GET /junk/CGgoods/Firefury-buster.JPG HTTP/1.1" 206 79417 "http://rpstudios.ian-justman.com/junk/CGgoods/?S=A" "Mozilla/4.0 (compatible; MSIE 6.0; Windows NT 5.1)"
124.157.140.250 - - [01/Aug/2007:22:39:17 -0700] "GET /junk/CGgoods/Firefury-dropkick3.JPG HTTP/1.1" 200 137519 "http://rpstudios.ian-justman.com/junk/CGgoods/?S=A" "Mozilla/4.0 (compatible; MSIE 6.0; Windows NT 5.1)"
124.157.140.250 - - [01/Aug/2007:22:39:32 -0700] "GET /junk/CGgoods/Firefury-buster.JPG HTTP/1.1" 206 45381 "http://rpstudios.ian-justman.com/junk/CGgoods/?S=A" "Mozilla/4.0 (compatible; MSIE 6.0; Windows NT 5.1)"
124.157.140.250 - - [01/Aug/2007:22:39:54 -0700] "GET /junk/CGgoods/Firefury-Daijuusan3.JPG HTTP/1.1" 206 50017 "http://rpstudios.ian-justman.com/junk/CGgoods/?S=A" "Mozilla/4.0 (compatible; MSIE 6.0; Windows NT 5.1)"
217.212.224.144 - - [01/Aug/2007:22:40:08 -0700] "GET /ane/?M=D HTTP/1.0" 200 7502 "-" "psbot/0.1 (+http://www.picsearch.com/bot.html)"
124.157.140.250 - - [01/Aug/2007:22:40:23 -0700] "GET /junk/CGgoods/Firefury-Chaosblade.JPG HTTP/1.1" 206 35106 "http://rpstudios.ian-justman.com/junk/CGgoods/?S=A" "Mozilla/4.0 (compatible; MSIE 6.0; Windows NT 5.1)"
124.157.140.250 - - [01/Aug/2007:22:40:28 -0700] "GET /junk/CGgoods/Firefury-Daijuusan2.JPG HTTP/1.1" 206 102216 "http://rpstudios.ian-justman.com/junk/CGgoods/?S=A" "Mozilla/4.0 (compatible; MSIE 6.0; Windows NT 5.1)"
124.157.140.250 - - [01/Aug/2007:22:40:37 -0700] "GET /junk/CGgoods/Firefury-Daijuusan2.JPG HTTP/1.1" 206 76618 "http://rpstudios.ian-justman.com/junk/CGgoods/?S=A" "Mozilla/4.0 (compatible; MSIE 6.0; Windows NT 5.1)"
124.157.140.250 - - [01/Aug/2007:22:40:53 -0700] "GET /junk/CGgoods/Firefury-cchaser.JPG HTTP/1.1" 206 33218 "http://rpstudios.ian-justman.com/junk/CGgoods/?S=A" "Mozilla/4.0 (compatible; MSIE 6.0; Windows NT 5.1)"
124.157.140.250 - - [01/Aug/2007:22:41:16 -0700] "GET /junk/CGgoods/Firefury-Daijuusan3.JPG HTTP/1.1" 206 87690 "http://rpstudios.ian-justman.com/junk/CGgoods/?S=A" "Mozilla/4.0 (compatible; MSIE 6.0; Windows NT 5.1)"
124.157.140.250 - - [01/Aug/2007:22:41:21 -0700] "GET /junk/CGgoods/Firefury-dualfunnels.JPG HTTP/1.1" 200 38873 "http://rpstudios.ian-justman.com/junk/CGgoods/?S=A" "Mozilla/4.0 (compatible; MSIE 6.0; Windows NT 5.1)"
124.157.140.250 - - [01/Aug/2007:22:41:30 -0700] "GET /junk/CGgoods/Firefury-dropkick1.JPG HTTP/1.1" 206 38294 "http://rpstudios.ian-justman.com/junk/CGgoods/?S=A" "Mozilla/4.0 (compatible; MSIE 6.0; Windows NT 5.1)"
124.157.140.250 - - [01/Aug/2007:22:41:37 -0700] "GET /junk/CGgoods/Firefury-eyecatch.JPG HTTP/1.1" 200 48673 "http://rpstudios.ian-justman.com/junk/CGgoods/?S=A" "Mozilla/4.0 (compatible; MSIE 6.0; Windows NT 5.1)"
217.212.224.149 - - [01/Aug/2007:22:41:46 -0700] "GET /ane/?N=A HTTP/1.0" 200 7502 "-" "psbot/0.1 (+http://www.picsearch.com/bot.html)"
124.157.140.250 - - [01/Aug/2007:22:41:51 -0700] "GET /junk/CGgoods/Firefury-dropkick4.JPG HTTP/1.1" 200 41673 "http://rpstudios.ian-justman.com/junk/CGgoods/?S=A" "Mozilla/4.0 (compatible; MSIE 6.0; Windows NT 5.1)"
124.157.140.250 - - [01/Aug/2007:22:41:59 -0700] "GET /junk/CGgoods/Firefury-Daijuusan4.JPG HTTP/1.1" 200 222273 "http://rpstudios.ian-justman.com/junk/CGgoods/?S=A" "Mozilla/4.0 (compatible; MSIE 6.0; Windows NT 5.1)"
124.157.140.250 - - [01/Aug/2007:22:42:09 -0700] "GET /junk/CGgoods/evil2.JPG HTTP/1.1" 206 131217 "http://rpstudios.ian-justman.com/junk/CGgoods/?S=A" "Mozilla/4.0 (compatible; MSIE 6.0; Windows NT 5.1)"
124.157.140.250 - - [01/Aug/2007:22:42:10 -0700] "GET /junk/CGgoods/Firefury-Chaosblade.JPG HTTP/1.1" 206 10288 "http://rpstudios.ian-justman.com/junk/CGgoods/?S=A" "Mozilla/4.0 (compatible; MSIE 6.0; Windows NT 5.1)"
124.157.140.250 - - [01/Aug/2007:22:42:12 -0700] "GET /junk/CGgoods/Firefury-Daijuusan2.JPG HTTP/1.1" 206 1799 "http://rpstudios.ian-justman.com/junk/CGgoods/?S=A" "Mozilla/4.0 (compatible; MSIE 6.0; Windows NT 5.1)"
124.157.140.250 - - [01/Aug/2007:22:42:45 -0700] "GET /junk/CGgoods/Firefury-Firewall2.JPG HTTP/1.1" 200 36073 "http://rpstudios.ian-justman.com/junk/CGgoods/?S=A" "Mozilla/4.0 (compatible; MSIE 6.0; Windows NT 5.1)"
124.157.140.250 - - [01/Aug/2007:22:42:52 -0700] "GET /junk/CGgoods/Firefury-Daijuusan.JPG HTTP/1.1" 206 72417 "http://rpstudios.ian-justman.com/junk/CGgoods/?S=A" "Mozilla/4.0 (compatible; MSIE 6.0; Windows NT 5.1)"
124.157.140.250 - - [01/Aug/2007:22:43:02 -0700] "GET /junk/CGgoods/Firefury-burstjet.JPG HTTP/1.1" 206 24817 "http://rpstudios.ian-justman.com/junk/CGgoods/?S=A" "Mozilla/4.0 (compatible; MSIE 6.0; Windows NT 5.1)"
124.157.140.250 - - [01/Aug/2007:22:43:09 -0700] "GET /junk/CGgoods/Firefury-GD-Chaos2.JPG HTTP/1.1" 200 138178 "http://rpstudios.ian-justman.com/junk/CGgoods/?S=A" "Mozilla/4.0 (compatible; MSIE 6.0; Windows NT 5.1)"
124.157.140.250 - - [01/Aug/2007:22:43:20 -0700] "GET /junk/CGgoods/Firefury-GB2-GF-GD.JPG HTTP/1.1" 200 15073 "http://rpstudios.ian-justman.com/junk/CGgoods/?S=A" "Mozilla/4.0 (compatible; MSIE 6.0; Windows NT 5.1)"
217.212.224.178 - - [01/Aug/2007:22:43:20 -0700] "GET /ane/?N=D HTTP/1.0" 200 7502 "-" "psbot/0.1 (+http://www.picsearch.com/bot.html)"
124.157.140.250 - - [01/Aug/2007:22:43:25 -0700] "GET /junk/CGgoods/Firefury-Daijuusan4.JPG HTTP/1.1" 206 45817 "http://rpstudios.ian-justman.com/junk/CGgoods/?S=A" "Mozilla/4.0 (compatible; MSIE 6.0; Windows NT 5.1)"
124.157.140.250 - - [01/Aug/2007:22:43:46 -0700] "GET /junk/CGgoods/Firefury-Fullarmor2.JPG HTTP/1.1" 200 110273 "http://rpstudios.ian-justman.com/junk/CGgoods/?S=A" "Mozilla/4.0 (compatible; MSIE 6.0; Windows NT 5.1)"
124.157.140.250 - - [01/Aug/2007:22:43:59 -0700] "GET /junk/CGgoods/Firefury-Firewall.JPG HTTP/1.1" 200 190136 "http://rpstudios.ian-justman.com/junk/CGgoods/?S=A" "Mozilla/4.0 (compatible; MSIE 6.0; Windows NT 5.1)"
124.157.140.250 - - [01/Aug/2007:22:44:02 -0700] "GET /junk/CGgoods/Firefury-Daijuusan.JPG HTTP/1.1" 206 46509 "http://rpstudios.ian-justman.com/junk/CGgoods/?S=A" "Mozilla/4.0 (compatible; MSIE 6.0; Windows NT 5.1)"
124.157.140.250 - - [01/Aug/2007:22:44:04 -0700] "GET /junk/CGgoods/Firefury-eyecatch.JPG HTTP/1.1" 206 29018 "http://rpstudios.ian-justman.com/junk/CGgoods/?S=A" "Mozilla/4.0 (compatible; MSIE 6.0; Windows NT 5.1)"
124.157.140.250 - - [01/Aug/2007:22:44:08 -0700] "GET /junk/CGgoods/Firefury-dropkick1.JPG HTTP/1.1" 200 115104 "http://rpstudios.ian-justman.com/junk/CGgoods/?S=A" "Mozilla/4.0 (compatible; MSIE 6.0; Windows NT 5.1)"
124.157.140.250 - - [01/Aug/2007:22:44:41 -0700] "GET /junk/CGgoods/Firefury-dropkick4.JPG HTTP/1.1" 206 13618 "http://rpstudios.ian-justman.com/junk/CGgoods/?S=A" "Mozilla/4.0 (compatible; MSIE 6.0; Windows NT 5.1)"
124.157.140.250 - - [01/Aug/2007:22:44:43 -0700] "GET /junk/CGgoods/Firefury-Firewall2.JPG HTTP/1.1" 206 114103 "http://rpstudios.ian-justman.com/junk/CGgoods/?S=A" "Mozilla/4.0 (compatible; MSIE 6.0; Windows NT 5.1)"
74.6.27.12 - - [01/Aug/2007:22:44:51 -0700] "GET /AXpics/?M=D HTTP/1.0" 200 2360 "-" "Mozilla/5.0 (compatible; Yahoo! Slurp; http://help.yahoo.com/help/us/ysearch/slurp)"
217.212.224.141 - - [01/Aug/2007:22:44:59 -0700] "GET /RPSgraphics/ HTTP/1.0" 200 1318 "-" "psbot/0.1 (+http://www.picsearch.com/bot.html)"
124.157.140.250 - - [01/Aug/2007:22:45:19 -0700] "GET /junk/CGgoods/Firefury-eyecatch2.JPG HTTP/1.1" 200 86473 "http://rpstudios.ian-justman.com/junk/CGgoods/?S=A" "Mozilla/4.0 (compatible; MSIE 6.0; Windows NT 5.1)"
124.157.140.250 - - [01/Aug/2007:22:45:28 -0700] "GET /junk/CGgoods/Firefury-dropkick4.JPG HTTP/1.1" 206 34618 "http://rpstudios.ian-justman.com/junk/CGgoods/?S=A" "Mozilla/4.0 (compatible; MSIE 6.0; Windows NT 5.1)"
124.157.140.250 - - [01/Aug/2007:22:46:18 -0700] "GET /junk/CGgoods/Firefury-Firewall.JPG HTTP/1.1" 206 50018 "http://rpstudios.ian-justman.com/junk/CGgoods/?S=A" "Mozilla/4.0 (compatible; MSIE 6.0; Windows NT 5.1)"
124.157.140.250 - - [01/Aug/2007:22:46:21 -0700] "GET /junk/CGgoods/Firefury-Daijuusan.JPG HTTP/1.1" 206 9091 "http://rpstudios.ian-justman.com/junk/CGgoods/?S=A" "Mozilla/4.0 (compatible; MSIE 6.0; Windows NT 5.1)"
124.157.140.250 - - [01/Aug/2007:22:46:21 -0700] "GET /junk/CGgoods/Firefury-GD-Chaos1.JPG HTTP/1.1" 200 108873 "http://rpstudios.ian-justman.com/junk/CGgoods/?S=A" "Mozilla/4.0 (compatible; MSIE 6.0; Windows NT 5.1)"
124.157.140.250 - - [01/Aug/2007:22:46:24 -0700] "GET /junk/CGgoods/Firefury-Fullarmor1.JPG HTTP/1.1" 200 30473 "http://rpstudios.ian-justman.com/junk/CGgoods/?S=A" "Mozilla/4.0 (compatible; MSIE 6.0; Windows NT 5.1)"
124.157.140.250 - - [01/Aug/2007:22:46:27 -0700] "GET /junk/CGgoods/Firefury-eyecatch.JPG HTTP/1.1" 206 258743 "http://rpstudios.ian-justman.com/junk/CGgoods/?S=A" "Mozilla/4.0 (compatible; MSIE 6.0; Windows NT 5.1)"
124.157.140.250 - - [01/Aug/2007:22:46:32 -0700] "GET /junk/CGgoods/Firefury-Fullarmor1.JPG HTTP/1.1" 206 83618 "http://rpstudios.ian-justman.com/junk/CGgoods/?S=A" "Mozilla/4.0 (compatible; MSIE 6.0; Windows NT 5.1)"
217.212.224.147 - - [01/Aug/2007:22:46:38 -0700] "GET /RPSgraphics/?D=A HTTP/1.0" 200 1318 "-" "psbot/0.1 (+http://www.picsearch.com/bot.html)"
124.157.140.250 - - [01/Aug/2007:22:46:41 -0700] "GET /junk/CGgoods/Firefury-Firewall.JPG HTTP/1.1" 206 24373 "http://rpstudios.ian-justman.com/junk/CGgoods/?S=A" "Mozilla/4.0 (compatible; MSIE 6.0; Windows NT 5.1)"
124.157.140.250 - - [01/Aug/2007:22:46:51 -0700] "GET /junk/CGgoods/Firefury-Daijuusan4.JPG HTTP/1.1" 206 92017 "http://rpstudios.ian-justman.com/junk/CGgoods/?S=A" "Mozilla/4.0 (compatible; MSIE 6.0; Windows NT 5.1)"
124.157.140.250 - - [01/Aug/2007:22:47:03 -0700] "GET /junk/CGgoods/Firefury-eyecatch2.JPG HTTP/1.1" 206 121009 "http://rpstudios.ian-justman.com/junk/CGgoods/?S=A" "Mozilla/4.0 (compatible; MSIE 6.0; Windows NT 5.1)"
124.157.140.250 - - [01/Aug/2007:22:47:16 -0700] "GET /junk/CGgoods/Firefury-Daijuusan4.JPG HTTP/1.1" 206 59787 "http://rpstudios.ian-justman.com/junk/CGgoods/?S=A" "Mozilla/4.0 (compatible; MSIE 6.0; Windows NT 5.1)"
124.157.140.250 - - [01/Aug/2007:22:47:24 -0700] "GET /junk/CGgoods/Firefury-Fullarmor2.JPG HTTP/1.1" 206 31818 "http://rpstudios.ian-justman.com/junk/CGgoods/?S=A" "Mozilla/4.0 (compatible; MSIE 6.0; Windows NT 5.1)"
124.157.140.250 - - [01/Aug/2007:22:47:41 -0700] "GET /junk/CGgoods/Firefury-dropkick4.JPG HTTP/1.1" 206 31819 "http://rpstudios.ian-justman.com/junk/CGgoods/?S=A" "Mozilla/4.0 (compatible; MSIE 6.0; Windows NT 5.1)"
124.157.140.250 - - [01/Aug/2007:22:47:41 -0700] "GET /junk/CGgoods/Firefury-GDeflector720.JPG HTTP/1.1" 200 72473 "http://rpstudios.ian-justman.com/junk/CGgoods/?S=A" "Mozilla/4.0 (compatible; MSIE 6.0; Windows NT 5.1)"
124.157.140.250 - - [01/Aug/2007:22:47:42 -0700] "GET /junk/CGgoods/Firefury-GB2-GF-GD.JPG HTTP/1.1" 206 26219 "http://rpstudios.ian-justman.com/junk/CGgoods/?S=A" "Mozilla/4.0 (compatible; MSIE 6.0; Windows NT 5.1)"
217.212.224.146 - - [01/Aug/2007:22:48:20 -0700] "GET /RPSgraphics/?D=D HTTP/1.0" 200 1318 "-" "psbot/0.1 (+http://www.picsearch.com/bot.html)"
124.157.140.250 - - [01/Aug/2007:22:48:28 -0700] "GET /junk/CGgoods/Firefury-GD-DJ.JPG HTTP/1.1" 200 17873 "http://rpstudios.ian-justman.com/junk/CGgoods/?S=A" "Mozilla/4.0 (compatible; MSIE 6.0; Windows NT 5.1)"
124.157.140.250 - - [01/Aug/2007:22:48:33 -0700] "GET /junk/CGgoods/Firefury-GDeflector720.JPG HTTP/1.1" 206 109985 "http://rpstudios.ian-justman.com/junk/CGgoods/?S=A" "Mozilla/4.0 (compatible; MSIE 6.0; Windows NT 5.1)"
124.157.140.250 - - [01/Aug/2007:22:48:34 -0700] "GET /junk/CGgoods/Firefury-Fullarmor1.JPG HTTP/1.1" 206 26218 "http://rpstudios.ian-justman.com/junk/CGgoods/?S=A" "Mozilla/4.0 (compatible; MSIE 6.0; Windows NT 5.1)"
124.157.140.250 - - [01/Aug/2007:22:48:49 -0700] "GET /junk/CGgoods/Firefury-dualfunnels.JPG HTTP/1.1" 206 163418 "http://rpstudios.ian-justman.com/junk/CGgoods/?S=A" "Mozilla/4.0 (compatible; MSIE 6.0; Windows NT 5.1)"
124.157.140.250 - - [01/Aug/2007:22:48:51 -0700] "GET /junk/CGgoods/Firefury-GFlyer-DJ2.JPG HTTP/1.1" 200 44473 "http://rpstudios.ian-justman.com/junk/CGgoods/?S=A" "Mozilla/4.0 (compatible; MSIE 6.0; Windows NT 5.1)"
66.249.66.241 - - [01/Aug/2007:22:48:54 -0700] "GET /robots.txt HTTP/1.1" 404 592 "-" "Googlebot-Image/1.0"
66.249.66.241 - - [01/Aug/2007:22:48:55 -0700] "GET /ane/anelogo1.gif HTTP/1.1" 200 17944 "-" "Googlebot-Image/1.0"
124.157.140.250 - - [01/Aug/2007:22:49:00 -0700] "GET /junk/CGgoods/Firefury-Firewall.JPG HTTP/1.1" 206 3755 "http://rpstudios.ian-justman.com/junk/CGgoods/?S=A" "Mozilla/4.0 (compatible; MSIE 6.0; Windows NT 5.1)"
124.157.140.250 - - [01/Aug/2007:22:49:27 -0700] "GET /junk/CGgoods/Firefury-dropkick4.JPG HTTP/1.1" 206 79593 "http://rpstudios.ian-justman.com/junk/CGgoods/?S=A" "Mozilla/4.0 (compatible; MSIE 6.0; Windows NT 5.1)"
124.157.140.250 - - [01/Aug/2007:22:49:34 -0700] "GET /junk/CGgoods/Firefury-GFighter.JPG HTTP/1.1" 200 62673 "http://rpstudios.ian-justman.com/junk/CGgoods/?S=A" "Mozilla/4.0 (compatible; MSIE 6.0; Windows NT 5.1)"
124.157.140.250 - - [01/Aug/2007:22:49:39 -0700] "GET /junk/CGgoods/Firefury-GD-Chaos1.JPG HTTP/1.1" 206 33330 "http://rpstudios.ian-justman.com/junk/CGgoods/?S=A" "Mozilla/4.0 (compatible; MSIE 6.0; Windows NT 5.1)"
217.212.224.146 - - [01/Aug/2007:22:49:58 -0700] "GET /RPSgraphics/?N=A HTTP/1.0" 200 1318 "-" "psbot/0.1 (+http://www.picsearch.com/bot.html)"
124.157.140.250 - - [01/Aug/2007:22:49:59 -0700] "GET /junk/CGgoods/Firefury-GFlyer-DJ2.JPG HTTP/1.1" 206 23418 "http://rpstudios.ian-justman.com/junk/CGgoods/?S=A" "Mozilla/4.0 (compatible; MSIE 6.0; Windows NT 5.1)"
124.157.140.250 - - [01/Aug/2007:22:50:54 -0700] "GET /junk/CGgoods/Firefury-grapple1.JPG HTTP/1.1" 200 51473 "http://rpstudios.ian-justman.com/junk/CGgoods/?S=A" "Mozilla/4.0 (compatible; MSIE 6.0; Windows NT 5.1)"
124.157.140.250 - - [01/Aug/2007:22:51:03 -0700] "GET /junk/CGgoods/Firefury-dualfunnels.JPG HTTP/1.1" 206 87817 "http://rpstudios.ian-justman.com/junk/CGgoods/?S=A" "Mozilla/4.0 (compatible; MSIE 6.0; Windows NT 5.1)"
217.212.224.149 - - [01/Aug/2007:22:51:40 -0700] "GET /RPSgraphics/?S=A HTTP/1.0" 200 1318 "-" "psbot/0.1 (+http://www.picsearch.com/bot.html)"
124.157.140.250 - - [01/Aug/2007:22:52:02 -0700] "GET /junk/CGgoods/Firefury-dualfunnels.JPG HTTP/1.1" 206 110712 "http://rpstudios.ian-justman.com/junk/CGgoods/?S=A" "Mozilla/4.0 (compatible; MSIE 6.0; Windows NT 5.1)"
124.157.140.250 - - [01/Aug/2007:22:52:08 -0700] "GET /junk/CGgoods/Firefury-GD-DJ.JPG HTTP/1.1" 206 62619 "http://rpstudios.ian-justman.com/junk/CGgoods/?S=A" "Mozilla/4.0 (compatible; MSIE 6.0; Windows NT 5.1)"
124.157.140.250 - - [01/Aug/2007:22:52:10 -0700] "GET /junk/CGgoods/Firefury-GD-Chaos1.JPG HTTP/1.1" 206 13619 "http://rpstudios.ian-justman.com/junk/CGgoods/?S=A" "Mozilla/4.0 (compatible; MSIE 6.0; Windows NT 5.1)"
124.157.140.250 - - [01/Aug/2007:22:52:17 -0700] "GET /junk/CGgoods/Firefury-Fullarmor1.JPG HTTP/1.1" 206 22017 "http://rpstudios.ian-justman.com/junk/CGgoods/?S=A" "Mozilla/4.0 (compatible; MSIE 6.0; Windows NT 5.1)"
124.157.140.250 - - [01/Aug/2007:22:52:20 -0700] "GET /junk/CGgoods/Firefury-GigatonBuster.JPG HTTP/1.1" 206 23291 "http://rpstudios.ian-justman.com/junk/CGgoods/?S=A" "Mozilla/4.0 (compatible; MSIE 6.0; Windows NT 5.1)"
81.52.143.15 - - [01/Aug/2007:22:52:26 -0700] "GET /robots.txt HTTP/1.1" 404 581 "-" "Mozilla/5.0 (Windows; U; Windows NT 5.1; fr; rv:1.8.1) VoilaBot BETA 1.2 (http://www.voila.com/)"
81.52.143.15 - - [01/Aug/2007:22:52:30 -0700] "GET /ane/art.html HTTP/1.1" 200 1814 "-" "Mozilla/5.0 (Windows; U; Windows NT 5.1; fr; rv:1.8.1) VoilaBot BETA 1.2 (http://www.voila.com/)"
124.157.140.250 - - [01/Aug/2007:22:52:35 -0700] "GET /junk/CGgoods/Firefury-GB2-GF-GD.JPG HTTP/1.1" 206 34618 "http://rpstudios.ian-justman.com/junk/CGgoods/?S=A" "Mozilla/4.0 (compatible; MSIE 6.0; Windows NT 5.1)"
124.157.140.250 - - [01/Aug/2007:22:52:36 -0700] "GET /junk/CGgoods/Firefury-Fullarmor2.JPG HTTP/1.1" 206 168025 "http://rpstudios.ian-justman.com/junk/CGgoods/?S=A" "Mozilla/4.0 (compatible; MSIE 6.0; Windows NT 5.1)"
124.157.140.250 - - [01/Aug/2007:22:52:43 -0700] "GET /junk/CGgoods/Firefury-GFighter.JPG HTTP/1.1" 206 87818 "http://rpstudios.ian-justman.com/junk/CGgoods/?S=A" "Mozilla/4.0 (compatible; MSIE 6.0; Windows NT 5.1)"
124.157.140.250 - - [01/Aug/2007:22:52:45 -0700] "GET /junk/CGgoods/Firefury-GigatonBuster.JPG HTTP/1.1" 200 183073 "http://rpstudios.ian-justman.com/junk/CGgoods/?S=A" "Mozilla/4.0 (compatible; MSIE 6.0; Windows NT 5.1)"
124.157.140.250 - - [01/Aug/2007:22:52:49 -0700] "GET /junk/CGgoods/Firefury-jumpkick2.JPG HTTP/1.1" 200 164873 "http://rpstudios.ian-justman.com/junk/CGgoods/?S=A" "Mozilla/4.0 (compatible; MSIE 6.0; Windows NT 5.1)"
217.212.224.148 - - [01/Aug/2007:22:53:14 -0700] "GET /RPSgraphics/?S=D HTTP/1.0" 200 1318 "-" "psbot/0.1 (+http://www.picsearch.com/bot.html)"
124.157.140.250 - - [01/Aug/2007:22:53:44 -0700] "GET /junk/CGgoods/Firefury-GFlyer-DJ2.JPG HTTP/1.1" 206 65418 "http://rpstudios.ian-justman.com/junk/CGgoods/?S=A" "Mozilla/4.0 (compatible; MSIE 6.0; Windows NT 5.1)"
66.249.66.241 - - [01/Aug/2007:22:53:46 -0700] "GET /AXpics/wham.jpg HTTP/1.1" 200 151450 "-" "Googlebot-Image/1.0"
124.157.140.250 - - [01/Aug/2007:22:53:48 -0700] "GET /junk/CGgoods/Firefury-jumpkick4.JPG HTTP/1.1" 200 294088 "http://rpstudios.ian-justman.com/junk/CGgoods/?S=A" "Mozilla/4.0 (compatible; MSIE 6.0; Windows NT 5.1)"
124.157.140.250 - - [01/Aug/2007:22:54:07 -0700] "GET /junk/CGgoods/Firefury-GTurbo.JPG HTTP/1.1" 200 135473 "http://rpstudios.ian-justman.com/junk/CGgoods/?S=A" "Mozilla/4.0 (compatible; MSIE 6.0; Windows NT 5.1)"
74.6.18.72 - - [01/Aug/2007:22:54:15 -0700] "GET /east/?N=D HTTP/1.0" 200 1291 "-" "Mozilla/5.0 (compatible; Yahoo! Slurp; http://help.yahoo.com/help/us/ysearch/slurp)"
217.212.224.146 - - [01/Aug/2007:22:54:40 -0700] "GET /RPSgraphics/?M=A HTTP/1.0" 200 1318 "-" "psbot/0.1 (+http://www.picsearch.com/bot.html)"
124.157.140.250 - - [01/Aug/2007:22:54:58 -0700] "GET /junk/CGgoods/Firefury-Fullarmor1.JPG HTTP/1.1" 206 52817 "http://rpstudios.ian-justman.com/junk/CGgoods/?S=A" "Mozilla/4.0 (compatible; MSIE 6.0; Windows NT 5.1)"
124.157.140.250 - - [01/Aug/2007:22:55:07 -0700] "GET /junk/CGgoods/Firefury-jumpkick1.JPG HTTP/1.1" 200 52873 "http://rpstudios.ian-justman.com/junk/CGgoods/?S=A" "Mozilla/4.0 (compatible; MSIE 6.0; Windows NT 5.1)"
124.157.140.250 - - [01/Aug/2007:22:55:14 -0700] "GET /junk/CGgoods/Firefury-GravityCannon.JPG HTTP/1.1" 200 114473 "http://rpstudios.ian-justman.com/junk/CGgoods/?S=A" "Mozilla/4.0 (compatible; MSIE 6.0; Windows NT 5.1)"
74.6.26.80 - - [01/Aug/2007:22:55:17 -0700] "GET /ane/lyrics/coldreflection.html HTTP/1.0" 200 1149 "-" "Mozilla/5.0 (compatible; Yahoo! Slurp; http://help.yahoo.com/help/us/ysearch/slurp)"
124.157.140.250 - - [01/Aug/2007:22:55:57 -0700] "GET /junk/CGgoods/Firefury-jumpkick2.JPG HTTP/1.1" 206 47217 "http://rpstudios.ian-justman.com/junk/CGgoods/?S=A" "Mozilla/4.0 (compatible; MSIE 6.0; Windows NT 5.1)"
124.157.140.250 - - [01/Aug/2007:22:55:58 -0700] "GET /junk/CGgoods/Firefury-GTurbo.JPG HTTP/1.1" 206 22017 "http://rpstudios.ian-justman.com/junk/CGgoods/?S=A" "Mozilla/4.0 (compatible; MSIE 6.0; Windows NT 5.1)"
124.157.140.250 - - [01/Aug/2007:22:56:05 -0700] "GET /junk/CGgoods/Firefury-GD-DJ.JPG HTTP/1.1" 206 36018 "http://rpstudios.ian-justman.com/junk/CGgoods/?S=A" "Mozilla/4.0 (compatible; MSIE 6.0; Windows NT 5.1)"
124.157.140.250 - - [01/Aug/2007:22:56:08 -0700] "GET /junk/CGgoods/Firefury-GFlyer-DJ2.JPG HTTP/1.1" 206 57018 "http://rpstudios.ian-justman.com/junk/CGgoods/?S=A" "Mozilla/4.0 (compatible; MSIE 6.0; Windows NT 5.1)"
124.157.140.250 - - [01/Aug/2007:22:56:11 -0700] "GET /junk/CGgoods/Firefury-grapple1.JPG HTTP/1.1" 206 50018 "http://rpstudios.ian-justman.com/junk/CGgoods/?S=A" "Mozilla/4.0 (compatible; MSIE 6.0; Windows NT 5.1)"
217.212.224.141 - - [01/Aug/2007:22:56:21 -0700] "GET /RPSgraphics/?M=D HTTP/1.0" 200 1318 "-" "psbot/0.1 (+http://www.picsearch.com/bot.html)"
124.157.140.250 - - [01/Aug/2007:22:56:45 -0700] "GET /junk/CGgoods/Firefury-GB2-GF-GD.JPG HTTP/1.1" 206 31818 "http://rpstudios.ian-justman.com/junk/CGgoods/?S=A" "Mozilla/4.0 (compatible; MSIE 6.0; Windows NT 5.1)"
124.157.140.250 - - [01/Aug/2007:22:56:52 -0700] "GET /junk/CGgoods/Firefury-omega2.JPG HTTP/1.1" 200 22073 "http://rpstudios.ian-justman.com/junk/CGgoods/?S=A" "Mozilla/4.0 (compatible; MSIE 6.0; Windows NT 5.1)"
124.157.140.250 - - [01/Aug/2007:22:56:53 -0700] "GET /junk/CGgoods/Firefury-GravityCannon.JPG HTTP/1.1" 206 17817 "http://rpstudios.ian-justman.com/junk/CGgoods/?S=A" "Mozilla/4.0 (compatible; MSIE 6.0; Windows NT 5.1)"
124.157.140.250 - - [01/Aug/2007:22:57:04 -0700] "GET /junk/CGgoods/Firefury-jumpkick1.JPG HTTP/1.1" 206 78018 "http://rpstudios.ian-justman.com/junk/CGgoods/?S=A" "Mozilla/4.0 (compatible; MSIE 6.0; Windows NT 5.1)"
124.157.140.250 - - [01/Aug/2007:22:57:28 -0700] "GET /junk/CGgoods/Firefury-GD-DJ.JPG HTTP/1.1" 206 17818 "http://rpstudios.ian-justman.com/junk/CGgoods/?S=A" "Mozilla/4.0 (compatible; MSIE 6.0; Windows NT 5.1)"
124.157.140.250 - - [01/Aug/2007:22:57:31 -0700] "GET /junk/CGgoods/Firefury-grapple1.JPG HTTP/1.1" 206 178536 "http://rpstudios.ian-justman.com/junk/CGgoods/?S=A" "Mozilla/4.0 (compatible; MSIE 6.0; Windows NT 5.1)"
124.157.140.250 - - [01/Aug/2007:22:57:33 -0700] "GET /junk/CGgoods/Firefury-jumpkick1.JPG HTTP/1.1" 206 16418 "http://rpstudios.ian-justman.com/junk/CGgoods/?S=A" "Mozilla/4.0 (compatible; MSIE 6.0; Windows NT 5.1)"
217.212.224.162 - - [01/Aug/2007:22:57:54 -0700] "GET /RPSgraphics/?N=D HTTP/1.0" 200 1318 "-" "psbot/0.1 (+http://www.picsearch.com/bot.html)"
124.157.140.250 - - [01/Aug/2007:22:58:00 -0700] "GET /junk/CGgoods/Firefury-GB2-GF-GD.JPG HTTP/1.1" 206 100418 "http://rpstudios.ian-justman.com/junk/CGgoods/?S=A" "Mozilla/4.0 (compatible; MSIE 6.0; Windows NT 5.1)"
124.157.140.250 - - [01/Aug/2007:22:58:02 -0700] "GET /junk/CGgoods/Firefury-GFighter.JPG HTTP/1.1" 206 86981 "http://rpstudios.ian-justman.com/junk/CGgoods/?S=A" "Mozilla/4.0 (compatible; MSIE 6.0; Windows NT 5.1)"
124.157.140.250 - - [01/Aug/2007:22:58:19 -0700] "GET /junk/CGgoods/Firefury-jumpkick2.JPG HTTP/1.1" 206 110368 "http://rpstudios.ian-justman.com/junk/CGgoods/?S=A" "Mozilla/4.0 (compatible; MSIE 6.0; Windows NT 5.1)"
124.157.140.250 - - [01/Aug/2007:22:58:24 -0700] "GET /junk/CGgoods/Firefury-omega4.JPG HTTP/1.1" 200 43073 "http://rpstudios.ian-justman.com/junk/CGgoods/?S=A" "Mozilla/4.0 (compatible; MSIE 6.0; Windows NT 5.1)"
124.157.140.250 - - [01/Aug/2007:22:58:29 -0700] "GET /junk/CGgoods/Firefury-omega6.JPG HTTP/1.1" 200 16474 "http://rpstudios.ian-justman.com/junk/CGgoods/?S=A" "Mozilla/4.0 (compatible; MSIE 6.0; Windows NT 5.1)"
124.157.140.250 - - [01/Aug/2007:22:58:51 -0700] "GET /junk/CGgoods/Firefury-omega3.JPG HTTP/1.1" 200 22073 "http://rpstudios.ian-justman.com/junk/CGgoods/?S=A" "Mozilla/4.0 (compatible; MSIE 6.0; Windows NT 5.1)"
124.157.140.250 - - [01/Aug/2007:22:58:59 -0700] "GET /junk/CGgoods/Firefury-GFlyer-DJ2.JPG HTTP/1.1" 206 31818 "http://rpstudios.ian-justman.com/junk/CGgoods/?S=A" "Mozilla/4.0 (compatible; MSIE 6.0; Windows NT 5.1)"
124.157.140.250 - - [01/Aug/2007:22:59:19 -0700] "GET /junk/CGgoods/Firefury-GFighter.JPG HTTP/1.1" 206 99017 "http://rpstudios.ian-justman.com/junk/CGgoods/?S=A" "Mozilla/4.0 (compatible; MSIE 6.0; Windows NT 5.1)"
217.212.224.165 - - [01/Aug/2007:22:59:29 -0700] "GET /NamelessWorld/ HTTP/1.0" 200 2459 "-" "psbot/0.1 (+http://www.picsearch.com/bot.html)"
124.157.140.250 - - [01/Aug/2007:22:59:29 -0700] "GET /junk/CGgoods/Firefury-jumpkick3.JPG HTTP/1.1" 200 244673 "http://rpstudios.ian-justman.com/junk/CGgoods/?S=A" "Mozilla/4.0 (compatible; MSIE 6.0; Windows NT 5.1)"
124.157.140.250 - - [01/Aug/2007:22:59:44 -0700] "GET /junk/CGgoods/Firefury-GD-DJ.JPG HTTP/1.1" 206 85018 "http://rpstudios.ian-justman.com/junk/CGgoods/?S=A" "Mozilla/4.0 (compatible; MSIE 6.0; Windows NT 5.1)"
124.157.140.250 - - [01/Aug/2007:22:59:46 -0700] "GET /junk/CGgoods/Firefury-GTurbo.JPG HTTP/1.1" 206 34617 "http://rpstudios.ian-justman.com/junk/CGgoods/?S=A" "Mozilla/4.0 (compatible; MSIE 6.0; Windows NT 5.1)"
124.157.140.250 - - [01/Aug/2007:23:00:14 -0700] "GET /junk/CGgoods/Firefury-omega6.JPG HTTP/1.1" 206 47222 "http://rpstudios.ian-justman.com/junk/CGgoods/?S=A" "Mozilla/4.0 (compatible; MSIE 6.0; Windows NT 5.1)"
124.157.140.250 - - [01/Aug/2007:23:00:15 -0700] "GET /junk/CGgoods/Firefury-omega3.JPG HTTP/1.1" 206 237149 "http://rpstudios.ian-justman.com/junk/CGgoods/?S=A" "Mozilla/4.0 (compatible; MSIE 6.0; Windows NT 5.1)"
124.157.140.250 - - [01/Aug/2007:23:00:32 -0700] "GET /junk/CGgoods/Firefury-omega1.JPG HTTP/1.1" 200 160673 "http://rpstudios.ian-justman.com/junk/CGgoods/?S=A" "Mozilla/4.0 (compatible; MSIE 6.0; Windows NT 5.1)"
124.157.140.250 - - [01/Aug/2007:23:00:52 -0700] "GET /junk/CGgoods/Firefury-jumpkick3.JPG HTTP/1.1" 206 87701 "http://rpstudios.ian-justman.com/junk/CGgoods/?S=A" "Mozilla/4.0 (compatible; MSIE 6.0; Windows NT 5.1)"
124.157.140.250 - - [01/Aug/2007:23:01:05 -0700] "GET /junk/CGgoods/Firefury-GravityCannon.JPG HTTP/1.1" 206 51417 "http://rpstudios.ian-justman.com/junk/CGgoods/?S=A" "Mozilla/4.0 (compatible; MSIE 6.0; Windows NT 5.1)"
217.212.224.149 - - [01/Aug/2007:23:01:07 -0700] "GET /NamelessWorld/?D=A HTTP/1.0" 200 2459 "-" "psbot/0.1 (+http://www.picsearch.com/bot.html)"
124.157.140.250 - - [01/Aug/2007:23:01:10 -0700] "GET /junk/CGgoods/Firefury-omega1.JPG HTTP/1.1" 206 48617 "http://rpstudios.ian-justman.com/junk/CGgoods/?S=A" "Mozilla/4.0 (compatible; MSIE 6.0; Windows NT 5.1)"
124.157.140.250 - - [01/Aug/2007:23:01:13 -0700] "GET /junk/CGgoods/Firefury-omega2.JPG HTTP/1.1" 206 69168 "http://rpstudios.ian-justman.com/junk/CGgoods/?S=A" "Mozilla/4.0 (compatible; MSIE 6.0; Windows NT 5.1)"
124.157.140.250 - - [01/Aug/2007:23:02:32 -0700] "GET /junk/CGgoods/Firefury-OSCFrough.JPG HTTP/1.1" 200 38873 "http://rpstudios.ian-justman.com/junk/CGgoods/?S=A" "Mozilla/4.0 (compatible; MSIE 6.0; Windows NT 5.1)"
124.157.140.250 - - [01/Aug/2007:23:02:42 -0700] "GET /junk/CGgoods/Firefury-omegabitchslap.JPG HTTP/1.1" 200 73873 "http://rpstudios.ian-justman.com/junk/CGgoods/?S=A" "Mozilla/4.0 (compatible; MSIE 6.0; Windows NT 5.1)"
217.212.224.141 - - [01/Aug/2007:23:02:46 -0700] "GET /NamelessWorld/?S=A HTTP/1.0" 200 2459 "-" "psbot/0.1 (+http://www.picsearch.com/bot.html)"
124.157.140.250 - - [01/Aug/2007:23:02:47 -0700] "GET /junk/CGgoods/Firefury-omegarough1.JPG HTTP/1.1" 200 83673 "http://rpstudios.ian-justman.com/junk/CGgoods/?S=A" "Mozilla/4.0 (compatible; MSIE 6.0; Windows NT 5.1)"
124.157.140.250 - - [01/Aug/2007:23:03:00 -0700] "GET /junk/CGgoods/Firefury-omegarough1.JPG HTTP/1.1" 206 29122 "http://rpstudios.ian-justman.com/junk/CGgoods/?S=A" "Mozilla/4.0 (compatible; MSIE 6.0; Windows NT 5.1)"
124.157.140.250 - - [01/Aug/2007:23:03:08 -0700] "GET /junk/CGgoods/Firefury-omega6.JPG HTTP/1.1" 206 52410 "http://rpstudios.ian-justman.com/junk/CGgoods/?S=A" "Mozilla/4.0 (compatible; MSIE 6.0; Windows NT 5.1)"
124.157.140.250 - - [01/Aug/2007:23:03:24 -0700] "GET /junk/CGgoods/Firefury-GTurbo.JPG HTTP/1.1" 206 166552 "http://rpstudios.ian-justman.com/junk/CGgoods/?S=A" "Mozilla/4.0 (compatible; MSIE 6.0; Windows NT 5.1)"
124.157.140.250 - - [01/Aug/2007:23:03:30 -0700] "GET /junk/CGgoods/Firefury-omega4.JPG HTTP/1.1" 206 71018 "http://rpstudios.ian-justman.com/junk/CGgoods/?S=A" "Mozilla/4.0 (compatible; MSIE 6.0; Windows NT 5.1)"
124.157.140.250 - - [01/Aug/2007:23:03:31 -0700] "GET /junk/CGgoods/Firefury-OMGWTFBBQ.JPG HTTP/1.1" 200 61273 "http://rpstudios.ian-justman.com/junk/CGgoods/?S=A" "Mozilla/4.0 (compatible; MSIE 6.0; Windows NT 5.1)"
124.157.140.250 - - [01/Aug/2007:23:03:58 -0700] "GET /junk/CGgoods/Firefury-omega5.JPG HTTP/1.1" 200 403384 "http://rpstudios.ian-justman.com/junk/CGgoods/?S=A" "Mozilla/4.0 (compatible; MSIE 6.0; Windows NT 5.1)"
217.212.224.178 - - [01/Aug/2007:23:04:21 -0700] "GET /NamelessWorld/?S=D HTTP/1.0" 200 2459 "-" "psbot/0.1 (+http://www.picsearch.com/bot.html)"
124.157.140.250 - - [01/Aug/2007:23:04:38 -0700] "GET /junk/CGgoods/Firefury-omega6.JPG HTTP/1.1" 206 7989 "http://rpstudios.ian-justman.com/junk/CGgoods/?S=A" "Mozilla/4.0 (compatible; MSIE 6.0; Windows NT 5.1)"
124.157.140.250 - - [01/Aug/2007:23:04:42 -0700] "GET /junk/CGgoods/Firefury-GravityCannon.JPG HTTP/1.1" 206 19218 "http://rpstudios.ian-justman.com/junk/CGgoods/?S=A" "Mozilla/4.0 (compatible; MSIE 6.0; Windows NT 5.1)"
124.157.140.250 - - [01/Aug/2007:23:04:57 -0700] "GET /junk/CGgoods/Firefury-jumpkick1.JPG HTTP/1.1" 206 122817 "http://rpstudios.ian-justman.com/junk/CGgoods/?S=A" "Mozilla/4.0 (compatible; MSIE 6.0; Windows NT 5.1)"
124.157.140.250 - - [01/Aug/2007:23:04:58 -0700] "GET /junk/CGgoods/Firefury-jumpkick1.JPG HTTP/1.1" 206 62617 "http://rpstudios.ian-justman.com/junk/CGgoods/?S=A" "Mozilla/4.0 (compatible; MSIE 6.0; Windows NT 5.1)"
124.157.140.250 - - [01/Aug/2007:23:05:36 -0700] "GET /junk/CGgoods/Firefury-omega2.JPG HTTP/1.1" 206 253853 "http://rpstudios.ian-justman.com/junk/CGgoods/?S=A" "Mozilla/4.0 (compatible; MSIE 6.0; Windows NT 5.1)"
81.52.143.15 - - [01/Aug/2007:23:05:41 -0700] "GET /robots.txt HTTP/1.1" 404 581 "-" "Mozilla/5.0 (Windows; U; Windows NT 5.1; fr; rv:1.8.1) VoilaBot BETA 1.2 (http://www.voila.com/)"
124.157.140.250 - - [01/Aug/2007:23:05:41 -0700] "GET /junk/CGgoods/Firefury-OSCFrough.JPG HTTP/1.1" 206 17818 "http://rpstudios.ian-justman.com/junk/CGgoods/?S=A" "Mozilla/4.0 (compatible; MSIE 6.0; Windows NT 5.1)"
124.157.140.250 - - [01/Aug/2007:23:05:43 -0700] "GET /junk/CGgoods/Firefury-sniper1.JPG HTTP/1.1" 200 170473 "http://rpstudios.ian-justman.com/junk/CGgoods/?S=A" "Mozilla/4.0 (compatible; MSIE 6.0; Windows NT 5.1)"
81.52.143.15 - - [01/Aug/2007:23:05:58 -0700] "GET /ane/episodes/ane-ep26.html HTTP/1.1" 200 18999 "-" "Mozilla/5.0 (Windows; U; Windows NT 5.1; fr; rv:1.8.1) VoilaBot BETA 1.2 (http://www.voila.com/)"
217.212.224.143 - - [01/Aug/2007:23:05:58 -0700] "GET /NamelessWorld/?N=A HTTP/1.0" 200 2459 "-" "psbot/0.1 (+http://www.picsearch.com/bot.html)"
124.157.140.250 - - [01/Aug/2007:23:06:19 -0700] "GET /junk/CGgoods/Firefury-omega1.JPG HTTP/1.1" 206 36017 "http://rpstudios.ian-justman.com/junk/CGgoods/?S=A" "Mozilla/4.0 (compatible; MSIE 6.0; Windows NT 5.1)"
124.157.140.250 - - [01/Aug/2007:23:06:36 -0700] "GET /junk/CGgoods/Firefury-sniper1.JPG HTTP/1.1" 206 132556 "http://rpstudios.ian-justman.com/junk/CGgoods/?S=A" "Mozilla/4.0 (compatible; MSIE 6.0; Windows NT 5.1)"
124.157.140.250 - - [01/Aug/2007:23:07:01 -0700] "GET /junk/CGgoods/Firefury-GravityCannon.JPG HTTP/1.1" 206 33218 "http://rpstudios.ian-justman.com/junk/CGgoods/?S=A" "Mozilla/4.0 (compatible; MSIE 6.0; Windows NT 5.1)"
217.212.224.147 - - [01/Aug/2007:23:07:27 -0700] "GET /NamelessWorld/?M=A HTTP/1.0" 200 2459 "-" "psbot/0.1 (+http://www.picsearch.com/bot.html)"
124.157.140.250 - - [01/Aug/2007:23:07:29 -0700] "GET /junk/CGgoods/FirefuryV6-2.JPG HTTP/1.1" 200 19273 "http://rpstudios.ian-justman.com/junk/CGgoods/?S=A" "Mozilla/4.0 (compatible; MSIE 6.0; Windows NT 5.1)"
124.157.140.250 - - [01/Aug/2007:23:07:55 -0700] "GET /junk/CGgoods/FirefuryV6-1.JPG HTTP/1.1" 200 20673 "http://rpstudios.ian-justman.com/junk/CGgoods/?S=A" "Mozilla/4.0 (compatible; MSIE 6.0; Windows NT 5.1)"
124.157.140.250 - - [01/Aug/2007:23:08:12 -0700] "GET /junk/CGgoods/Firefury-omegabitchslap.JPG HTTP/1.1" 206 23418 "http://rpstudios.ian-justman.com/junk/CGgoods/?S=A" "Mozilla/4.0 (compatible; MSIE 6.0; Windows NT 5.1)"
124.157.140.250 - - [01/Aug/2007:23:08:41 -0700] "GET /junk/CGgoods/Firefury-sniper2.JPG HTTP/1.1" 200 150873 "http://rpstudios.ian-justman.com/junk/CGgoods/?S=A" "Mozilla/4.0 (compatible; MSIE 6.0; Windows NT 5.1)"
124.157.140.250 - - [01/Aug/2007:23:08:43 -0700] "GET /junk/CGgoods/Firefury-omega4.JPG HTTP/1.1" 206 83618 "http://rpstudios.ian-justman.com/junk/CGgoods/?S=A" "Mozilla/4.0 (compatible; MSIE 6.0; Windows NT 5.1)"
124.157.140.250 - - [01/Aug/2007:23:08:47 -0700] "GET /junk/CGgoods/Firefury-OSCFrough.JPG HTTP/1.1" 206 108048 "http://rpstudios.ian-justman.com/junk/CGgoods/?S=A" "Mozilla/4.0 (compatible; MSIE 6.0; Windows NT 5.1)"
124.157.140.250 - - [01/Aug/2007:23:08:48 -0700] "GET /junk/CGgoods/Firefury-omega1.JPG HTTP/1.1" 206 45817 "http://rpstudios.ian-justman.com/junk/CGgoods/?S=A" "Mozilla/4.0 (compatible; MSIE 6.0; Windows NT 5.1)"
217.212.224.144 - - [01/Aug/2007:23:08:51 -0700] "GET /NamelessWorld/?M=D HTTP/1.0" 200 2459 "-" "psbot/0.1 (+http://www.picsearch.com/bot.html)"
124.157.140.250 - - [01/Aug/2007:23:09:22 -0700] "GET /junk/CGgoods/Firefury-sniperrough.JPG HTTP/1.1" 200 26273 "http://rpstudios.ian-justman.com/junk/CGgoods/?S=A" "Mozilla/4.0 (compatible; MSIE 6.0; Windows NT 5.1)"
124.157.140.250 - - [01/Aug/2007:23:09:27 -0700] "GET /junk/CGgoods/Firefury-sniperrough.JPG HTTP/1.1" 206 115688 "http://rpstudios.ian-justman.com/junk/CGgoods/?S=A" "Mozilla/4.0 (compatible; MSIE 6.0; Windows NT 5.1)"
124.157.140.250 - - [01/Aug/2007:23:09:36 -0700] "GET /junk/CGgoods/Firefury-sniper3.JPG HTTP/1.1" 200 183073 "http://rpstudios.ian-justman.com/junk/CGgoods/?S=A" "Mozilla/4.0 (compatible; MSIE 6.0; Windows NT 5.1)"
124.157.140.250 - - [01/Aug/2007:23:10:02 -0700] "GET /junk/CGgoods/Firefury-OSCFrough.JPG HTTP/1.1" 206 13230 "http://rpstudios.ian-justman.com/junk/CGgoods/?S=A" "Mozilla/4.0 (compatible; MSIE 6.0; Windows NT 5.1)"
217.212.224.148 - - [01/Aug/2007:23:10:16 -0700] "GET /NamelessWorld/?N=D HTTP/1.0" 200 2459 "-" "psbot/0.1 (+http://www.picsearch.com/bot.html)"
124.157.140.250 - - [01/Aug/2007:23:10:59 -0700] "GET /junk/CGgoods/Firefury-omega4.JPG HTTP/1.1" 206 119083 "http://rpstudios.ian-justman.com/junk/CGgoods/?S=A" "Mozilla/4.0 (compatible; MSIE 6.0; Windows NT 5.1)"
124.157.140.250 - - [01/Aug/2007:23:11:07 -0700] "GET /junk/CGgoods/Firefury-omegabitchslap.JPG HTTP/1.1" 206 38818 "http://rpstudios.ian-justman.com/junk/CGgoods/?S=A" "Mozilla/4.0 (compatible; MSIE 6.0; Windows NT 5.1)"
124.157.140.250 - - [01/Aug/2007:23:11:07 -0700] "GET /junk/CGgoods/Firefury-sniper2.JPG HTTP/1.1" 206 48168 "http://rpstudios.ian-justman.com/junk/CGgoods/?S=A" "Mozilla/4.0 (compatible; MSIE 6.0; Windows NT 5.1)"
124.157.140.250 - - [01/Aug/2007:23:11:10 -0700] "GET /junk/CGgoods/Firefury-sniper2.JPG HTTP/1.1" 206 35606 "http://rpstudios.ian-justman.com/junk/CGgoods/?S=A" "Mozilla/4.0 (compatible; MSIE 6.0; Windows NT 5.1)"
124.157.140.250 - - [01/Aug/2007:23:11:21 -0700] "GET /junk/CGgoods/FirefuryV6-Gflyer2.JPG HTTP/1.1" 200 27673 "http://rpstudios.ian-justman.com/junk/CGgoods/?S=A" "Mozilla/4.0 (compatible; MSIE 6.0; Windows NT 5.1)"
217.212.224.149 - - [01/Aug/2007:23:11:37 -0700] "GET /Meow-mix/ HTTP/1.0" 200 3282 "-" "psbot/0.1 (+http://www.picsearch.com/bot.html)"
124.157.140.250 - - [01/Aug/2007:23:11:44 -0700] "GET /junk/CGgoods/FirefuryV6-2.JPG HTTP/1.1" 206 31819 "http://rpstudios.ian-justman.com/junk/CGgoods/?S=A" "Mozilla/4.0 (compatible; MSIE 6.0; Windows NT 5.1)"
124.157.140.250 - - [01/Aug/2007:23:12:04 -0700] "GET /junk/CGgoods/FirefuryV6-Gflyer2a.JPG HTTP/1.1" 200 243273 "http://rpstudios.ian-justman.com/junk/CGgoods/?S=A" "Mozilla/4.0 (compatible; MSIE 6.0; Windows NT 5.1)"
124.157.140.250 - - [01/Aug/2007:23:12:23 -0700] "GET /junk/CGgoods/Firefury-omega4.JPG HTTP/1.1" 206 149417 "http://rpstudios.ian-justman.com/junk/CGgoods/?S=A" "Mozilla/4.0 (compatible; MSIE 6.0; Windows NT 5.1)"
124.157.140.250 - - [01/Aug/2007:23:12:23 -0700] "GET /junk/CGgoods/FirefuryV6-Omegarough.JPG HTTP/1.1" 206 62739 "http://rpstudios.ian-justman.com/junk/CGgoods/?S=A" "Mozilla/4.0 (compatible; MSIE 6.0; Windows NT 5.1)"
124.157.140.250 - - [01/Aug/2007:23:12:53 -0700] "GET /junk/CGgoods/Firefury-OMGWTFBBQ.JPG HTTP/1.1" 206 118618 "http://rpstudios.ian-justman.com/junk/CGgoods/?S=A" "Mozilla/4.0 (compatible; MSIE 6.0; Windows NT 5.1)"
217.212.224.149 - - [01/Aug/2007:23:13:02 -0700] "GET /Meow-mix/test.html HTTP/1.0" 200 1005 "-" "psbot/0.1 (+http://www.picsearch.com/bot.html)"
124.157.140.250 - - [01/Aug/2007:23:13:03 -0700] "GET /junk/CGgoods/FirefuryV6-Gflyer2.JPG HTTP/1.1" 206 141018 "http://rpstudios.ian-justman.com/junk/CGgoods/?S=A" "Mozilla/4.0 (compatible; MSIE 6.0; Windows NT 5.1)"
124.157.140.250 - - [01/Aug/2007:23:13:09 -0700] "GET /junk/CGgoods/FirefuryV6-Omegarough.JPG HTTP/1.1" 200 178873 "http://rpstudios.ian-justman.com/junk/CGgoods/?S=A" "Mozilla/4.0 (compatible; MSIE 6.0; Windows NT 5.1)"
124.157.140.250 - - [01/Aug/2007:23:13:12 -0700] "GET /junk/CGgoods/Firefury-omegabitchslap.JPG HTTP/1.1" 206 134018 "http://rpstudios.ian-justman.com/junk/CGgoods/?S=A" "Mozilla/4.0 (compatible; MSIE 6.0; Windows NT 5.1)"
124.157.140.250 - - [01/Aug/2007:23:13:33 -0700] "GET /junk/CGgoods/Firefury-omega1.JPG HTTP/1.1" 206 65417 "http://rpstudios.ian-justman.com/junk/CGgoods/?S=A" "Mozilla/4.0 (compatible; MSIE 6.0; Windows NT 5.1)"
124.157.140.250 - - [01/Aug/2007:23:13:41 -0700] "GET /junk/CGgoods/FirefuryV6-1.JPG HTTP/1.1" 206 276819 "http://rpstudios.ian-justman.com/junk/CGgoods/?S=A" "Mozilla/4.0 (compatible; MSIE 6.0; Windows NT 5.1)"
124.157.140.250 - - [01/Aug/2007:23:13:42 -0700] "GET /junk/CGgoods/FirefuryV6-Twinsword.JPG HTTP/1.1" 200 30473 "http://rpstudios.ian-justman.com/junk/CGgoods/?S=A" "Mozilla/4.0 (compatible; MSIE 6.0; Windows NT 5.1)"
124.157.140.250 - - [01/Aug/2007:23:13:54 -0700] "GET /junk/CGgoods/Firefury-sniper3.JPG HTTP/1.1" 206 40217 "http://rpstudios.ian-justman.com/junk/CGgoods/?S=A" "Mozilla/4.0 (compatible; MSIE 6.0; Windows NT 5.1)"
124.157.140.250 - - [01/Aug/2007:23:14:15 -0700] "GET /junk/CGgoods/FirefuryV6-Gflyer2a.JPG HTTP/1.1" 206 13617 "http://rpstudios.ian-justman.com/junk/CGgoods/?S=A" "Mozilla/4.0 (compatible; MSIE 6.0; Windows NT 5.1)"
217.212.224.144 - - [01/Aug/2007:23:14:27 -0700] "GET /Meow-mix/meowmain.html HTTP/1.0" 200 1581 "-" "psbot/0.1 (+http://www.picsearch.com/bot.html)"
124.157.140.250 - - [01/Aug/2007:23:14:39 -0700] "GET /junk/CGgoods/FirefuryV6-Gflyer2a.JPG HTTP/1.1" 206 85017 "http://rpstudios.ian-justman.com/junk/CGgoods/?S=A" "Mozilla/4.0 (compatible; MSIE 6.0; Windows NT 5.1)"
124.157.140.250 - - [01/Aug/2007:23:14:42 -0700] "GET /junk/CGgoods/Firefury-WTF.JPG HTTP/1.1" 200 31873 "http://rpstudios.ian-justman.com/junk/CGgoods/?S=A" "Mozilla/4.0 (compatible; MSIE 6.0; Windows NT 5.1)"
124.157.140.250 - - [01/Aug/2007:23:14:45 -0700] "GET /junk/CGgoods/Firefury-OMGWTFBBQ.JPG HTTP/1.1" 206 26218 "http://rpstudios.ian-justman.com/junk/CGgoods/?S=A" "Mozilla/4.0 (compatible; MSIE 6.0; Windows NT 5.1)"
124.157.140.250 - - [01/Aug/2007:23:14:57 -0700] "GET /junk/CGgoods/Firefury-omegabitchslap.JPG HTTP/1.1" 206 15018 "http://rpstudios.ian-justman.com/junk/CGgoods/?S=A" "Mozilla/4.0 (compatible; MSIE 6.0; Windows NT 5.1)"
124.157.140.250 - - [01/Aug/2007:23:15:18 -0700] "GET /junk/CGgoods/FirefuryV6-1.JPG HTTP/1.1" 206 73763 "http://rpstudios.ian-justman.com/junk/CGgoods/?S=A" "Mozilla/4.0 (compatible; MSIE 6.0; Windows NT 5.1)"
217.212.224.159 - - [01/Aug/2007:23:15:49 -0700] "GET /Meow-mix/0012.html HTTP/1.0" 200 3362 "-" "psbot/0.1 (+http://www.picsearch.com/bot.html)"
124.157.140.250 - - [01/Aug/2007:23:16:08 -0700] "GET /junk/CGgoods/Fireitupalready.JPG HTTP/1.1" 200 38873 "http://rpstudios.ian-justman.com/junk/CGgoods/?S=A" "Mozilla/4.0 (compatible; MSIE 6.0; Windows NT 5.1)"
124.157.140.250 - - [01/Aug/2007:23:16:10 -0700] "GET /junk/CGgoods/FirefuryV6-TwnSatCan2.JPG HTTP/1.1" 200 167673 "http://rpstudios.ian-justman.com/junk/CGgoods/?S=A" "Mozilla/4.0 (compatible; MSIE 6.0; Windows NT 5.1)"
124.157.140.250 - - [01/Aug/2007:23:16:56 -0700] "GET /junk/CGgoods/FirefuryV6-TwnSatCan1.JPG HTTP/1.1" 206 30855 "http://rpstudios.ian-justman.com/junk/CGgoods/?S=A" "Mozilla/4.0 (compatible; MSIE 6.0; Windows NT 5.1)"
124.157.140.250 - - [01/Aug/2007:23:17:00 -0700] "GET /junk/CGgoods/Firefury-sniper3.JPG HTTP/1.1" 206 73817 "http://rpstudios.ian-justman.com/junk/CGgoods/?S=A" "Mozilla/4.0 (compatible; MSIE 6.0; Windows NT 5.1)"
124.157.140.250 - - [01/Aug/2007:23:17:06 -0700] "GET /junk/CGgoods/FirefuryV6-TwnSatCan1.JPG HTTP/1.1" 200 247473 "http://rpstudios.ian-justman.com/junk/CGgoods/?S=A" "Mozilla/4.0 (compatible; MSIE 6.0; Windows NT 5.1)"
124.157.140.250 - - [01/Aug/2007:23:17:08 -0700] "GET /junk/CGgoods/FirefuryV6-1.JPG HTTP/1.1" 206 12545 "http://rpstudios.ian-justman.com/junk/CGgoods/?S=A" "Mozilla/4.0 (compatible; MSIE 6.0; Windows NT 5.1)"
217.212.224.162 - - [01/Aug/2007:23:17:10 -0700] "GET /Meow-mix/0011.html HTTP/1.0" 200 2435 "-" "psbot/0.1 (+http://www.picsearch.com/bot.html)"
124.157.140.250 - - [01/Aug/2007:23:17:10 -0700] "GET /junk/CGgoods/FirefuryV6-2.JPG HTTP/1.1" 206 302148 "http://rpstudios.ian-justman.com/junk/CGgoods/?S=A" "Mozilla/4.0 (compatible; MSIE 6.0; Windows NT 5.1)"
124.157.140.250 - - [01/Aug/2007:23:17:17 -0700] "GET /junk/CGgoods/flag-rough.JPG HTTP/1.1" 200 13389 "http://rpstudios.ian-justman.com/junk/CGgoods/?S=A" "Mozilla/4.0 (compatible; MSIE 6.0; Windows NT 5.1)"
124.157.140.250 - - [01/Aug/2007:23:17:19 -0700] "GET /junk/CGgoods/flag-rough2.JPG HTTP/1.1" 200 13197 "http://rpstudios.ian-justman.com/junk/CGgoods/?S=A" "Mozilla/4.0 (compatible; MSIE 6.0; Windows NT 5.1)"
124.157.140.250 - - [01/Aug/2007:23:17:26 -0700] "GET /junk/CGgoods/FirefuryV6-Twinsword2.JPG HTTP/1.1" 200 90673 "http://rpstudios.ian-justman.com/junk/CGgoods/?S=A" "Mozilla/4.0 (compatible; MSIE 6.0; Windows NT 5.1)"
124.157.140.250 - - [01/Aug/2007:23:17:33 -0700] "GET /junk/CGgoods/Firefury-OMGWTFBBQ.JPG HTTP/1.1" 206 37418 "http://rpstudios.ian-justman.com/junk/CGgoods/?S=A" "Mozilla/4.0 (compatible; MSIE 6.0; Windows NT 5.1)"
124.157.140.250 - - [01/Aug/2007:23:17:43 -0700] "GET /junk/CGgoods/Firefury-OMGWTFBBQ.JPG HTTP/1.1" 206 19667 "http://rpstudios.ian-justman.com/junk/CGgoods/?S=A" "Mozilla/4.0 (compatible; MSIE 6.0; Windows NT 5.1)"
124.157.140.250 - - [01/Aug/2007:23:17:49 -0700] "GET /junk/CGgoods/FirefuryV6-Gflyer2.JPG HTTP/1.1" 206 262290 "http://rpstudios.ian-justman.com/junk/CGgoods/?S=A" "Mozilla/4.0 (compatible; MSIE 6.0; Windows NT 5.1)"
124.157.140.250 - - [01/Aug/2007:23:18:18 -0700] "GET /junk/CGgoods/FirefuryV6-Gflyer2a.JPG HTTP/1.1" 206 40773 "http://rpstudios.ian-justman.com/junk/CGgoods/?S=A" "Mozilla/4.0 (compatible; MSIE 6.0; Windows NT 5.1)"
217.212.224.149 - - [01/Aug/2007:23:18:34 -0700] "GET /Meow-mix/0010.html HTTP/1.0" 200 3148 "-" "psbot/0.1 (+http://www.picsearch.com/bot.html)"
124.157.140.250 - - [01/Aug/2007:23:18:40 -0700] "GET /junk/CGgoods/fulldragonmoon1.JPG HTTP/1.1" 200 79943 "http://rpstudios.ian-justman.com/junk/CGgoods/?S=A" "Mozilla/4.0 (compatible; MSIE 6.0; Windows NT 5.1)"
124.157.140.250 - - [01/Aug/2007:23:18:47 -0700] "GET /junk/CGgoods/Fireitupalready.JPG HTTP/1.1" 206 50018 "http://rpstudios.ian-justman.com/junk/CGgoods/?S=A" "Mozilla/4.0 (compatible; MSIE 6.0; Windows NT 5.1)"
124.157.140.250 - - [01/Aug/2007:23:18:56 -0700] "GET /junk/CGgoods/FirefuryV6-TwnSatCan2.JPG HTTP/1.1" 206 79417 "http://rpstudios.ian-justman.com/junk/CGgoods/?S=A" "Mozilla/4.0 (compatible; MSIE 6.0; Windows NT 5.1)"
124.157.140.250 - - [01/Aug/2007:23:19:04 -0700] "GET /junk/CGgoods/FirefuryV6-Twinsword.JPG HTTP/1.1" 206 62618 "http://rpstudios.ian-justman.com/junk/CGgoods/?S=A" "Mozilla/4.0 (compatible; MSIE 6.0; Windows NT 5.1)"
124.157.140.250 - - [01/Aug/2007:23:19:20 -0700] "GET /junk/CGgoods/Firefury-sniper3.JPG HTTP/1.1" 206 75399 "http://rpstudios.ian-justman.com/junk/CGgoods/?S=A" "Mozilla/4.0 (compatible; MSIE 6.0; Windows NT 5.1)"
124.157.140.250 - - [01/Aug/2007:23:19:49 -0700] "GET /junk/CGgoods/Firefury-sniper3.JPG HTTP/1.1" 206 14181 "http://rpstudios.ian-justman.com/junk/CGgoods/?S=A" "Mozilla/4.0 (compatible; MSIE 6.0; Windows NT 5.1)"
217.212.224.178 - - [01/Aug/2007:23:19:56 -0700] "GET /Meow-mix/0009.html HTTP/1.0" 200 1712 "-" "psbot/0.1 (+http://www.picsearch.com/bot.html)"
124.157.140.250 - - [01/Aug/2007:23:19:56 -0700] "GET /junk/CGgoods/Firefury-WTF.JPG HTTP/1.1" 206 101818 "http://rpstudios.ian-justman.com/junk/CGgoods/?S=A" "Mozilla/4.0 (compatible; MSIE 6.0; Windows NT 5.1)"
124.157.140.250 - - [01/Aug/2007:23:20:20 -0700] "GET /junk/CGgoods/Fuckedby3badasswomen.JPG HTTP/1.1" 200 54273 "http://rpstudios.ian-justman.com/junk/CGgoods/?S=A" "Mozilla/4.0 (compatible; MSIE 6.0; Windows NT 5.1)"
124.157.140.250 - - [01/Aug/2007:23:20:23 -0700] "GET /junk/CGgoods/FirefuryV6-Twinsword2.JPG HTTP/1.1" 206 24818 "http://rpstudios.ian-justman.com/junk/CGgoods/?S=A" "Mozilla/4.0 (compatible; MSIE 6.0; Windows NT 5.1)"
217.212.224.141 - - [01/Aug/2007:23:21:22 -0700] "GET /Meow-mix/0008.html HTTP/1.0" 200 2564 "-" "psbot/0.1 (+http://www.picsearch.com/bot.html)"
124.157.140.250 - - [01/Aug/2007:23:21:34 -0700] "GET /junk/CGgoods/Firefury-WTF.JPG HTTP/1.1" 206 17818 "http://rpstudios.ian-justman.com/junk/CGgoods/?S=A" "Mozilla/4.0 (compatible; MSIE 6.0; Windows NT 5.1)"
124.157.140.250 - - [01/Aug/2007:23:21:44 -0700] "GET /junk/CGgoods/Furyarwing2.JPG HTTP/1.1" 200 59873 "http://rpstudios.ian-justman.com/junk/CGgoods/?S=A" "Mozilla/4.0 (compatible; MSIE 6.0; Windows NT 5.1)"
124.157.140.250 - - [01/Aug/2007:23:21:46 -0700] "GET /junk/CGgoods/FirefuryV6-Twinsword2.JPG HTTP/1.1" 206 224705 "http://rpstudios.ian-justman.com/junk/CGgoods/?S=A" "Mozilla/4.0 (compatible; MSIE 6.0; Windows NT 5.1)"
124.157.140.250 - - [01/Aug/2007:23:21:53 -0700] "GET /junk/CGgoods/fulldragonmoon2.JPG HTTP/1.1" 200 94873 "http://rpstudios.ian-justman.com/junk/CGgoods/?S=A" "Mozilla/4.0 (compatible; MSIE 6.0; Windows NT 5.1)"
124.157.140.250 - - [01/Aug/2007:23:21:55 -0700] "GET /junk/CGgoods/FLYMYPRETTIES.JPG HTTP/1.1" 200 40273 "http://rpstudios.ian-justman.com/junk/CGgoods/?S=A" "Mozilla/4.0 (compatible; MSIE 6.0; Windows NT 5.1)"
124.157.140.250 - - [01/Aug/2007:23:22:01 -0700] "GET /junk/CGgoods/FirefuryV6-Twinsword.JPG HTTP/1.1" 206 78018 "http://rpstudios.ian-justman.com/junk/CGgoods/?S=A" "Mozilla/4.0 (compatible; MSIE 6.0; Windows NT 5.1)"
124.157.140.250 - - [01/Aug/2007:23:22:02 -0700] "GET /junk/CGgoods/FirefuryV6-TwnSatCan2.JPG HTTP/1.1" 206 15018 "http://rpstudios.ian-justman.com/junk/CGgoods/?S=A" "Mozilla/4.0 (compatible; MSIE 6.0; Windows NT 5.1)"
124.157.140.250 - - [01/Aug/2007:23:22:05 -0700] "GET /junk/CGgoods/Furyarwing.JPG HTTP/1.1" 206 59818 "http://rpstudios.ian-justman.com/junk/CGgoods/?S=A" "Mozilla/4.0 (compatible; MSIE 6.0; Windows NT 5.1)"
124.157.140.250 - - [01/Aug/2007:23:22:13 -0700] "GET /junk/CGgoods/FirefuryV6-Gflyer2a.JPG HTTP/1.1" 206 33218 "http://rpstudios.ian-justman.com/junk/CGgoods/?S=A" "Mozilla/4.0 (compatible; MSIE 6.0; Windows NT 5.1)"
217.212.224.144 - - [01/Aug/2007:23:22:39 -0700] "GET /Meow-mix/0007.html HTTP/1.0" 200 2289 "-" "psbot/0.1 (+http://www.picsearch.com/bot.html)"
124.157.140.250 - - [01/Aug/2007:23:22:51 -0700] "GET /junk/CGgoods/FLYMYPRETTIES.JPG HTTP/1.1" 206 101302 "http://rpstudios.ian-justman.com/junk/CGgoods/?S=A" "Mozilla/4.0 (compatible; MSIE 6.0; Windows NT 5.1)"
124.157.140.250 - - [01/Aug/2007:23:23:05 -0700] "GET /junk/CGgoods/Furyarwing.JPG HTTP/1.1" 200 27673 "http://rpstudios.ian-justman.com/junk/CGgoods/?S=A" "Mozilla/4.0 (compatible; MSIE 6.0; Windows NT 5.1)"
124.157.140.250 - - [01/Aug/2007:23:23:14 -0700] "GET /junk/CGgoods/Firefury-WTF.JPG HTTP/1.1" 206 20033 "http://rpstudios.ian-justman.com/junk/CGgoods/?S=A" "Mozilla/4.0 (compatible; MSIE 6.0; Windows NT 5.1)"
124.157.140.250 - - [01/Aug/2007:23:23:18 -0700] "GET /junk/CGgoods/Furydoken3.JPG HTTP/1.1" 200 15073 "http://rpstudios.ian-justman.com/junk/CGgoods/?S=A" "Mozilla/4.0 (compatible; MSIE 6.0; Windows NT 5.1)"
124.157.140.250 - - [01/Aug/2007:23:23:18 -0700] "GET /junk/CGgoods/Furydoken2.JPG HTTP/1.1" 200 19273 "http://rpstudios.ian-justman.com/junk/CGgoods/?S=A" "Mozilla/4.0 (compatible; MSIE 6.0; Windows NT 5.1)"
124.157.140.250 - - [01/Aug/2007:23:23:20 -0700] "GET /junk/CGgoods/fulldragonmoon2.JPG HTTP/1.1" 206 125088 "http://rpstudios.ian-justman.com/junk/CGgoods/?S=A" "Mozilla/4.0 (compatible; MSIE 6.0; Windows NT 5.1)"
124.157.140.250 - - [01/Aug/2007:23:23:23 -0700] "GET /junk/CGgoods/Furyarwing4.JPG HTTP/1.1" 200 221702 "http://rpstudios.ian-justman.com/junk/CGgoods/?S=A" "Mozilla/4.0 (compatible; MSIE 6.0; Windows NT 5.1)"
217.212.224.143 - - [01/Aug/2007:23:24:01 -0700] "GET /Meow-mix/0006.html HTTP/1.0" 200 2698 "-" "psbot/0.1 (+http://www.picsearch.com/bot.html)"
124.157.140.250 - - [01/Aug/2007:23:24:19 -0700] "GET /junk/CGgoods/Furyarwing3.JPG HTTP/1.1" 200 214808 "http://rpstudios.ian-justman.com/junk/CGgoods/?S=A" "Mozilla/4.0 (compatible; MSIE 6.0; Windows NT 5.1)"
124.157.140.250 - - [01/Aug/2007:23:24:36 -0700] "GET /junk/CGgoods/Fuckedby3badasswomen.JPG HTTP/1.1" 206 177418 "http://rpstudios.ian-justman.com/junk/CGgoods/?S=A" "Mozilla/4.0 (compatible; MSIE 6.0; Windows NT 5.1)"
124.157.140.250 - - [01/Aug/2007:23:24:42 -0700] "GET /junk/CGgoods/Fireitupalready.JPG HTTP/1.1" 206 79418 "http://rpstudios.ian-justman.com/junk/CGgoods/?S=A" "Mozilla/4.0 (compatible; MSIE 6.0; Windows NT 5.1)"
124.157.140.250 - - [01/Aug/2007:23:24:46 -0700] "GET /junk/CGgoods/Furydoken2.JPG HTTP/1.1" 206 250095 "http://rpstudios.ian-justman.com/junk/CGgoods/?S=A" "Mozilla/4.0 (compatible; MSIE 6.0; Windows NT 5.1)"
124.157.140.250 - - [01/Aug/2007:23:25:07 -0700] "GET /junk/CGgoods/FirefuryV6-TwnSatCan2.JPG HTTP/1.1" 206 72533 "http://rpstudios.ian-justman.com/junk/CGgoods/?S=A" "Mozilla/4.0 (compatible; MSIE 6.0; Windows NT 5.1)"
