217.212.224.162 - - [01/Aug/2007:19:03:17 -0700] "GET /ane/sketches/?N=D HTTP/1.0" 200 12585 "-" "psbot/0.1 (+http://www.picsearch.com/bot.html)"
65.55.208.212 - - [01/Aug/2007:19:03:20 -0700] "GET /robots.txt HTTP/1.0" 404 286 "-" "msnbot/1.0 (+http://search.msn.com/msnbot.htm)"
65.55.208.212 - - [01/Aug/2007:19:03:20 -0700] "GET /ane/tech/msv/vmfserpentboost.html HTTP/1.0" 200 3080 "-" "msnbot/1.0 (+http://search.msn.com/msnbot.htm)"
217.212.224.141 - - [01/Aug/2007:19:04:40 -0700] "GET /ane/sidestory/ HTTP/1.0" 200 5178 "-" "psbot/0.1 (+http://www.picsearch.com/bot.html)"
217.212.224.146 - - [01/Aug/2007:19:06:09 -0700] "GET /ane/sidestory/tgmink.html HTTP/1.0" 200 23977 "-" "psbot/0.1 (+http://www.picsearch.com/bot.html)"
217.212.224.141 - - [01/Aug/2007:19:07:21 -0700] "GET /ane/sidestory/prayforyou.html HTTP/1.0" 200 5195 "-" "psbot/0.1 (+http://www.picsearch.com/bot.html)"
217.212.224.149 - - [01/Aug/2007:19:08:49 -0700] "GET /ane/sidestory/orc-darkness.html HTTP/1.0" 200 17915 "-" "psbot/0.1 (+http://www.picsearch.com/bot.html)"
217.212.224.162 - - [01/Aug/2007:19:10:09 -0700] "GET /ane/sidestory/op-mis2.html HTTP/1.0" 200 4172 "-" "psbot/0.1 (+http://www.picsearch.com/bot.html)"
217.212.224.165 - - [01/Aug/2007:19:11:33 -0700] "GET /ane/sidestory/op-mis.html HTTP/1.0" 200 59443 "-" "psbot/0.1 (+http://www.picsearch.com/bot.html)"
217.212.224.149 - - [01/Aug/2007:19:13:21 -0700] "GET /ane/sidestory/melancholyiframe.html HTTP/1.0" 200 15726 "-" "psbot/0.1 (+http://www.picsearch.com/bot.html)"
74.6.68.142 - - [01/Aug/2007:19:13:46 -0700] "GET /contact.html HTTP/1.0" 200 1231 "-" "Mozilla/5.0 (compatible; Yahoo! Slurp; http://help.yahoo.com/help/us/ysearch/slurp)"
217.212.224.165 - - [01/Aug/2007:19:14:17 -0700] "GET /ane/sidestory/melancholy.html HTTP/1.0" 200 1289 "-" "psbot/0.1 (+http://www.picsearch.com/bot.html)"
217.212.224.159 - - [01/Aug/2007:19:15:42 -0700] "GET /ane/sidestory/lemondisclaim.html HTTP/1.0" 200 1453 "-" "psbot/0.1 (+http://www.picsearch.com/bot.html)"
217.212.224.141 - - [01/Aug/2007:19:17:03 -0700] "GET /ane/sidestory/faded.html HTTP/1.0" 200 578 "-" "psbot/0.1 (+http://www.picsearch.com/bot.html)"
74.6.74.82 - - [01/Aug/2007:19:17:11 -0700] "GET /AXpics/?M=D HTTP/1.0" 200 2360 "-" "Mozilla/5.0 (compatible; Yahoo! Slurp; http://help.yahoo.com/help/us/ysearch/slurp)"
193.252.149.15 - - [01/Aug/2007:19:17:21 -0700] "GET /robots.txt HTTP/1.1" 404 581 "-" "Mozilla/5.0 (Windows; U; Windows NT 5.1; fr; rv:1.8.1) VoilaBot BETA 1.2 (http://www.voila.com/)"
193.252.149.15 - - [01/Aug/2007:19:17:26 -0700] "GET /ane/episodes/ane-ep28.html HTTP/1.1" 200 10883 "-" "Mozilla/5.0 (Windows; U; Windows NT 5.1; fr; rv:1.8.1) VoilaBot BETA 1.2 (http://www.voila.com/)"
217.212.224.148 - - [01/Aug/2007:19:18:39 -0700] "GET /ane/sidestory/bdad.html HTTP/1.0" 200 20127 "-" "psbot/0.1 (+http://www.picsearch.com/bot.html)"
217.212.224.159 - - [01/Aug/2007:19:19:50 -0700] "GET /ane/sidestory/anememory.html HTTP/1.0" 200 10313 "-" "psbot/0.1 (+http://www.picsearch.com/bot.html)"
217.212.224.141 - - [01/Aug/2007:19:21:14 -0700] "GET /ane/sidestory/aneeros.html HTTP/1.0" 200 10837 "-" "psbot/0.1 (+http://www.picsearch.com/bot.html)"
217.212.224.162 - - [01/Aug/2007:19:22:38 -0700] "GET /ane/sidestory/?D=A HTTP/1.0" 200 5178 "-" "psbot/0.1 (+http://www.picsearch.com/bot.html)"
217.212.224.148 - - [01/Aug/2007:19:23:59 -0700] "GET /ane/sidestory/?D=D HTTP/1.0" 200 5178 "-" "psbot/0.1 (+http://www.picsearch.com/bot.html)"
71.231.67.26 - - [01/Aug/2007:19:24:26 -0700] "GET /ane/tech/mdctallgeese.html HTTP/1.1" 200 2245 "http://images.google.com/imgres?imgurl=http://rpstudios.ian-justman.com/ane/tech/tallgeeseresize.jpg&imgrefurl=http://rpstudios.ian-justman.com/ane/tech/mdctallgeese.html&h=288&w=345&sz=19&hl=en&start=20&tbnid=EJwlaJVbBYqmJM:&tbnh=100&tbnw=120&prev=/images%3Fq%3Dtallgeese%26start%3D20%26gbv%3D2%26ndsp%3D20%26svnum%3D10%26hl%3Den%26sa%3DN" "Mozilla/4.0 (compatible; MSIE 7.0; Windows NT 5.1; IEMB3; IEMB3)"
71.231.67.26 - - [01/Aug/2007:19:24:27 -0700] "GET /ane/tech/tallgeeseresize.jpg HTTP/1.1" 200 19246 "http://rpstudios.ian-justman.com/ane/tech/mdctallgeese.html" "Mozilla/4.0 (compatible; MSIE 7.0; Windows NT 5.1; IEMB3; IEMB3)"
71.231.67.26 - - [01/Aug/2007:19:24:27 -0700] "GET /favicon.ico HTTP/1.1" 404 299 "-" "Mozilla/4.0 (compatible; MSIE 7.0; Windows NT 5.1; IEMB3; IEMB3)"
217.212.224.143 - - [01/Aug/2007:19:25:21 -0700] "GET /ane/sidestory/?N=A HTTP/1.0" 200 5178 "-" "psbot/0.1 (+http://www.picsearch.com/bot.html)"
74.6.73.221 - - [01/Aug/2007:19:26:29 -0700] "GET /east/?N=D HTTP/1.0" 200 1291 "-" "Mozilla/5.0 (compatible; Yahoo! Slurp; http://help.yahoo.com/help/us/ysearch/slurp)"
217.212.224.178 - - [01/Aug/2007:19:26:45 -0700] "GET /ane/sidestory/?S=A HTTP/1.0" 200 5178 "-" "psbot/0.1 (+http://www.picsearch.com/bot.html)"
217.212.224.147 - - [01/Aug/2007:19:28:13 -0700] "GET /ane/sidestory/?S=D HTTP/1.0" 200 5178 "-" "psbot/0.1 (+http://www.picsearch.com/bot.html)"
74.6.22.40 - - [01/Aug/2007:19:29:30 -0700] "GET /lists/?S=D HTTP/1.0" 200 817 "-" "Mozilla/5.0 (compatible; Yahoo! Slurp; http://help.yahoo.com/help/us/ysearch/slurp)"
217.212.224.165 - - [01/Aug/2007:19:29:36 -0700] "GET /ane/sidestory/?M=A HTTP/1.0" 200 5178 "-" "psbot/0.1 (+http://www.picsearch.com/bot.html)"
74.6.18.45 - - [01/Aug/2007:19:30:06 -0700] "GET /lists/laws.html HTTP/1.0" 200 2372 "-" "Mozilla/5.0 (compatible; Yahoo! Slurp; http://help.yahoo.com/help/us/ysearch/slurp)"
65.55.208.219 - - [01/Aug/2007:19:30:37 -0700] "GET /robots.txt HTTP/1.0" 404 286 "-" "msnbot/1.0 (+http://search.msn.com/msnbot.htm)"
65.55.208.219 - - [01/Aug/2007:19:30:37 -0700] "GET /ane/tech/oztaurus.html HTTP/1.0" 200 3308 "-" "msnbot/1.0 (+http://search.msn.com/msnbot.htm)"
217.212.224.162 - - [01/Aug/2007:19:31:11 -0700] "GET /ane/sidestory/?M=D HTTP/1.0" 200 5178 "-" "psbot/0.1 (+http://www.picsearch.com/bot.html)"
217.212.224.165 - - [01/Aug/2007:19:32:27 -0700] "GET /ane/sidestory/?N=D HTTP/1.0" 200 5178 "-" "psbot/0.1 (+http://www.picsearch.com/bot.html)"
217.212.224.148 - - [01/Aug/2007:19:33:52 -0700] "GET /ane/mechmaster/ HTTP/1.0" 200 8416 "-" "psbot/0.1 (+http://www.picsearch.com/bot.html)"
217.212.224.178 - - [01/Aug/2007:19:35:12 -0700] "GET /ane/mechmaster/thumbs/ HTTP/1.0" 200 8027 "-" "psbot/0.1 (+http://www.picsearch.com/bot.html)"
217.212.224.162 - - [01/Aug/2007:19:36:35 -0700] "GET /ane/mechmaster/thumbs/?D=A HTTP/1.0" 200 8027 "-" "psbot/0.1 (+http://www.picsearch.com/bot.html)"
217.212.224.147 - - [01/Aug/2007:19:37:58 -0700] "GET /ane/mechmaster/thumbs/?D=D HTTP/1.0" 200 8027 "-" "psbot/0.1 (+http://www.picsearch.com/bot.html)"
217.212.224.148 - - [01/Aug/2007:19:39:26 -0700] "GET /ane/mechmaster/thumbs/?N=A HTTP/1.0" 200 8027 "-" "psbot/0.1 (+http://www.picsearch.com/bot.html)"
217.212.224.146 - - [01/Aug/2007:19:40:47 -0700] "GET /ane/mechmaster/thumbs/?S=A HTTP/1.0" 200 8027 "-" "psbot/0.1 (+http://www.picsearch.com/bot.html)"
217.212.224.159 - - [01/Aug/2007:19:42:13 -0700] "GET /ane/mechmaster/thumbs/?S=D HTTP/1.0" 200 8027 "-" "psbot/0.1 (+http://www.picsearch.com/bot.html)"
217.212.224.149 - - [01/Aug/2007:19:43:36 -0700] "GET /ane/mechmaster/thumbs/?M=A HTTP/1.0" 200 8027 "-" "psbot/0.1 (+http://www.picsearch.com/bot.html)"
217.212.224.148 - - [01/Aug/2007:19:44:57 -0700] "GET /ane/mechmaster/thumbs/?M=D HTTP/1.0" 200 8027 "-" "psbot/0.1 (+http://www.picsearch.com/bot.html)"
74.6.70.84 - - [01/Aug/2007:19:46:01 -0700] "GET /photos/?D=A HTTP/1.0" 200 1085 "-" "Mozilla/5.0 (compatible; Yahoo! Slurp; http://help.yahoo.com/help/us/ysearch/slurp)"
217.212.224.141 - - [01/Aug/2007:19:46:21 -0700] "GET /ane/mechmaster/thumbs/?N=D HTTP/1.0" 200 8027 "-" "psbot/0.1 (+http://www.picsearch.com/bot.html)"
217.212.224.165 - - [01/Aug/2007:19:47:50 -0700] "GET /ane/mechmaster/?D=A HTTP/1.0" 200 8416 "-" "psbot/0.1 (+http://www.picsearch.com/bot.html)"
217.212.224.141 - - [01/Aug/2007:19:49:10 -0700] "GET /ane/mechmaster/?D=D HTTP/1.0" 200 8416 "-" "psbot/0.1 (+http://www.picsearch.com/bot.html)"
74.6.28.110 - - [01/Aug/2007:19:49:42 -0700] "GET /ane/lyrics/eyesreopened.html HTTP/1.0" 200 1162 "-" "Mozilla/5.0 (compatible; Yahoo! Slurp; http://help.yahoo.com/help/us/ysearch/slurp)"
217.212.224.159 - - [01/Aug/2007:19:50:32 -0700] "GET /ane/mechmaster/?N=A HTTP/1.0" 200 8416 "-" "psbot/0.1 (+http://www.picsearch.com/bot.html)"
217.212.224.141 - - [01/Aug/2007:19:51:54 -0700] "GET /ane/mechmaster/?S=A HTTP/1.0" 200 8416 "-" "psbot/0.1 (+http://www.picsearch.com/bot.html)"
217.212.224.146 - - [01/Aug/2007:19:53:18 -0700] "GET /ane/mechmaster/?S=D HTTP/1.0" 200 8416 "-" "psbot/0.1 (+http://www.picsearch.com/bot.html)"
217.212.224.178 - - [01/Aug/2007:19:54:46 -0700] "GET /ane/mechmaster/?M=A HTTP/1.0" 200 8416 "-" "psbot/0.1 (+http://www.picsearch.com/bot.html)"
68.6.111.157 - - [01/Aug/2007:19:55:56 -0700] "GET /junk/dogaFAQ.html HTTP/1.1" 200 4612 "http://images.google.com/imgres?imgurl=http://rpstudios.ian-justman.com/junk/CGgoods/Arwing2-7.JPG&imgrefurl=http://rpstudios.ian-justman.com/junk/dogaFAQ.html&h=600&w=800&sz=202&hl=en&start=0&sig2=icLUy-pQ8aO4uQJKvCWIcw&um=1&tbnid=SecaKVNPlTOWsM:&tbnh=107&tbnw=143&ei=ukexRpyuDILAgQOs_8DuDg&prev=/images%3Fq%3Darwing%2B2%26svnum%3D10%26um%3D1%26hl%3Den%26client%3Dfirefox-a%26channel%3Ds%26rls%3Dorg.mozilla:en-US:official%26sa%3DN" "Mozilla/5.0 (Windows; U; Windows NT 6.0; en-US; rv:1.8.1.6) Gecko/20070725 Firefox/2.0.0.6"
74.6.17.221 - - [01/Aug/2007:19:56:00 -0700] "GET /east/ HTTP/1.0" 200 1285 "-" "Mozilla/5.0 (compatible; Yahoo! Slurp; http://help.yahoo.com/help/us/ysearch/slurp)"
68.6.111.157 - - [01/Aug/2007:19:56:03 -0700] "GET /junk/CGgoods/Arwing2-7.JPG HTTP/1.1" 200 68255 "http://images.google.com/imgres?imgurl=http://rpstudios.ian-justman.com/junk/CGgoods/Arwing2-7.JPG&imgrefurl=http://rpstudios.ian-justman.com/junk/dogaFAQ.html&h=600&w=800&sz=202&tbnid=SecaKVNPlTOWsM:&tbnh=107&tbnw=143&hl=en&ei=vEexRuq-Fo2ChQOUpt3nDg&sig2=MMLCASP-3vVDG4neWaXgiA&um=1&prev=/images%3Fq%3Darwing%2B2%26svnum%3D10%26um%3D1%26hl%3Den%26client%3Dfirefox-a%26channel%3Ds%26rls%3Dorg.mozilla:en-US:official%26sa%3DN&frame=small" "Mozilla/5.0 (Windows; U; Windows NT 6.0; en-US; rv:1.8.1.6) Gecko/20070725 Firefox/2.0.0.6"
68.6.111.157 - - [01/Aug/2007:19:56:03 -0700] "GET /junk/dogaFAQ.html HTTP/1.1" 200 4612 "http://images.google.com/imgres?imgurl=http://rpstudios.ian-justman.com/junk/CGgoods/Arwing2-7.JPG&imgrefurl=http://rpstudios.ian-justman.com/junk/dogaFAQ.html&h=600&w=800&sz=202&hl=en&start=0&sig2=icLUy-pQ8aO4uQJKvCWIcw&um=1&tbnid=SecaKVNPlTOWsM:&tbnh=107&tbnw=143&ei=ukexRpyuDILAgQOs_8DuDg&prev=/images%3Fq%3Darwing%2B2%26svnum%3D10%26um%3D1%26hl%3Den%26client%3Dfirefox-a%26channel%3Ds%26rls%3Dorg.mozilla:en-US:official%26sa%3DN" "Mozilla/5.0 (Windows; U; Windows NT 6.0; en-US; rv:1.8.1.6) Gecko/20070725 Firefox/2.0.0.6"
217.212.224.147 - - [01/Aug/2007:19:56:26 -0700] "GET /ane/mechmaster/?M=D HTTP/1.0" 200 8416 "-" "psbot/0.1 (+http://www.picsearch.com/bot.html)"
217.212.224.147 - - [01/Aug/2007:19:57:29 -0700] "GET /ane/mechmaster/?N=D HTTP/1.0" 200 8416 "-" "psbot/0.1 (+http://www.picsearch.com/bot.html)"
217.212.224.159 - - [01/Aug/2007:19:58:52 -0700] "GET /ane/lyrics/ HTTP/1.0" 200 1937 "-" "psbot/0.1 (+http://www.picsearch.com/bot.html)"
217.212.224.159 - - [01/Aug/2007:20:00:17 -0700] "GET /ane/lyrics/toflyoncemore.html HTTP/1.0" 200 2676 "-" "psbot/0.1 (+http://www.picsearch.com/bot.html)"
74.6.20.121 - - [01/Aug/2007:20:01:24 -0700] "GET /east/images/screencaps/Thumbnails/thumb0061%2Ejpg HTTP/1.0" 200 1930 "-" "Mozilla/5.0 (compatible; Yahoo! Slurp; http://help.yahoo.com/help/us/ysearch/slurp)"
217.212.224.148 - - [01/Aug/2007:20:02:00 -0700] "GET /ane/lyrics/outrunningthemoon.html HTTP/1.0" 200 2349 "-" "psbot/0.1 (+http://www.picsearch.com/bot.html)"
217.212.224.159 - - [01/Aug/2007:20:03:02 -0700] "GET /ane/lyrics/frozensmile.html HTTP/1.0" 200 2534 "-" "psbot/0.1 (+http://www.picsearch.com/bot.html)"
217.212.224.146 - - [01/Aug/2007:20:04:27 -0700] "GET /ane/lyrics/forgottendreams.html HTTP/1.0" 200 3442 "-" "psbot/0.1 (+http://www.picsearch.com/bot.html)"
66.69.124.190 - - [01/Aug/2007:20:05:46 -0700] "GET /junk/furyavatar.jpg HTTP/1.1" 200 5175 "http://butchhartman.com/forumIII/index.php?showtopic=11704" "Mozilla/4.0 (compatible; MSIE 7.0; Windows NT 5.1; .NET CLR 1.0.3705; .NET CLR 1.1.4322; Media Center PC 3.1)"
217.212.224.145 - - [01/Aug/2007:20:05:50 -0700] "GET /robots.txt HTTP/1.0" 404 286 "-" "psbot/0.1 (+http://www.picsearch.com/bot.html)"
217.212.224.144 - - [01/Aug/2007:20:05:50 -0700] "GET /ane/lyrics/eyesreopened.html HTTP/1.0" 200 2659 "-" "psbot/0.1 (+http://www.picsearch.com/bot.html)"
74.6.28.122 - - [01/Aug/2007:20:06:50 -0700] "GET /ane/mechmaster/thumbs/thumbOrion-flight%2Ejpg HTTP/1.0" 200 2479 "-" "Mozilla/5.0 (compatible; Yahoo! Slurp; http://help.yahoo.com/help/us/ysearch/slurp)"
217.212.224.165 - - [01/Aug/2007:20:07:08 -0700] "GET /ane/lyrics/doyoueverfeellonely.html HTTP/1.0" 200 2464 "-" "psbot/0.1 (+http://www.picsearch.com/bot.html)"
217.212.224.178 - - [01/Aug/2007:20:08:29 -0700] "GET /ane/lyrics/coldreflection.html HTTP/1.0" 200 2366 "-" "psbot/0.1 (+http://www.picsearch.com/bot.html)"
217.212.224.141 - - [01/Aug/2007:20:09:54 -0700] "GET /ane/lyrics/brokenglass.html HTTP/1.0" 200 3433 "-" "psbot/0.1 (+http://www.picsearch.com/bot.html)"
217.212.224.143 - - [01/Aug/2007:20:11:17 -0700] "GET /ane/lyrics/betweentheclouds.html HTTP/1.0" 200 2293 "-" "psbot/0.1 (+http://www.picsearch.com/bot.html)"
217.212.224.178 - - [01/Aug/2007:20:12:37 -0700] "GET /ane/lyrics/?D=A HTTP/1.0" 200 1937 "-" "psbot/0.1 (+http://www.picsearch.com/bot.html)"
217.212.224.149 - - [01/Aug/2007:20:14:02 -0700] "GET /ane/lyrics/?D=D HTTP/1.0" 200 1937 "-" "psbot/0.1 (+http://www.picsearch.com/bot.html)"
74.6.20.48 - - [01/Aug/2007:20:14:11 -0700] "GET /lists/toomuchSM.html HTTP/1.0" 200 2041 "-" "Mozilla/5.0 (compatible; Yahoo! Slurp; http://help.yahoo.com/help/us/ysearch/slurp)"
193.252.149.15 - - [01/Aug/2007:20:14:50 -0700] "GET /robots.txt HTTP/1.1" 404 581 "-" "Mozilla/5.0 (Windows; U; Windows NT 5.1; fr; rv:1.8.1) VoilaBot BETA 1.2 (http://www.voila.com/)"
193.252.149.15 - - [01/Aug/2007:20:14:59 -0700] "GET /ane/bloopers/aneblooper2.html HTTP/1.1" 200 2432 "-" "Mozilla/5.0 (Windows; U; Windows NT 5.1; fr; rv:1.8.1) VoilaBot BETA 1.2 (http://www.voila.com/)"
217.212.224.165 - - [01/Aug/2007:20:15:27 -0700] "GET /ane/lyrics/?N=A HTTP/1.0" 200 1937 "-" "psbot/0.1 (+http://www.picsearch.com/bot.html)"
217.212.224.178 - - [01/Aug/2007:20:16:51 -0700] "GET /ane/lyrics/?S=A HTTP/1.0" 200 1937 "-" "psbot/0.1 (+http://www.picsearch.com/bot.html)"
74.6.22.13 - - [01/Aug/2007:20:16:59 -0700] "GET /ane/sidestory/bdad.html HTTP/1.0" 200 7440 "-" "Mozilla/5.0 (compatible; Yahoo! Slurp; http://help.yahoo.com/help/us/ysearch/slurp)"
75.176.145.252 - - [01/Aug/2007:20:17:57 -0700] "GET /endlessfuel/efmain.html HTTP/1.1" 200 4644 "http://images.google.com/imgres?imgurl=http://rpstudios.ian-justman.com/endlessfuel/v2-5title.gif&imgrefurl=http://rpstudios.ian-justman.com/endlessfuel/efmain.html&h=239&w=541&sz=10&hl=en&start=240&um=1&tbnid=3Y1lgwaAJOSZaM:&tbnh=58&tbnw=132&prev=/images%3Fq%3DGundam%2BEpyon%2B%26start%3D240%26ndsp%3D20%26svnum%3D10%26um%3D1%26hl%3Den%26sa%3DN" "Mozilla/4.0 (compatible; MSIE 7.0; Windows NT 5.1; .NET CLR 1.1.4322)"
75.176.145.252 - - [01/Aug/2007:20:17:57 -0700] "GET /endlessfuel/v2-5title.gif HTTP/1.1" 200 10015 "http://rpstudios.ian-justman.com/endlessfuel/efmain.html" "Mozilla/4.0 (compatible; MSIE 7.0; Windows NT 5.1; .NET CLR 1.1.4322)"
75.176.145.252 - - [01/Aug/2007:20:17:57 -0700] "GET /endlessfuel/v2-5bar.gif HTTP/1.1" 200 2399 "http://rpstudios.ian-justman.com/endlessfuel/efmain.html" "Mozilla/4.0 (compatible; MSIE 7.0; Windows NT 5.1; .NET CLR 1.1.4322)"
75.176.145.252 - - [01/Aug/2007:20:17:58 -0700] "GET /endlessfuel/v2-5imap.gif HTTP/1.1" 200 30432 "http://rpstudios.ian-justman.com/endlessfuel/efmain.html" "Mozilla/4.0 (compatible; MSIE 7.0; Windows NT 5.1; .NET CLR 1.1.4322)"
75.176.145.252 - - [01/Aug/2007:20:18:15 -0700] "GET /favicon.ico HTTP/1.1" 404 299 "-" "Mozilla/4.0 (compatible; MSIE 7.0; Windows NT 5.1; .NET CLR 1.1.4322)"
217.212.224.144 - - [01/Aug/2007:20:18:16 -0700] "GET /ane/lyrics/?S=D HTTP/1.0" 200 1937 "-" "psbot/0.1 (+http://www.picsearch.com/bot.html)"
217.212.224.148 - - [01/Aug/2007:20:19:40 -0700] "GET /ane/lyrics/?M=A HTTP/1.0" 200 1937 "-" "psbot/0.1 (+http://www.picsearch.com/bot.html)"
69.179.139.243 - - [01/Aug/2007:20:20:20 -0700] "GET /ane/anemain.html HTTP/1.1" 200 4382 "-" "Mozilla/4.0 (compatible; MSIE 6.0; Windows NT 5.1; SV1)"
69.179.139.243 - - [01/Aug/2007:20:20:20 -0700] "GET /ane/milkyway.gif HTTP/1.1" 200 3276 "http://rpstudios.ian-justman.com/ane/anemain.html" "Mozilla/4.0 (compatible; MSIE 6.0; Windows NT 5.1; SV1)"
69.179.139.243 - - [01/Aug/2007:20:20:20 -0700] "GET /ane/stars.gif HTTP/1.1" 200 1909 "http://rpstudios.ian-justman.com/ane/anemain.html" "Mozilla/4.0 (compatible; MSIE 6.0; Windows NT 5.1; SV1)"
69.179.139.243 - - [01/Aug/2007:20:20:20 -0700] "GET /ane/anelogo1.gif HTTP/1.1" 200 17944 "http://rpstudios.ian-justman.com/ane/anemain.html" "Mozilla/4.0 (compatible; MSIE 6.0; Windows NT 5.1; SV1)"
217.212.224.149 - - [01/Aug/2007:20:21:06 -0700] "GET /ane/lyrics/?M=D HTTP/1.0" 200 1937 "-" "psbot/0.1 (+http://www.picsearch.com/bot.html)"
217.212.224.162 - - [01/Aug/2007:20:22:31 -0700] "GET /ane/lyrics/?N=D HTTP/1.0" 200 1937 "-" "psbot/0.1 (+http://www.picsearch.com/bot.html)"
217.212.224.178 - - [01/Aug/2007:20:23:57 -0700] "GET /ane/flames.html HTTP/1.0" 200 19535 "-" "psbot/0.1 (+http://www.picsearch.com/bot.html)"
217.212.224.178 - - [01/Aug/2007:20:25:23 -0700] "GET /ane/fanart/ HTTP/1.0" 200 5292 "-" "psbot/0.1 (+http://www.picsearch.com/bot.html)"
217.212.224.178 - - [01/Aug/2007:20:26:49 -0700] "GET /ane/fanart/fanartthumb/ HTTP/1.0" 200 4930 "-" "psbot/0.1 (+http://www.picsearch.com/bot.html)"
217.212.224.148 - - [01/Aug/2007:20:28:09 -0700] "GET /ane/fanart/fanartthumb/?D=A HTTP/1.0" 200 4930 "-" "psbot/0.1 (+http://www.picsearch.com/bot.html)"
217.212.224.162 - - [01/Aug/2007:20:29:30 -0700] "GET /ane/fanart/fanartthumb/?D=D HTTP/1.0" 200 4930 "-" "psbot/0.1 (+http://www.picsearch.com/bot.html)"
217.212.224.178 - - [01/Aug/2007:20:30:52 -0700] "GET /ane/fanart/fanartthumb/?N=A HTTP/1.0" 200 4930 "-" "psbot/0.1 (+http://www.picsearch.com/bot.html)"
217.212.224.141 - - [01/Aug/2007:20:32:16 -0700] "GET /ane/fanart/fanartthumb/?S=A HTTP/1.0" 200 4930 "-" "psbot/0.1 (+http://www.picsearch.com/bot.html)"
217.212.224.165 - - [01/Aug/2007:20:33:38 -0700] "GET /ane/fanart/fanartthumb/?S=D HTTP/1.0" 200 4930 "-" "psbot/0.1 (+http://www.picsearch.com/bot.html)"
68.142.212.208 - - [01/Aug/2007:20:33:43 -0700] "GET /ane/katclink.gif HTTP/1.0" 304 - "-" "Yahoo-MMCrawler/3.x (mms dash mmcrawler dash support at yahoo dash inc dot com)"
68.142.212.208 - - [01/Aug/2007:20:34:06 -0700] "GET /AXpics/masq4.jpg HTTP/1.0" 304 - "-" "Yahoo-MMCrawler/3.x (mms dash mmcrawler dash support at yahoo dash inc dot com)"
68.142.212.208 - - [01/Aug/2007:20:34:26 -0700] "GET /AXpics/masq2.jpg HTTP/1.0" 304 - "-" "Yahoo-MMCrawler/3.x (mms dash mmcrawler dash support at yahoo dash inc dot com)"
68.142.212.208 - - [01/Aug/2007:20:34:47 -0700] "GET /AXpics/masq1.jpg HTTP/1.0" 304 - "-" "Yahoo-MMCrawler/3.x (mms dash mmcrawler dash support at yahoo dash inc dot com)"
217.212.224.159 - - [01/Aug/2007:20:35:00 -0700] "GET /ane/fanart/fanartthumb/?M=A HTTP/1.0" 200 4930 "-" "psbot/0.1 (+http://www.picsearch.com/bot.html)"
68.142.212.208 - - [01/Aug/2007:20:35:07 -0700] "GET /ane/anelogo1.gif HTTP/1.0" 304 - "-" "Yahoo-MMCrawler/3.x (mms dash mmcrawler dash support at yahoo dash inc dot com)"
68.142.212.208 - - [01/Aug/2007:20:35:29 -0700] "GET /AXpics/loot2.jpg HTTP/1.0" 304 - "-" "Yahoo-MMCrawler/3.x (mms dash mmcrawler dash support at yahoo dash inc dot com)"
68.142.212.208 - - [01/Aug/2007:20:35:49 -0700] "GET /AXpics/eva01.jpg HTTP/1.0" 304 - "-" "Yahoo-MMCrawler/3.x (mms dash mmcrawler dash support at yahoo dash inc dot com)"
68.142.212.208 - - [01/Aug/2007:20:36:09 -0700] "GET /AXpics/awwww.jpg HTTP/1.0" 304 - "-" "Yahoo-MMCrawler/3.x (mms dash mmcrawler dash support at yahoo dash inc dot com)"
217.212.224.144 - - [01/Aug/2007:20:36:21 -0700] "GET /ane/fanart/fanartthumb/?M=D HTTP/1.0" 200 4930 "-" "psbot/0.1 (+http://www.picsearch.com/bot.html)"
217.212.224.149 - - [01/Aug/2007:20:37:44 -0700] "GET /ane/fanart/fanartthumb/?N=D HTTP/1.0" 200 4930 "-" "psbot/0.1 (+http://www.picsearch.com/bot.html)"
68.142.212.208 - - [01/Aug/2007:20:38:36 -0700] "GET /AXpics/masq5.jpg HTTP/1.0" 304 - "-" "Yahoo-MMCrawler/3.x (mms dash mmcrawler dash support at yahoo dash inc dot com)"
68.142.212.208 - - [01/Aug/2007:20:38:43 -0700] "GET /AXpics/EMRob.jpg HTTP/1.0" 304 - "-" "Yahoo-MMCrawler/3.x (mms dash mmcrawler dash support at yahoo dash inc dot com)"
217.212.224.141 - - [01/Aug/2007:20:39:06 -0700] "GET /ane/fanart/?D=A HTTP/1.0" 200 5292 "-" "psbot/0.1 (+http://www.picsearch.com/bot.html)"
217.212.224.162 - - [01/Aug/2007:20:40:33 -0700] "GET /ane/fanart/?D=D HTTP/1.0" 200 5292 "-" "psbot/0.1 (+http://www.picsearch.com/bot.html)"
217.212.224.149 - - [01/Aug/2007:20:41:59 -0700] "GET /ane/fanart/?N=A HTTP/1.0" 200 5292 "-" "psbot/0.1 (+http://www.picsearch.com/bot.html)"
217.212.224.178 - - [01/Aug/2007:20:43:26 -0700] "GET /ane/fanart/?S=A HTTP/1.0" 200 5292 "-" "psbot/0.1 (+http://www.picsearch.com/bot.html)"
217.212.224.149 - - [01/Aug/2007:20:44:47 -0700] "GET /ane/fanart/?S=D HTTP/1.0" 200 5292 "-" "psbot/0.1 (+http://www.picsearch.com/bot.html)"
217.212.224.149 - - [01/Aug/2007:20:46:12 -0700] "GET /ane/fanart/?M=A HTTP/1.0" 200 5292 "-" "psbot/0.1 (+http://www.picsearch.com/bot.html)"
74.6.71.126 - - [01/Aug/2007:20:46:18 -0700] "GET /stories/?D=A HTTP/1.0" 200 1015 "-" "Mozilla/5.0 (compatible; Yahoo! Slurp; http://help.yahoo.com/help/us/ysearch/slurp)"
217.212.224.144 - - [01/Aug/2007:20:47:37 -0700] "GET /ane/fanart/?M=D HTTP/1.0" 200 5292 "-" "psbot/0.1 (+http://www.picsearch.com/bot.html)"
217.212.224.149 - - [01/Aug/2007:20:49:01 -0700] "GET /ane/fanart/?N=D HTTP/1.0" 200 5292 "-" "psbot/0.1 (+http://www.picsearch.com/bot.html)"
217.212.224.144 - - [01/Aug/2007:20:50:26 -0700] "GET /ane/episodes/ HTTP/1.0" 200 5092 "-" "psbot/0.1 (+http://www.picsearch.com/bot.html)"
217.212.224.147 - - [01/Aug/2007:20:51:50 -0700] "GET /ane/episodes/ane-eptemplate.html HTTP/1.0" 200 815 "-" "psbot/0.1 (+http://www.picsearch.com/bot.html)"
217.212.224.144 - - [01/Aug/2007:20:54:03 -0700] "GET /ane/episodes/ane-ep9.html HTTP/1.0" 200 14278 "-" "psbot/0.1 (+http://www.picsearch.com/bot.html)"
217.212.224.146 - - [01/Aug/2007:20:54:45 -0700] "GET /ane/episodes/ane-ep8.html HTTP/1.0" 200 22700 "-" "psbot/0.1 (+http://www.picsearch.com/bot.html)"
74.6.19.161 - - [01/Aug/2007:20:55:08 -0700] "GET /robots.txt HTTP/1.0" 404 515 "-" "Mozilla/5.0 (compatible; Yahoo! Slurp; http://help.yahoo.com/help/us/ysearch/slurp)"
74.6.28.212 - - [01/Aug/2007:20:55:08 -0700] "GET /ane/episodes/?M=D HTTP/1.0" 200 1128 "-" "Mozilla/5.0 (compatible; Yahoo! Slurp; http://help.yahoo.com/help/us/ysearch/slurp)"
217.212.224.147 - - [01/Aug/2007:20:56:10 -0700] "GET /ane/episodes/ane-ep7.html HTTP/1.0" 200 23112 "-" "psbot/0.1 (+http://www.picsearch.com/bot.html)"
217.212.224.141 - - [01/Aug/2007:20:57:40 -0700] "GET /ane/episodes/ane-ep6.html HTTP/1.0" 200 20907 "-" "psbot/0.1 (+http://www.picsearch.com/bot.html)"
217.212.224.178 - - [01/Aug/2007:20:59:00 -0700] "GET /ane/episodes/ane-ep5.html HTTP/1.0" 200 29256 "-" "psbot/0.1 (+http://www.picsearch.com/bot.html)"
72.30.177.245 - - [01/Aug/2007:21:00:03 -0700] "GET /east/other.html HTTP/1.0" 200 2228 "-" "Mozilla/5.0 (compatible; Yahoo! Slurp; http://help.yahoo.com/help/us/ysearch/slurp)"
217.212.224.159 - - [01/Aug/2007:21:00:24 -0700] "GET /ane/episodes/ane-ep4.html HTTP/1.0" 200 26814 "-" "psbot/0.1 (+http://www.picsearch.com/bot.html)"
217.212.224.147 - - [01/Aug/2007:21:01:50 -0700] "GET /ane/episodes/ane-ep31.html HTTP/1.0" 200 61542 "-" "psbot/0.1 (+http://www.picsearch.com/bot.html)"
217.212.224.149 - - [01/Aug/2007:21:03:18 -0700] "GET /ane/episodes/ane-ep30.html HTTP/1.0" 200 24533 "-" "psbot/0.1 (+http://www.picsearch.com/bot.html)"
217.212.224.144 - - [01/Aug/2007:21:04:34 -0700] "GET /ane/episodes/ane-ep3.html HTTP/1.0" 200 22658 "-" "psbot/0.1 (+http://www.picsearch.com/bot.html)"
217.212.224.159 - - [01/Aug/2007:21:05:59 -0700] "GET /ane/episodes/ane-ep29.html HTTP/1.0" 200 28141 "-" "psbot/0.1 (+http://www.picsearch.com/bot.html)"
217.212.224.165 - - [01/Aug/2007:21:07:22 -0700] "GET /ane/episodes/ane-ep28.html HTTP/1.0" 200 26796 "-" "psbot/0.1 (+http://www.picsearch.com/bot.html)"
217.212.224.178 - - [01/Aug/2007:21:08:57 -0700] "GET /ane/episodes/ane-ep27.html HTTP/1.0" 200 69613 "-" "psbot/0.1 (+http://www.picsearch.com/bot.html)"
74.6.74.74 - - [01/Aug/2007:21:10:13 -0700] "GET /ane/tech/?S=A HTTP/1.0" 200 2381 "-" "Mozilla/5.0 (compatible; Yahoo! Slurp; http://help.yahoo.com/help/us/ysearch/slurp)"
217.212.224.141 - - [01/Aug/2007:21:10:20 -0700] "GET /ane/episodes/ane-ep26.html HTTP/1.0" 200 53462 "-" "psbot/0.1 (+http://www.picsearch.com/bot.html)"
81.52.143.15 - - [01/Aug/2007:21:11:27 -0700] "GET /robots.txt HTTP/1.1" 404 581 "-" "Mozilla/5.0 (Windows; U; Windows NT 5.1; fr; rv:1.8.1) VoilaBot BETA 1.2 (http://www.voila.com/)"
81.52.143.15 - - [01/Aug/2007:21:11:31 -0700] "GET /east/main.html HTTP/1.1" 200 3354 "-" "Mozilla/5.0 (Windows; U; Windows NT 5.1; fr; rv:1.8.1) VoilaBot BETA 1.2 (http://www.voila.com/)"
217.212.224.144 - - [01/Aug/2007:21:12:54 -0700] "GET /ane/episodes/ane-ep25.html HTTP/1.0" 200 70750 "-" "psbot/0.1 (+http://www.picsearch.com/bot.html)"
217.212.224.165 - - [01/Aug/2007:21:13:11 -0700] "GET /ane/episodes/ane-ep24.html HTTP/1.0" 200 25149 "-" "psbot/0.1 (+http://www.picsearch.com/bot.html)"
217.212.224.162 - - [01/Aug/2007:21:14:30 -0700] "GET /ane/episodes/ane-ep23.html HTTP/1.0" 200 33247 "-" "psbot/0.1 (+http://www.picsearch.com/bot.html)"
81.52.143.15 - - [01/Aug/2007:21:15:50 -0700] "GET /robots.txt HTTP/1.1" 404 581 "-" "Mozilla/5.0 (Windows; U; Windows NT 5.1; fr; rv:1.8.1) VoilaBot BETA 1.2 (http://www.voila.com/)"
217.212.224.145 - - [01/Aug/2007:21:15:53 -0700] "GET /robots.txt HTTP/1.0" 404 286 "-" "psbot/0.1 (+http://www.picsearch.com/bot.html)"
81.52.143.15 - - [01/Aug/2007:21:15:57 -0700] "GET /ane/sidestory/orc-darkness.html HTTP/1.1" 200 6533 "-" "Mozilla/5.0 (Windows; U; Windows NT 5.1; fr; rv:1.8.1) VoilaBot BETA 1.2 (http://www.voila.com/)"
217.212.224.149 - - [01/Aug/2007:21:15:58 -0700] "GET /ane/episodes/ane-ep22.html HTTP/1.0" 200 23429 "-" "psbot/0.1 (+http://www.picsearch.com/bot.html)"
217.212.224.162 - - [01/Aug/2007:21:17:21 -0700] "GET /ane/episodes/ane-ep21.html HTTP/1.0" 200 25859 "-" "psbot/0.1 (+http://www.picsearch.com/bot.html)"
217.212.224.143 - - [01/Aug/2007:21:18:47 -0700] "GET /ane/episodes/ane-ep20.html HTTP/1.0" 200 31193 "-" "psbot/0.1 (+http://www.picsearch.com/bot.html)"
217.212.224.165 - - [01/Aug/2007:21:20:09 -0700] "GET /ane/episodes/ane-ep2.html HTTP/1.0" 200 29825 "-" "psbot/0.1 (+http://www.picsearch.com/bot.html)"
217.212.224.162 - - [01/Aug/2007:21:21:33 -0700] "GET /ane/episodes/ane-ep19.html HTTP/1.0" 200 27434 "-" "psbot/0.1 (+http://www.picsearch.com/bot.html)"
217.212.224.146 - - [01/Aug/2007:21:22:58 -0700] "GET /ane/episodes/ane-ep18.html HTTP/1.0" 200 41165 "-" "psbot/0.1 (+http://www.picsearch.com/bot.html)"
217.212.224.165 - - [01/Aug/2007:21:24:17 -0700] "GET /ane/episodes/ane-ep17.html HTTP/1.0" 200 29126 "-" "psbot/0.1 (+http://www.picsearch.com/bot.html)"
217.212.224.159 - - [01/Aug/2007:21:25:42 -0700] "GET /ane/episodes/ane-ep16.html HTTP/1.0" 200 48445 "-" "psbot/0.1 (+http://www.picsearch.com/bot.html)"
217.212.224.143 - - [01/Aug/2007:21:27:01 -0700] "GET /ane/episodes/ane-ep15.html HTTP/1.0" 200 33842 "-" "psbot/0.1 (+http://www.picsearch.com/bot.html)"
217.212.224.144 - - [01/Aug/2007:21:28:23 -0700] "GET /ane/episodes/ane-ep14.html HTTP/1.0" 200 24215 "-" "psbot/0.1 (+http://www.picsearch.com/bot.html)"
217.212.224.141 - - [01/Aug/2007:21:29:44 -0700] "GET /ane/episodes/anemain.html HTTP/1.0" 404 301 "-" "psbot/0.1 (+http://www.picsearch.com/bot.html)"
74.6.23.200 - - [01/Aug/2007:21:30:29 -0700] "GET /east/images/screencaps/Thumbnails/thumb0024%2Ejpg HTTP/1.0" 200 2053 "-" "Mozilla/5.0 (compatible; Yahoo! Slurp; http://help.yahoo.com/help/us/ysearch/slurp)"
217.212.224.148 - - [01/Aug/2007:21:31:07 -0700] "GET /ane/episodes/ane-ep13.html HTTP/1.0" 200 33560 "-" "psbot/0.1 (+http://www.picsearch.com/bot.html)"
217.212.224.178 - - [01/Aug/2007:21:32:33 -0700] "GET /ane/episodes/ane-ep12.html HTTP/1.0" 200 20340 "-" "psbot/0.1 (+http://www.picsearch.com/bot.html)"
217.212.224.143 - - [01/Aug/2007:21:33:50 -0700] "GET /ane/episodes/ane-ep11.html HTTP/1.0" 200 18985 "-" "psbot/0.1 (+http://www.picsearch.com/bot.html)"
124.157.140.250 - - [01/Aug/2007:21:35:06 -0700] "GET /junk/CGgoods?S=A HTTP/1.1" 301 712 "http://images.search.yahoo.com/search/images/view?back=http%3A%2F%2Fimages.search.yahoo.com%2Fsearch%2Fimages%3Fp%3DChaosGundam%26ei%3DUTF-8%26fr%3Dyfp-t-501%26x%3Dwrt&w=800&h=600&imgurl=rpstudios.ian-justman.com%2Fjunk%2FCGgoods%2Fchaosgundam-final-battou3.JPG&rurl=http%3A%2F%2Frpstudios.ian-justman.com%2Fjunk%2FCGgoods%3FS%3DA&size=169.9kB&name=chaosgundam-final-battou3.JPG&p=ChaosGundam&type=jpeg&no=1&tt=58&oid=af35ffb4a6e40602&ei=UTF-8" "Mozilla/4.0 (compatible; MSIE 6.0; Windows NT 5.1; Avant Browser; .NET CLR 2.0.50727)"
124.157.140.250 - - [01/Aug/2007:21:35:06 -0700] "GET /junk/CGgoods/?S=A HTTP/1.1" 200 11908 "http://images.search.yahoo.com/search/images/view?back=http%3A%2F%2Fimages.search.yahoo.com%2Fsearch%2Fimages%3Fp%3DChaosGundam%26ei%3DUTF-8%26fr%3Dyfp-t-501%26x%3Dwrt&w=800&h=600&imgurl=rpstudios.ian-justman.com%2Fjunk%2FCGgoods%2Fchaosgundam-final-battou3.JPG&rurl=http%3A%2F%2Frpstudios.ian-justman.com%2Fjunk%2FCGgoods%3FS%3DA&size=169.9kB&name=chaosgundam-final-battou3.JPG&p=ChaosGundam&type=jpeg&no=1&tt=58&oid=af35ffb4a6e40602&ei=UTF-8" "Mozilla/4.0 (compatible; MSIE 6.0; Windows NT 5.1; Avant Browser; .NET CLR 2.0.50727)"
124.157.140.250 - - [01/Aug/2007:21:35:08 -0700] "GET /icons/back.gif HTTP/1.1" 200 216 "http://rpstudios.ian-justman.com/junk/CGgoods/?S=A" "Mozilla/4.0 (compatible; MSIE 6.0; Windows NT 5.1; Avant Browser; .NET CLR 2.0.50727)"
124.157.140.250 - - [01/Aug/2007:21:35:08 -0700] "GET /icons/blank.gif HTTP/1.1" 200 148 "http://rpstudios.ian-justman.com/junk/CGgoods/?S=A" "Mozilla/4.0 (compatible; MSIE 6.0; Windows NT 5.1; Avant Browser; .NET CLR 2.0.50727)"
124.157.140.250 - - [01/Aug/2007:21:35:08 -0700] "GET /icons/folder.gif HTTP/1.1" 200 225 "http://rpstudios.ian-justman.com/junk/CGgoods/?S=A" "Mozilla/4.0 (compatible; MSIE 6.0; Windows NT 5.1; Avant Browser; .NET CLR 2.0.50727)"
124.157.140.250 - - [01/Aug/2007:21:35:08 -0700] "GET /icons/image2.gif HTTP/1.1" 200 309 "http://rpstudios.ian-justman.com/junk/CGgoods/?S=A" "Mozilla/4.0 (compatible; MSIE 6.0; Windows NT 5.1; Avant Browser; .NET CLR 2.0.50727)"
124.157.140.250 - - [01/Aug/2007:21:35:08 -0700] "GET /icons/compressed.gif HTTP/1.1" 200 1038 "http://rpstudios.ian-justman.com/junk/CGgoods/?S=A" "Mozilla/4.0 (compatible; MSIE 6.0; Windows NT 5.1; Avant Browser; .NET CLR 2.0.50727)"
217.212.224.159 - - [01/Aug/2007:21:35:26 -0700] "GET /ane/episodes/ane-ep10.html HTTP/1.0" 200 31568 "-" "psbot/0.1 (+http://www.picsearch.com/bot.html)"
124.157.140.250 - - [01/Aug/2007:21:36:31 -0700] "GET /junk/CGgoods/chaosgundam-final-battou3.JPG HTTP/1.1" 200 155035 "http://images.search.yahoo.com/search/images/view?frame=top&back=http%3A%2F%2Fimages.search.yahoo.com%2Fsearch%2Fimages%3Fp%3DChaosGundam%26ei%3DUTF-8%26fr%3Dyfp-t-501%26x%3Dwrt&w=800&h=600&imgurl=rpstudios.ian-justman.com%2Fjunk%2FCGgoods%2Fchaosgundam-final-battou3.JPG&rurl=http%3A%2F%2Frpstudios.ian-justman.com%2Fjunk%2FCGgoods%3FS%3DA&size=169.9kB&name=chaosgundam-final-battou3.JPG&p=ChaosGundam&type=jpeg&no=1&tt=58&oid=af35ffb4a6e40602&ei=UTF-8" "Mozilla/4.0 (compatible; MSIE 6.0; Windows NT 5.1; Avant Browser; .NET CLR 2.0.50727)"
124.157.140.250 - - [01/Aug/2007:21:36:32 -0700] "GET /junk/CGgoods?S=A HTTP/1.1" 301 712 "http://images.search.yahoo.com/search/images/view?frame=top&back=http%3A%2F%2Fimages.search.yahoo.com%2Fsearch%2Fimages%3Fp%3DChaosGundam%26ei%3DUTF-8%26fr%3Dyfp-t-501%26x%3Dwrt&w=800&h=600&imgurl=rpstudios.ian-justman.com%2Fjunk%2FCGgoods%2Fchaosgundam-final-battou3.JPG&rurl=http%3A%2F%2Frpstudios.ian-justman.com%2Fjunk%2FCGgoods%3FS%3DA&size=169.9kB&name=chaosgundam-final-battou3.JPG&p=ChaosGundam&type=jpeg&no=1&tt=58&oid=af35ffb4a6e40602&ei=UTF-8" "Mozilla/4.0 (compatible; MSIE 6.0; Windows NT 5.1; Avant Browser; .NET CLR 2.0.50727)"
124.157.140.250 - - [01/Aug/2007:21:36:33 -0700] "GET /junk/CGgoods/?S=A HTTP/1.1" 200 11908 "http://images.search.yahoo.com/search/images/view?frame=top&back=http%3A%2F%2Fimages.search.yahoo.com%2Fsearch%2Fimages%3Fp%3DChaosGundam%26ei%3DUTF-8%26fr%3Dyfp-t-501%26x%3Dwrt&w=800&h=600&imgurl=rpstudios.ian-justman.com%2Fjunk%2FCGgoods%2Fchaosgundam-final-battou3.JPG&rurl=http%3A%2F%2Frpstudios.ian-justman.com%2Fjunk%2FCGgoods%3FS%3DA&size=169.9kB&name=chaosgundam-final-battou3.JPG&p=ChaosGundam&type=jpeg&no=1&tt=58&oid=af35ffb4a6e40602&ei=UTF-8" "Mozilla/4.0 (compatible; MSIE 6.0; Windows NT 5.1; Avant Browser; .NET CLR 2.0.50727)"
124.157.140.250 - - [01/Aug/2007:21:36:34 -0700] "GET /icons/back.gif HTTP/1.1" 304 - "http://rpstudios.ian-justman.com/junk/CGgoods/?S=A" "Mozilla/4.0 (compatible; MSIE 6.0; Windows NT 5.1; Avant Browser; .NET CLR 2.0.50727)"
124.157.140.250 - - [01/Aug/2007:21:36:35 -0700] "GET /icons/blank.gif HTTP/1.1" 304 - "http://rpstudios.ian-justman.com/junk/CGgoods/?S=A" "Mozilla/4.0 (compatible; MSIE 6.0; Windows NT 5.1; Avant Browser; .NET CLR 2.0.50727)"
124.157.140.250 - - [01/Aug/2007:21:36:35 -0700] "GET /icons/folder.gif HTTP/1.1" 304 - "http://rpstudios.ian-justman.com/junk/CGgoods/?S=A" "Mozilla/4.0 (compatible; MSIE 6.0; Windows NT 5.1; Avant Browser; .NET CLR 2.0.50727)"
124.157.140.250 - - [01/Aug/2007:21:36:36 -0700] "GET /favicon.ico HTTP/1.1" 404 299 "-" "Avant Browser (http://www.avantbrowser.com)"
124.157.140.250 - - [01/Aug/2007:21:36:37 -0700] "GET /icons/image2.gif HTTP/1.1" 304 - "http://rpstudios.ian-justman.com/junk/CGgoods/?S=A" "Mozilla/4.0 (compatible; MSIE 6.0; Windows NT 5.1; Avant Browser; .NET CLR 2.0.50727)"
124.157.140.250 - - [01/Aug/2007:21:36:37 -0700] "GET /icons/compressed.gif HTTP/1.1" 304 - "http://rpstudios.ian-justman.com/junk/CGgoods/?S=A" "Mozilla/4.0 (compatible; MSIE 6.0; Windows NT 5.1; Avant Browser; .NET CLR 2.0.50727)"
217.212.224.143 - - [01/Aug/2007:21:36:45 -0700] "GET /ane/episodes/ane-ep1.html HTTP/1.0" 200 22456 "-" "psbot/0.1 (+http://www.picsearch.com/bot.html)"
124.157.140.250 - - [01/Aug/2007:21:37:25 -0700] "GET /junk/CGgoods/?S=A HTTP/1.1" 200 76616 "http://rpstudios.ian-justman.com/junk/CGgoods/" "Mozilla/4.0 (compatible; MSIE 6.0; Windows NT 5.1)"
124.157.140.250 - - [01/Aug/2007:21:37:29 -0700] "GET /icons/compressed.gif HTTP/1.1" 200 1038 "http://rpstudios.ian-justman.com/junk/CGgoods/?S=A" "Mozilla/4.0 (compatible; MSIE 6.0; Windows NT 5.1)"
124.157.140.250 - - [01/Aug/2007:21:37:30 -0700] "GET /icons/folder.gif HTTP/1.1" 200 225 "http://rpstudios.ian-justman.com/junk/CGgoods/?S=A" "Mozilla/4.0 (compatible; MSIE 6.0; Windows NT 5.1)"
124.157.140.250 - - [01/Aug/2007:21:37:30 -0700] "GET /icons/back.gif HTTP/1.1" 200 216 "http://rpstudios.ian-justman.com/junk/CGgoods/?S=A" "Mozilla/4.0 (compatible; MSIE 6.0; Windows NT 5.1)"
124.157.140.250 - - [01/Aug/2007:21:37:30 -0700] "GET /icons/blank.gif HTTP/1.1" 200 148 "http://rpstudios.ian-justman.com/junk/CGgoods/?S=A" "Mozilla/4.0 (compatible; MSIE 6.0; Windows NT 5.1)"
124.157.140.250 - - [01/Aug/2007:21:37:30 -0700] "GET /icons/image2.gif HTTP/1.1" 200 309 "http://rpstudios.ian-justman.com/junk/CGgoods/?S=A" "Mozilla/4.0 (compatible; MSIE 6.0; Windows NT 5.1)"
217.212.224.148 - - [01/Aug/2007:21:38:00 -0700] "GET /ane/episodes/ane-bloopertemplate.html HTTP/1.0" 200 17720 "-" "psbot/0.1 (+http://www.picsearch.com/bot.html)"
193.252.149.15 - - [01/Aug/2007:21:38:23 -0700] "GET /robots.txt HTTP/1.1" 404 581 "-" "Mozilla/5.0 (Windows; U; Windows NT 5.1; fr; rv:1.8.1) VoilaBot BETA 1.2 (http://www.voila.com/)"
193.252.149.15 - - [01/Aug/2007:21:38:32 -0700] "GET /ane/lyrics/brokenglass.html HTTP/1.1" 200 1654 "-" "Mozilla/5.0 (Windows; U; Windows NT 5.1; fr; rv:1.8.1) VoilaBot BETA 1.2 (http://www.voila.com/)"
124.157.140.250 - - [01/Aug/2007:21:39:06 -0700] "GET /junk/CGgoods/Amy-irked.JPG HTTP/1.1" 200 12273 "http://rpstudios.ian-justman.com/junk/CGgoods/?S=A" "Mozilla/4.0 (compatible; MSIE 6.0; Windows NT 5.1)"
124.157.140.250 - - [01/Aug/2007:21:39:07 -0700] "GET /junk/CGgoods/airbot1.JPG HTTP/1.1" 200 23475 "http://rpstudios.ian-justman.com/junk/CGgoods/?S=A" "Mozilla/4.0 (compatible; MSIE 6.0; Windows NT 5.1)"
217.212.224.165 - - [01/Aug/2007:21:39:22 -0700] "GET /ane/episodes/?D=A HTTP/1.0" 200 5092 "-" "psbot/0.1 (+http://www.picsearch.com/bot.html)"
74.6.72.94 - - [01/Aug/2007:21:39:24 -0700] "GET /Meow-mix/0012.html HTTP/1.0" 200 1842 "-" "Mozilla/5.0 (compatible; Yahoo! Slurp; http://help.yahoo.com/help/us/ysearch/slurp)"
124.157.140.250 - - [01/Aug/2007:21:39:29 -0700] "GET /junk/CGgoods/airbot2.JPG HTTP/1.1" 200 77290 "http://rpstudios.ian-justman.com/junk/CGgoods/?S=A" "Mozilla/4.0 (compatible; MSIE 6.0; Windows NT 5.1)"
124.157.140.250 - - [01/Aug/2007:21:39:52 -0700] "GET /junk/CGgoods/3Y3N00KJ00.JPG HTTP/1.1" 200 23474 "http://rpstudios.ian-justman.com/junk/CGgoods/?S=A" "Mozilla/4.0 (compatible; MSIE 6.0; Windows NT 5.1)"
124.157.140.250 - - [01/Aug/2007:21:40:09 -0700] "GET /junk/CGgoods/Agony5.JPG HTTP/1.1" 200 58473 "http://rpstudios.ian-justman.com/junk/CGgoods/?S=A" "Mozilla/4.0 (compatible; MSIE 6.0; Windows NT 5.1)"
124.157.140.250 - - [01/Aug/2007:21:40:28 -0700] "GET /junk/CGgoods/archangel-rough3.JPG HTTP/1.1" 200 55628 "http://rpstudios.ian-justman.com/junk/CGgoods/?S=A" "Mozilla/4.0 (compatible; MSIE 6.0; Windows NT 5.1)"
124.157.140.250 - - [01/Aug/2007:21:40:34 -0700] "GET /junk/CGgoods/3Y3N00KJ00.JPG HTTP/1.1" 206 65872 "http://rpstudios.ian-justman.com/junk/CGgoods/?S=A" "Mozilla/4.0 (compatible; MSIE 6.0; Windows NT 5.1)"
124.157.140.250 - - [01/Aug/2007:21:40:42 -0700] "GET /junk/CGgoods/airbot1.JPG HTTP/1.1" 206 45182 "http://rpstudios.ian-justman.com/junk/CGgoods/?S=A" "Mozilla/4.0 (compatible; MSIE 6.0; Windows NT 5.1)"
217.212.224.146 - - [01/Aug/2007:21:40:46 -0700] "GET /ane/episodes/?D=D HTTP/1.0" 200 5092 "-" "psbot/0.1 (+http://www.picsearch.com/bot.html)"
124.157.140.250 - - [01/Aug/2007:21:40:53 -0700] "GET /junk/CGgoods/Agony2.JPG HTTP/1.1" 200 170840 "http://rpstudios.ian-justman.com/junk/CGgoods/?S=A" "Mozilla/4.0 (compatible; MSIE 6.0; Windows NT 5.1)"
124.157.140.250 - - [01/Aug/2007:21:41:28 -0700] "GET /junk/CGgoods/AmysPET1.JPG HTTP/1.1" 200 90673 "http://rpstudios.ian-justman.com/junk/CGgoods/?S=A" "Mozilla/4.0 (compatible; MSIE 6.0; Windows NT 5.1)"
124.157.140.250 - - [01/Aug/2007:21:41:28 -0700] "GET /junk/CGgoods/Amy-Fury-CrossV6.JPG HTTP/1.1" 200 86473 "http://rpstudios.ian-justman.com/junk/CGgoods/?S=A" "Mozilla/4.0 (compatible; MSIE 6.0; Windows NT 5.1)"
124.157.140.250 - - [01/Aug/2007:21:41:48 -0700] "GET /junk/CGgoods/ApocalypseCannon.JPG HTTP/1.1" 200 100290 "http://rpstudios.ian-justman.com/junk/CGgoods/?S=A" "Mozilla/4.0 (compatible; MSIE 6.0; Windows NT 5.1)"
124.157.140.250 - - [01/Aug/2007:21:42:08 -0700] "GET /junk/CGgoods/AmysPET2.JPG HTTP/1.1" 206 107082 "http://rpstudios.ian-justman.com/junk/CGgoods/?S=A" "Mozilla/4.0 (compatible; MSIE 6.0; Windows NT 5.1)"
217.212.224.147 - - [01/Aug/2007:21:42:12 -0700] "GET /ane/episodes/?N=A HTTP/1.0" 200 5092 "-" "psbot/0.1 (+http://www.picsearch.com/bot.html)"
124.157.140.250 - - [01/Aug/2007:21:42:17 -0700] "GET /junk/CGgoods/AmysPET1.JPG HTTP/1.1" 206 29568 "http://rpstudios.ian-justman.com/junk/CGgoods/?S=A" "Mozilla/4.0 (compatible; MSIE 6.0; Windows NT 5.1)"
124.157.140.250 - - [01/Aug/2007:21:42:24 -0700] "GET /junk/CGgoods/AmysPET2.JPG HTTP/1.1" 200 13673 "http://rpstudios.ian-justman.com/junk/CGgoods/?S=A" "Mozilla/4.0 (compatible; MSIE 6.0; Windows NT 5.1)"
124.157.140.250 - - [01/Aug/2007:21:42:31 -0700] "GET /junk/CGgoods/Agony1.JPG HTTP/1.1" 200 27673 "http://rpstudios.ian-justman.com/junk/CGgoods/?S=A" "Mozilla/4.0 (compatible; MSIE 6.0; Windows NT 5.1)"
124.157.140.250 - - [01/Aug/2007:21:43:06 -0700] "GET /junk/CGgoods/Arwing2-1.JPG HTTP/1.1" 200 71471 "http://rpstudios.ian-justman.com/junk/CGgoods/?S=A" "Mozilla/4.0 (compatible; MSIE 6.0; Windows NT 5.1)"
124.157.140.250 - - [01/Aug/2007:21:43:17 -0700] "GET /junk/CGgoods/Archon2.jpg HTTP/1.1" 200 69647 "http://rpstudios.ian-justman.com/junk/CGgoods/?S=A" "Mozilla/4.0 (compatible; MSIE 6.0; Windows NT 5.1)"
124.157.140.250 - - [01/Aug/2007:21:43:33 -0700] "GET /junk/CGgoods/Amy-Fury-CrossV6.JPG HTTP/1.1" 206 48619 "http://rpstudios.ian-justman.com/junk/CGgoods/?S=A" "Mozilla/4.0 (compatible; MSIE 6.0; Windows NT 5.1)"
124.157.140.250 - - [01/Aug/2007:21:43:35 -0700] "GET /junk/CGgoods/Agony3.JPG HTTP/1.1" 200 141073 "http://rpstudios.ian-justman.com/junk/CGgoods/?S=A" "Mozilla/4.0 (compatible; MSIE 6.0; Windows NT 5.1)"
217.212.224.141 - - [01/Aug/2007:21:43:37 -0700] "GET /ane/episodes/?S=A HTTP/1.0" 200 5092 "-" "psbot/0.1 (+http://www.picsearch.com/bot.html)"
124.157.140.250 - - [01/Aug/2007:21:43:44 -0700] "GET /junk/CGgoods/Agony5.JPG HTTP/1.1" 206 59818 "http://rpstudios.ian-justman.com/junk/CGgoods/?S=A" "Mozilla/4.0 (compatible; MSIE 6.0; Windows NT 5.1)"
124.157.140.250 - - [01/Aug/2007:21:43:55 -0700] "GET /junk/CGgoods/Agony2.JPG HTTP/1.1" 206 29017 "http://rpstudios.ian-justman.com/junk/CGgoods/?S=A" "Mozilla/4.0 (compatible; MSIE 6.0; Windows NT 5.1)"
124.157.140.250 - - [01/Aug/2007:21:43:58 -0700] "GET /junk/CGgoods/Agony3.JPG HTTP/1.1" 206 135289 "http://rpstudios.ian-justman.com/junk/CGgoods/?S=A" "Mozilla/4.0 (compatible; MSIE 6.0; Windows NT 5.1)"
124.157.140.250 - - [01/Aug/2007:21:44:06 -0700] "GET /junk/CGgoods/archangel-final.JPG HTTP/1.1" 206 37760 "http://rpstudios.ian-justman.com/junk/CGgoods/?S=A" "Mozilla/4.0 (compatible; MSIE 6.0; Windows NT 5.1)"
124.157.140.250 - - [01/Aug/2007:21:44:15 -0700] "GET /junk/CGgoods/Amy-Fury-CrossV6.JPG HTTP/1.1" 206 39769 "http://rpstudios.ian-justman.com/junk/CGgoods/?S=A" "Mozilla/4.0 (compatible; MSIE 6.0; Windows NT 5.1)"
124.157.140.250 - - [01/Aug/2007:21:44:34 -0700] "GET /junk/CGgoods/Arwing2-3.JPG HTTP/1.1" 200 71589 "http://rpstudios.ian-justman.com/junk/CGgoods/?S=A" "Mozilla/4.0 (compatible; MSIE 6.0; Windows NT 5.1)"
124.157.140.250 - - [01/Aug/2007:21:44:50 -0700] "GET /junk/CGgoods/Agony1.JPG HTTP/1.1" 206 76618 "http://rpstudios.ian-justman.com/junk/CGgoods/?S=A" "Mozilla/4.0 (compatible; MSIE 6.0; Windows NT 5.1)"
217.212.224.144 - - [01/Aug/2007:21:45:01 -0700] "GET /ane/episodes/?S=D HTTP/1.0" 200 5092 "-" "psbot/0.1 (+http://www.picsearch.com/bot.html)"
124.157.140.250 - - [01/Aug/2007:21:45:02 -0700] "GET /junk/CGgoods/Arwing2-4.JPG HTTP/1.1" 200 78663 "http://rpstudios.ian-justman.com/junk/CGgoods/?S=A" "Mozilla/4.0 (compatible; MSIE 6.0; Windows NT 5.1)"
124.157.140.250 - - [01/Aug/2007:21:45:13 -0700] "GET /junk/CGgoods/archangel-final.JPG HTTP/1.1" 200 22075 "http://rpstudios.ian-justman.com/junk/CGgoods/?S=A" "Mozilla/4.0 (compatible; MSIE 6.0; Windows NT 5.1)"
124.157.140.250 - - [01/Aug/2007:21:45:29 -0700] "GET /junk/CGgoods/Archon1.jpg HTTP/1.1" 200 44475 "http://rpstudios.ian-justman.com/junk/CGgoods/?S=A" "Mozilla/4.0 (compatible; MSIE 6.0; Windows NT 5.1)"
124.157.140.250 - - [01/Aug/2007:21:45:45 -0700] "GET /junk/CGgoods/Arwing2-1.JPG HTTP/1.1" 206 1797 "http://rpstudios.ian-justman.com/junk/CGgoods/?S=A" "Mozilla/4.0 (compatible; MSIE 6.0; Windows NT 5.1)"
124.157.140.250 - - [01/Aug/2007:21:45:48 -0700] "GET /junk/CGgoods/Agony5.JPG HTTP/1.1" 206 40218 "http://rpstudios.ian-justman.com/junk/CGgoods/?S=A" "Mozilla/4.0 (compatible; MSIE 6.0; Windows NT 5.1)"
124.157.140.250 - - [01/Aug/2007:21:45:48 -0700] "GET /junk/CGgoods/Agony2.JPG HTTP/1.1" 206 93082 "http://rpstudios.ian-justman.com/junk/CGgoods/?S=A" "Mozilla/4.0 (compatible; MSIE 6.0; Windows NT 5.1)"
124.157.140.250 - - [01/Aug/2007:21:45:48 -0700] "GET /junk/CGgoods/Archon1.jpg HTTP/1.1" 206 29187 "http://rpstudios.ian-justman.com/junk/CGgoods/?S=A" "Mozilla/4.0 (compatible; MSIE 6.0; Windows NT 5.1)"
65.55.212.139 - - [01/Aug/2007:21:46:02 -0700] "GET /robots.txt HTTP/1.0" 404 286 "-" "msnbot-media/1.0 (+http://search.msn.com/msnbot.htm)"
65.55.212.139 - - [01/Aug/2007:21:46:02 -0700] "GET /ane/lyrics/eyesreopened.html HTTP/1.0" 200 2659 "-" "msnbot-media/1.0 (+http://search.msn.com/msnbot.htm)"
124.157.140.250 - - [01/Aug/2007:21:46:16 -0700] "GET /junk/CGgoods/Arwing2-2.JPG HTTP/1.1" 200 24874 "http://rpstudios.ian-justman.com/junk/CGgoods/?S=A" "Mozilla/4.0 (compatible; MSIE 6.0; Windows NT 5.1)"
217.212.224.147 - - [01/Aug/2007:21:46:26 -0700] "GET /ane/episodes/?M=A HTTP/1.0" 200 5092 "-" "psbot/0.1 (+http://www.picsearch.com/bot.html)"
124.157.140.250 - - [01/Aug/2007:21:46:38 -0700] "GET /junk/CGgoods/Agony4.JPG HTTP/1.1" 200 295916 "http://rpstudios.ian-justman.com/junk/CGgoods/?S=A" "Mozilla/4.0 (compatible; MSIE 6.0; Windows NT 5.1)"
124.157.140.250 - - [01/Aug/2007:21:47:01 -0700] "GET /junk/CGgoods/Amy-irked.JPG HTTP/1.1" 200 131273 "http://rpstudios.ian-justman.com/junk/CGgoods/?S=A" "Mozilla/4.0 (compatible; MSIE 6.0; Windows NT 5.1)"
74.6.74.62 - - [01/Aug/2007:21:47:21 -0700] "GET /east/?M=D HTTP/1.0" 200 1279 "-" "Mozilla/5.0 (compatible; Yahoo! Slurp; http://help.yahoo.com/help/us/ysearch/slurp)"
124.157.140.250 - - [01/Aug/2007:21:47:49 -0700] "GET /junk/CGgoods/Arwing2-6.JPG HTTP/1.1" 200 29074 "http://rpstudios.ian-justman.com/junk/CGgoods/?S=A" "Mozilla/4.0 (compatible; MSIE 6.0; Windows NT 5.1)"
124.157.140.250 - - [01/Aug/2007:21:47:50 -0700] "GET /junk/CGgoods/Archon1.jpg HTTP/1.1" 206 7165 "http://rpstudios.ian-justman.com/junk/CGgoods/?S=A" "Mozilla/4.0 (compatible; MSIE 6.0; Windows NT 5.1)"
124.157.140.250 - - [01/Aug/2007:21:47:51 -0700] "GET /junk/CGgoods/Arwing2-5.JPG HTTP/1.1" 200 111946 "http://rpstudios.ian-justman.com/junk/CGgoods/?S=A" "Mozilla/4.0 (compatible; MSIE 6.0; Windows NT 5.1)"
217.212.224.141 - - [01/Aug/2007:21:47:52 -0700] "GET /ane/episodes/?M=D HTTP/1.0" 200 5092 "-" "psbot/0.1 (+http://www.picsearch.com/bot.html)"
65.55.212.139 - - [01/Aug/2007:21:48:17 -0700] "GET /ane/lyrics/frozensmile.html HTTP/1.0" 200 2534 "-" "msnbot-media/1.0 (+http://search.msn.com/msnbot.htm)"
124.157.140.250 - - [01/Aug/2007:21:48:40 -0700] "GET /junk/CGgoods/Arwing2-cockpit2.JPG HTTP/1.1" 200 120588 "http://rpstudios.ian-justman.com/junk/CGgoods/?S=A" "Mozilla/4.0 (compatible; MSIE 6.0; Windows NT 5.1)"
124.157.140.250 - - [01/Aug/2007:21:49:00 -0700] "GET /junk/CGgoods/Arwing2-7.JPG HTTP/1.1" 200 206086 "http://rpstudios.ian-justman.com/junk/CGgoods/?S=A" "Mozilla/4.0 (compatible; MSIE 6.0; Windows NT 5.1)"
124.157.140.250 - - [01/Aug/2007:21:49:08 -0700] "GET /junk/CGgoods/Arwing2-cockpit.JPG HTTP/1.1" 200 73435 "http://rpstudios.ian-justman.com/junk/CGgoods/?S=A" "Mozilla/4.0 (compatible; MSIE 6.0; Windows NT 5.1)"
217.212.224.141 - - [01/Aug/2007:21:49:17 -0700] "GET /ane/episodes/?N=D HTTP/1.0" 200 5092 "-" "psbot/0.1 (+http://www.picsearch.com/bot.html)"
124.157.140.250 - - [01/Aug/2007:21:49:26 -0700] "GET /junk/CGgoods/Bandit1.JPG HTTP/1.1" 200 60936 "http://rpstudios.ian-justman.com/junk/CGgoods/?S=A" "Mozilla/4.0 (compatible; MSIE 6.0; Windows NT 5.1)"
124.157.140.250 - - [01/Aug/2007:21:49:30 -0700] "GET /junk/CGgoods/Agony1.JPG HTTP/1.1" 206 94818 "http://rpstudios.ian-justman.com/junk/CGgoods/?S=A" "Mozilla/4.0 (compatible; MSIE 6.0; Windows NT 5.1)"
124.157.140.250 - - [01/Aug/2007:21:49:50 -0700] "GET /junk/CGgoods/Arwing2-6.JPG HTTP/1.1" 206 62303 "http://rpstudios.ian-justman.com/junk/CGgoods/?S=A" "Mozilla/4.0 (compatible; MSIE 6.0; Windows NT 5.1)"
124.157.140.250 - - [01/Aug/2007:21:49:57 -0700] "GET /junk/CGgoods/Bandit2.JPG HTTP/1.1" 200 53855 "http://rpstudios.ian-justman.com/junk/CGgoods/?S=A" "Mozilla/4.0 (compatible; MSIE 6.0; Windows NT 5.1)"
124.157.140.250 - - [01/Aug/2007:21:50:07 -0700] "GET /junk/CGgoods/Bandit4.JPG HTTP/1.1" 200 31288 "http://rpstudios.ian-justman.com/junk/CGgoods/?S=A" "Mozilla/4.0 (compatible; MSIE 6.0; Windows NT 5.1)"
124.157.140.250 - - [01/Aug/2007:21:50:26 -0700] "GET /junk/CGgoods/Agony1.JPG HTTP/1.1" 206 99932 "http://rpstudios.ian-justman.com/junk/CGgoods/?S=A" "Mozilla/4.0 (compatible; MSIE 6.0; Windows NT 5.1)"
124.157.140.250 - - [01/Aug/2007:21:50:27 -0700] "GET /junk/CGgoods/Arwing2-8.JPG HTTP/1.1" 200 61273 "http://rpstudios.ian-justman.com/junk/CGgoods/?S=A" "Mozilla/4.0 (compatible; MSIE 6.0; Windows NT 5.1)"
124.157.140.250 - - [01/Aug/2007:21:50:41 -0700] "GET /junk/CGgoods/Bandit5.JPG HTTP/1.1" 200 64020 "http://rpstudios.ian-justman.com/junk/CGgoods/?S=A" "Mozilla/4.0 (compatible; MSIE 6.0; Windows NT 5.1)"
217.212.224.147 - - [01/Aug/2007:21:50:41 -0700] "GET /ane/bloopers/ HTTP/1.0" 200 3116 "-" "psbot/0.1 (+http://www.picsearch.com/bot.html)"
124.157.140.250 - - [01/Aug/2007:21:50:49 -0700] "GET /junk/CGgoods/Agony5.JPG HTTP/1.1" 206 90617 "http://rpstudios.ian-justman.com/junk/CGgoods/?S=A" "Mozilla/4.0 (compatible; MSIE 6.0; Windows NT 5.1)"
124.157.140.250 - - [01/Aug/2007:21:50:53 -0700] "GET /junk/CGgoods/Arwing2-2.JPG HTTP/1.1" 206 19929 "http://rpstudios.ian-justman.com/junk/CGgoods/?S=A" "Mozilla/4.0 (compatible; MSIE 6.0; Windows NT 5.1)"
