124.157.140.250 - - [02/Aug/2007:01:30:10 -0700] "GET /junk/CGgoods/Poster.JPG HTTP/1.1" 206 12569 "http://rpstudios.ian-justman.com/junk/CGgoods/?S=A" "Mozilla/4.0 (compatible; MSIE 6.0; Windows NT 5.1)"
124.157.140.250 - - [02/Aug/2007:01:30:29 -0700] "GET /junk/CGgoods/PurifyingBoomer.JPG HTTP/1.1" 200 129873 "http://rpstudios.ian-justman.com/junk/CGgoods/?S=A" "Mozilla/4.0 (compatible; MSIE 6.0; Windows NT 5.1)"
124.157.140.250 - - [02/Aug/2007:01:30:33 -0700] "GET /junk/CGgoods/purgatorydrop3.JPG HTTP/1.1" 206 22243 "http://rpstudios.ian-justman.com/junk/CGgoods/?S=A" "Mozilla/4.0 (compatible; MSIE 6.0; Windows NT 5.1)"
124.157.140.250 - - [02/Aug/2007:01:31:06 -0700] "GET /junk/CGgoods/PoorTori.JPG HTTP/1.1" 206 65418 "http://rpstudios.ian-justman.com/junk/CGgoods/?S=A" "Mozilla/4.0 (compatible; MSIE 6.0; Windows NT 5.1)"
124.157.140.250 - - [02/Aug/2007:01:31:13 -0700] "GET /junk/CGgoods/Nice---wings.JPG HTTP/1.1" 206 117217 "http://rpstudios.ian-justman.com/junk/CGgoods/?S=A" "Mozilla/4.0 (compatible; MSIE 6.0; Windows NT 5.1)"
124.157.140.250 - - [02/Aug/2007:01:31:27 -0700] "GET /junk/CGgoods/PurifyingBoomer.JPG HTTP/1.1" 206 198634 "http://rpstudios.ian-justman.com/junk/CGgoods/?S=A" "Mozilla/4.0 (compatible; MSIE 6.0; Windows NT 5.1)"
124.157.140.250 - - [02/Aug/2007:01:31:30 -0700] "GET /junk/CGgoods/Orca-2.JPG HTTP/1.1" 206 43018 "http://rpstudios.ian-justman.com/junk/CGgoods/?S=A" "Mozilla/4.0 (compatible; MSIE 6.0; Windows NT 5.1)"
124.157.140.250 - - [02/Aug/2007:01:31:31 -0700] "GET /junk/CGgoods/Orca-2.JPG HTTP/1.1" 206 50690 "http://rpstudios.ian-justman.com/junk/CGgoods/?S=A" "Mozilla/4.0 (compatible; MSIE 6.0; Windows NT 5.1)"
124.157.140.250 - - [02/Aug/2007:01:31:35 -0700] "GET /junk/CGgoods/Pie-tillery3.JPG HTTP/1.1" 206 25233 "http://rpstudios.ian-justman.com/junk/CGgoods/?S=A" "Mozilla/4.0 (compatible; MSIE 6.0; Windows NT 5.1)"
124.157.140.250 - - [02/Aug/2007:01:31:43 -0700] "GET /junk/CGgoods/Purgatorydrop.JPG HTTP/1.1" 206 75628 "http://rpstudios.ian-justman.com/junk/CGgoods/?S=A" "Mozilla/4.0 (compatible; MSIE 6.0; Windows NT 5.1)"
124.157.140.250 - - [02/Aug/2007:01:32:10 -0700] "GET /junk/CGgoods/Queens-Wing1.JPG HTTP/1.1" 200 96493 "http://rpstudios.ian-justman.com/junk/CGgoods/?S=A" "Mozilla/4.0 (compatible; MSIE 6.0; Windows NT 5.1)"
124.157.140.250 - - [02/Aug/2007:01:32:17 -0700] "GET /junk/CGgoods/Pie-tillery3.JPG HTTP/1.1" 206 132618 "http://rpstudios.ian-justman.com/junk/CGgoods/?S=A" "Mozilla/4.0 (compatible; MSIE 6.0; Windows NT 5.1)"
124.157.140.250 - - [02/Aug/2007:01:32:19 -0700] "GET /junk/CGgoods/QueenieDiplomacy.JPG HTTP/1.1" 200 152273 "http://rpstudios.ian-justman.com/junk/CGgoods/?S=A" "Mozilla/4.0 (compatible; MSIE 6.0; Windows NT 5.1)"
124.157.140.250 - - [02/Aug/2007:01:32:32 -0700] "GET /junk/CGgoods/Queens1.JPG HTTP/1.1" 200 38875 "http://rpstudios.ian-justman.com/junk/CGgoods/?S=A" "Mozilla/4.0 (compatible; MSIE 6.0; Windows NT 5.1)"
124.157.140.250 - - [02/Aug/2007:01:32:35 -0700] "GET /junk/CGgoods/PWNAGE.JPG HTTP/1.1" 206 160617 "http://rpstudios.ian-justman.com/junk/CGgoods/?S=A" "Mozilla/4.0 (compatible; MSIE 6.0; Windows NT 5.1)"
124.157.140.250 - - [02/Aug/2007:01:32:43 -0700] "GET /junk/CGgoods/QueenieDiplomacy.JPG HTTP/1.1" 206 34468 "http://rpstudios.ian-justman.com/junk/CGgoods/?S=A" "Mozilla/4.0 (compatible; MSIE 6.0; Windows NT 5.1)"
124.157.140.250 - - [02/Aug/2007:01:32:59 -0700] "GET /junk/CGgoods/PWNAGE.JPG HTTP/1.1" 206 17421 "http://rpstudios.ian-justman.com/junk/CGgoods/?S=A" "Mozilla/4.0 (compatible; MSIE 6.0; Windows NT 5.1)"
124.157.140.250 - - [02/Aug/2007:01:33:02 -0700] "GET /junk/CGgoods/Queens1.JPG HTTP/1.1" 206 36223 "http://rpstudios.ian-justman.com/junk/CGgoods/?S=A" "Mozilla/4.0 (compatible; MSIE 6.0; Windows NT 5.1)"
124.157.140.250 - - [02/Aug/2007:01:33:10 -0700] "GET /junk/CGgoods/Purgatorydrop.JPG HTTP/1.1" 206 54218 "http://rpstudios.ian-justman.com/junk/CGgoods/?S=A" "Mozilla/4.0 (compatible; MSIE 6.0; Windows NT 5.1)"
74.6.20.70 - - [02/Aug/2007:01:33:13 -0700] "GET /fanartfiles/?D=A HTTP/1.0" 200 1125 "-" "Mozilla/5.0 (compatible; Yahoo! Slurp; http://help.yahoo.com/help/us/ysearch/slurp)"
74.6.17.224 - - [02/Aug/2007:01:33:25 -0700] "GET /ane/ HTTP/1.0" 200 1642 "-" "Mozilla/5.0 (compatible; Yahoo! Slurp; http://help.yahoo.com/help/us/ysearch/slurp)"
124.157.140.250 - - [02/Aug/2007:01:33:40 -0700] "GET /junk/CGgoods/ram-front.JPG HTTP/1.1" 200 19275 "http://rpstudios.ian-justman.com/junk/CGgoods/?S=A" "Mozilla/4.0 (compatible; MSIE 6.0; Windows NT 5.1)"
124.157.140.250 - - [02/Aug/2007:01:33:42 -0700] "GET /junk/CGgoods/Queens-Wing3.JPG HTTP/1.1" 200 193802 "http://rpstudios.ian-justman.com/junk/CGgoods/?S=A" "Mozilla/4.0 (compatible; MSIE 6.0; Windows NT 5.1)"
124.157.140.250 - - [02/Aug/2007:01:33:43 -0700] "GET /junk/CGgoods/Queens2.JPG HTTP/1.1" 200 22075 "http://rpstudios.ian-justman.com/junk/CGgoods/?S=A" "Mozilla/4.0 (compatible; MSIE 6.0; Windows NT 5.1)"
124.157.140.250 - - [02/Aug/2007:01:33:45 -0700] "GET /junk/CGgoods/PoorTori.JPG HTTP/1.1" 206 50017 "http://rpstudios.ian-justman.com/junk/CGgoods/?S=A" "Mozilla/4.0 (compatible; MSIE 6.0; Windows NT 5.1)"
124.157.140.250 - - [02/Aug/2007:01:33:52 -0700] "GET /junk/CGgoods/ram-rear.JPG HTTP/1.1" 200 20564 "http://rpstudios.ian-justman.com/junk/CGgoods/?S=A" "Mozilla/4.0 (compatible; MSIE 6.0; Windows NT 5.1)"
124.157.140.250 - - [02/Aug/2007:01:33:55 -0700] "GET /junk/CGgoods/ram-side.JPG HTTP/1.1" 200 7772 "http://rpstudios.ian-justman.com/junk/CGgoods/?S=A" "Mozilla/4.0 (compatible; MSIE 6.0; Windows NT 5.1)"
66.249.66.241 - - [02/Aug/2007:01:33:59 -0700] "GET /junk/CGgoods/Arwing2-7.JPG HTTP/1.1" 200 179721 "-" "Googlebot-Image/1.0"
124.157.140.250 - - [02/Aug/2007:01:34:17 -0700] "GET /junk/CGgoods/Orca-2.JPG HTTP/1.1" 206 17818 "http://rpstudios.ian-justman.com/junk/CGgoods/?S=A" "Mozilla/4.0 (compatible; MSIE 6.0; Windows NT 5.1)"
124.157.140.250 - - [02/Aug/2007:01:34:19 -0700] "GET /junk/CGgoods/Queens5.JPG HTTP/1.1" 200 34673 "http://rpstudios.ian-justman.com/junk/CGgoods/?S=A" "Mozilla/4.0 (compatible; MSIE 6.0; Windows NT 5.1)"
124.157.140.250 - - [02/Aug/2007:01:34:38 -0700] "GET /junk/CGgoods/RampagingNavi.JPG HTTP/1.1" 200 23473 "http://rpstudios.ian-justman.com/junk/CGgoods/?S=A" "Mozilla/4.0 (compatible; MSIE 6.0; Windows NT 5.1)"
124.157.140.250 - - [02/Aug/2007:01:34:59 -0700] "GET /junk/CGgoods/ORT.JPG HTTP/1.1" 206 89217 "http://rpstudios.ian-justman.com/junk/CGgoods/?S=A" "Mozilla/4.0 (compatible; MSIE 6.0; Windows NT 5.1)"
124.157.140.250 - - [02/Aug/2007:01:35:00 -0700] "GET /junk/CGgoods/PoorTori.JPG HTTP/1.1" 206 149770 "http://rpstudios.ian-justman.com/junk/CGgoods/?S=A" "Mozilla/4.0 (compatible; MSIE 6.0; Windows NT 5.1)"
66.249.66.241 - - [02/Aug/2007:01:35:04 -0700] "GET /ane/mechmaster/heavyarms1a.jpg HTTP/1.1" 200 74061 "-" "Googlebot-Image/1.0"
124.157.140.250 - - [02/Aug/2007:01:35:05 -0700] "GET /junk/CGgoods/ram-front.JPG HTTP/1.1" 206 12947 "http://rpstudios.ian-justman.com/junk/CGgoods/?S=A" "Mozilla/4.0 (compatible; MSIE 6.0; Windows NT 5.1)"
124.157.140.250 - - [02/Aug/2007:01:35:16 -0700] "GET /junk/CGgoods/RampagingNavi2.JPG HTTP/1.1" 200 19273 "http://rpstudios.ian-justman.com/junk/CGgoods/?S=A" "Mozilla/4.0 (compatible; MSIE 6.0; Windows NT 5.1)"
124.157.140.250 - - [02/Aug/2007:01:35:16 -0700] "GET /junk/CGgoods/Queens-Wing2.JPG HTTP/1.1" 200 101873 "http://rpstudios.ian-justman.com/junk/CGgoods/?S=A" "Mozilla/4.0 (compatible; MSIE 6.0; Windows NT 5.1)"
124.157.140.250 - - [02/Aug/2007:01:36:04 -0700] "GET /junk/CGgoods/Queens4.JPG HTTP/1.1" 200 31873 "http://rpstudios.ian-justman.com/junk/CGgoods/?S=A" "Mozilla/4.0 (compatible; MSIE 6.0; Windows NT 5.1)"
124.157.140.250 - - [02/Aug/2007:01:36:17 -0700] "GET /junk/CGgoods/RepProdtheMod-Bow.JPG HTTP/1.1" 200 29074 "http://rpstudios.ian-justman.com/junk/CGgoods/?S=A" "Mozilla/4.0 (compatible; MSIE 6.0; Windows NT 5.1)"
124.157.140.250 - - [02/Aug/2007:01:36:19 -0700] "GET /junk/CGgoods/Queens2.JPG HTTP/1.1" 206 36023 "http://rpstudios.ian-justman.com/junk/CGgoods/?S=A" "Mozilla/4.0 (compatible; MSIE 6.0; Windows NT 5.1)"
66.249.66.241 - - [02/Aug/2007:01:36:42 -0700] "GET /ane/lyrics/brokenglasstitle.gif HTTP/1.1" 200 16483 "-" "Googlebot-Image/1.0"
124.157.140.250 - - [02/Aug/2007:01:37:01 -0700] "GET /junk/CGgoods/Queens3.JPG HTTP/1.1" 200 64074 "http://rpstudios.ian-justman.com/junk/CGgoods/?S=A" "Mozilla/4.0 (compatible; MSIE 6.0; Windows NT 5.1)"
124.157.140.250 - - [02/Aug/2007:01:37:21 -0700] "GET /junk/CGgoods/Queens3.JPG HTTP/1.1" 206 16421 "http://rpstudios.ian-justman.com/junk/CGgoods/?S=A" "Mozilla/4.0 (compatible; MSIE 6.0; Windows NT 5.1)"
124.157.140.250 - - [02/Aug/2007:01:37:21 -0700] "GET /junk/CGgoods/Queens2.JPG HTTP/1.1" 206 15022 "http://rpstudios.ian-justman.com/junk/CGgoods/?S=A" "Mozilla/4.0 (compatible; MSIE 6.0; Windows NT 5.1)"
124.157.140.250 - - [02/Aug/2007:01:37:22 -0700] "GET /junk/CGgoods/rally.JPG HTTP/1.1" 200 17873 "http://rpstudios.ian-justman.com/junk/CGgoods/?S=A" "Mozilla/4.0 (compatible; MSIE 6.0; Windows NT 5.1)"
124.157.140.250 - - [02/Aug/2007:01:37:44 -0700] "GET /junk/CGgoods/Queens3.JPG HTTP/1.1" 206 13821 "http://rpstudios.ian-justman.com/junk/CGgoods/?S=A" "Mozilla/4.0 (compatible; MSIE 6.0; Windows NT 5.1)"
124.157.140.250 - - [02/Aug/2007:01:37:49 -0700] "GET /junk/CGgoods/Queens-Wing2.JPG HTTP/1.1" 206 55993 "http://rpstudios.ian-justman.com/junk/CGgoods/?S=A" "Mozilla/4.0 (compatible; MSIE 6.0; Windows NT 5.1)"
124.157.140.250 - - [02/Aug/2007:01:38:08 -0700] "GET /junk/CGgoods/RepProdtheMod-BowtodaBoss.JPG HTTP/1.1" 206 16466 "http://rpstudios.ian-justman.com/junk/CGgoods/?S=A" "Mozilla/4.0 (compatible; MSIE 6.0; Windows NT 5.1)"
124.157.140.250 - - [02/Aug/2007:01:38:11 -0700] "GET /junk/CGgoods/rally.JPG HTTP/1.1" 206 302603 "http://rpstudios.ian-justman.com/junk/CGgoods/?S=A" "Mozilla/4.0 (compatible; MSIE 6.0; Windows NT 5.1)"
124.157.140.250 - - [02/Aug/2007:01:38:16 -0700] "GET /junk/CGgoods/Queens2.JPG HTTP/1.1" 206 27865 "http://rpstudios.ian-justman.com/junk/CGgoods/?S=A" "Mozilla/4.0 (compatible; MSIE 6.0; Windows NT 5.1)"
124.157.140.250 - - [02/Aug/2007:01:38:19 -0700] "GET /junk/CGgoods/RampagingNavi2.JPG HTTP/1.1" 206 55619 "http://rpstudios.ian-justman.com/junk/CGgoods/?S=A" "Mozilla/4.0 (compatible; MSIE 6.0; Windows NT 5.1)"
124.157.140.250 - - [02/Aug/2007:01:38:30 -0700] "GET /junk/CGgoods/RepProdtheMod-Bow.JPG HTTP/1.1" 206 27621 "http://rpstudios.ian-justman.com/junk/CGgoods/?S=A" "Mozilla/4.0 (compatible; MSIE 6.0; Windows NT 5.1)"
124.157.140.250 - - [02/Aug/2007:01:38:37 -0700] "GET /junk/CGgoods/Queens-Wing2.JPG HTTP/1.1" 206 16419 "http://rpstudios.ian-justman.com/junk/CGgoods/?S=A" "Mozilla/4.0 (compatible; MSIE 6.0; Windows NT 5.1)"
124.157.140.250 - - [02/Aug/2007:01:38:39 -0700] "GET /junk/CGgoods/RepProdtheModsig.JPG HTTP/1.1" 200 45565 "http://rpstudios.ian-justman.com/junk/CGgoods/?S=A" "Mozilla/4.0 (compatible; MSIE 6.0; Windows NT 5.1)"
124.157.140.250 - - [02/Aug/2007:01:38:48 -0700] "GET /junk/CGgoods/Queens4.JPG HTTP/1.1" 206 176018 "http://rpstudios.ian-justman.com/junk/CGgoods/?S=A" "Mozilla/4.0 (compatible; MSIE 6.0; Windows NT 5.1)"
124.157.140.250 - - [02/Aug/2007:01:38:50 -0700] "GET /junk/CGgoods/RepProdtheMod-NINJA.JPG HTTP/1.1" 200 78820 "http://rpstudios.ian-justman.com/junk/CGgoods/?S=A" "Mozilla/4.0 (compatible; MSIE 6.0; Windows NT 5.1)"
124.157.140.250 - - [02/Aug/2007:01:38:57 -0700] "GET /junk/CGgoods/RampagingNavi3.JPG HTTP/1.1" 200 51473 "http://rpstudios.ian-justman.com/junk/CGgoods/?S=A" "Mozilla/4.0 (compatible; MSIE 6.0; Windows NT 5.1)"
124.157.140.250 - - [02/Aug/2007:01:38:57 -0700] "GET /junk/CGgoods/Queens4.JPG HTTP/1.1" 206 19972 "http://rpstudios.ian-justman.com/junk/CGgoods/?S=A" "Mozilla/4.0 (compatible; MSIE 6.0; Windows NT 5.1)"
124.157.140.250 - - [02/Aug/2007:01:39:05 -0700] "GET /junk/CGgoods/RepProdtheMod-massacre.JPG HTTP/1.1" 200 78073 "http://rpstudios.ian-justman.com/junk/CGgoods/?S=A" "Mozilla/4.0 (compatible; MSIE 6.0; Windows NT 5.1)"
124.157.140.250 - - [02/Aug/2007:01:39:12 -0700] "GET /junk/CGgoods/RepProdtheMod-slashiekilldie.JPG HTTP/1.1" 200 88386 "http://rpstudios.ian-justman.com/junk/CGgoods/?S=A" "Mozilla/4.0 (compatible; MSIE 6.0; Windows NT 5.1)"
124.157.140.250 - - [02/Aug/2007:01:39:12 -0700] "GET /junk/CGgoods/RampagingNavi3.JPG HTTP/1.1" 206 78018 "http://rpstudios.ian-justman.com/junk/CGgoods/?S=A" "Mozilla/4.0 (compatible; MSIE 6.0; Windows NT 5.1)"
124.157.140.250 - - [02/Aug/2007:01:39:18 -0700] "GET /junk/CGgoods/RepProdtheModsig3.JPG HTTP/1.1" 200 34777 "http://rpstudios.ian-justman.com/junk/CGgoods/?S=A" "Mozilla/4.0 (compatible; MSIE 6.0; Windows NT 5.1)"
124.157.140.250 - - [02/Aug/2007:01:39:26 -0700] "GET /junk/CGgoods/RepProdtheMod-BowtodaBoss.JPG HTTP/1.1" 200 89274 "http://rpstudios.ian-justman.com/junk/CGgoods/?S=A" "Mozilla/4.0 (compatible; MSIE 6.0; Windows NT 5.1)"
124.157.140.250 - - [02/Aug/2007:01:39:50 -0700] "GET /junk/CGgoods/RepProdtheMod-massacre.JPG HTTP/1.1" 206 51439 "http://rpstudios.ian-justman.com/junk/CGgoods/?S=A" "Mozilla/4.0 (compatible; MSIE 6.0; Windows NT 5.1)"
124.157.140.250 - - [02/Aug/2007:01:39:55 -0700] "GET /junk/CGgoods/Queens2.JPG HTTP/1.1" 206 11443 "http://rpstudios.ian-justman.com/junk/CGgoods/?S=A" "Mozilla/4.0 (compatible; MSIE 6.0; Windows NT 5.1)"
124.157.140.250 - - [02/Aug/2007:01:40:25 -0700] "GET /junk/CGgoods/RepProdtheMod-Stabbydeath.JPG HTTP/1.1" 200 79203 "http://rpstudios.ian-justman.com/junk/CGgoods/?S=A" "Mozilla/4.0 (compatible; MSIE 6.0; Windows NT 5.1)"
124.157.140.250 - - [02/Aug/2007:01:40:39 -0700] "GET /junk/CGgoods/RepProdtheModsig3.JPG HTTP/1.1" 206 9902 "http://rpstudios.ian-justman.com/junk/CGgoods/?S=A" "Mozilla/4.0 (compatible; MSIE 6.0; Windows NT 5.1)"
124.157.140.250 - - [02/Aug/2007:01:40:40 -0700] "GET /junk/CGgoods/Queens5.JPG HTTP/1.1" 206 160618 "http://rpstudios.ian-justman.com/junk/CGgoods/?S=A" "Mozilla/4.0 (compatible; MSIE 6.0; Windows NT 5.1)"
124.157.140.250 - - [02/Aug/2007:01:40:43 -0700] "GET /junk/CGgoods/RepProdtheModsig2.JPG HTTP/1.1" 200 23475 "http://rpstudios.ian-justman.com/junk/CGgoods/?S=A" "Mozilla/4.0 (compatible; MSIE 6.0; Windows NT 5.1)"
124.157.140.250 - - [02/Aug/2007:01:40:52 -0700] "GET /junk/CGgoods/RampagingNavi2.JPG HTTP/1.1" 206 22018 "http://rpstudios.ian-justman.com/junk/CGgoods/?S=A" "Mozilla/4.0 (compatible; MSIE 6.0; Windows NT 5.1)"
124.157.140.250 - - [02/Aug/2007:01:41:10 -0700] "GET /junk/CGgoods/RFHCoJ3.JPG HTTP/1.1" 200 79921 "http://rpstudios.ian-justman.com/junk/CGgoods/?S=A" "Mozilla/4.0 (compatible; MSIE 6.0; Windows NT 5.1)"
74.6.22.230 - - [02/Aug/2007:01:41:21 -0700] "GET /ane/episodes/ane-ep21.html HTTP/1.0" 200 10216 "-" "Mozilla/5.0 (compatible; Yahoo! Slurp; http://help.yahoo.com/help/us/ysearch/slurp)"
124.157.140.250 - - [02/Aug/2007:01:41:23 -0700] "GET /junk/CGgoods/RepProdtheModsig2.JPG HTTP/1.1" 206 24565 "http://rpstudios.ian-justman.com/junk/CGgoods/?S=A" "Mozilla/4.0 (compatible; MSIE 6.0; Windows NT 5.1)"
66.249.66.241 - - [02/Aug/2007:01:41:31 -0700] "GET /junk/CGgoods/Arwing2-7.JPG HTTP/1.1" 200 149943 "-" "Googlebot-Image/1.0"
124.157.140.250 - - [02/Aug/2007:01:41:35 -0700] "GET /junk/CGgoods/RFHCoJ5.JPG HTTP/1.1" 200 84275 "http://rpstudios.ian-justman.com/junk/CGgoods/?S=A" "Mozilla/4.0 (compatible; MSIE 6.0; Windows NT 5.1)"
124.157.140.250 - - [02/Aug/2007:01:41:50 -0700] "GET /junk/CGgoods/RFHCoJ4.JPG HTTP/1.1" 200 38874 "http://rpstudios.ian-justman.com/junk/CGgoods/?S=A" "Mozilla/4.0 (compatible; MSIE 6.0; Windows NT 5.1)"
124.157.140.250 - - [02/Aug/2007:01:42:05 -0700] "GET /junk/CGgoods/RPDC-QueensWing.JPG HTTP/1.1" 200 106078 "http://rpstudios.ian-justman.com/junk/CGgoods/?S=A" "Mozilla/4.0 (compatible; MSIE 6.0; Windows NT 5.1)"
124.157.140.250 - - [02/Aug/2007:01:42:30 -0700] "GET /junk/CGgoods/RepProdtheMod-Bow.JPG HTTP/1.1" 206 36577 "http://rpstudios.ian-justman.com/junk/CGgoods/?S=A" "Mozilla/4.0 (compatible; MSIE 6.0; Windows NT 5.1)"
124.157.140.250 - - [02/Aug/2007:01:42:34 -0700] "GET /junk/CGgoods/RampagingNavi.JPG HTTP/1.1" 206 101818 "http://rpstudios.ian-justman.com/junk/CGgoods/?S=A" "Mozilla/4.0 (compatible; MSIE 6.0; Windows NT 5.1)"
124.157.140.250 - - [02/Aug/2007:01:42:42 -0700] "GET /junk/CGgoods/RFHCoJ.JPG HTTP/1.1" 200 64073 "http://rpstudios.ian-justman.com/junk/CGgoods/?S=A" "Mozilla/4.0 (compatible; MSIE 6.0; Windows NT 5.1)"
124.157.140.250 - - [02/Aug/2007:01:42:46 -0700] "GET /junk/CGgoods/RFHCoJ2.JPG HTTP/1.1" 200 13674 "http://rpstudios.ian-justman.com/junk/CGgoods/?S=A" "Mozilla/4.0 (compatible; MSIE 6.0; Windows NT 5.1)"
124.157.140.250 - - [02/Aug/2007:01:42:50 -0700] "GET /junk/CGgoods/Queens5.JPG HTTP/1.1" 206 44417 "http://rpstudios.ian-justman.com/junk/CGgoods/?S=A" "Mozilla/4.0 (compatible; MSIE 6.0; Windows NT 5.1)"
124.157.140.250 - - [02/Aug/2007:01:42:54 -0700] "GET /junk/CGgoods/RPRA-AWC04-2.JPG HTTP/1.1" 200 82670 "http://rpstudios.ian-justman.com/junk/CGgoods/?S=A" "Mozilla/4.0 (compatible; MSIE 6.0; Windows NT 5.1)"
124.157.140.250 - - [02/Aug/2007:01:43:06 -0700] "GET /junk/CGgoods/RFHCoJ-Ver2.JPG HTTP/1.1" 200 80356 "http://rpstudios.ian-justman.com/junk/CGgoods/?S=A" "Mozilla/4.0 (compatible; MSIE 6.0; Windows NT 5.1)"
124.157.140.250 - - [02/Aug/2007:01:43:10 -0700] "GET /junk/CGgoods/RampagingNavi3.JPG HTTP/1.1" 206 160617 "http://rpstudios.ian-justman.com/junk/CGgoods/?S=A" "Mozilla/4.0 (compatible; MSIE 6.0; Windows NT 5.1)"
124.157.140.250 - - [02/Aug/2007:01:43:22 -0700] "GET /junk/CGgoods/RPRA-BC01-4.JPG HTTP/1.1" 200 5921 "http://rpstudios.ian-justman.com/junk/CGgoods/?S=A" "Mozilla/4.0 (compatible; MSIE 6.0; Windows NT 5.1)"
124.157.140.250 - - [02/Aug/2007:01:43:48 -0700] "GET /junk/CGgoods/RPRA-AWC04-1.JPG HTTP/1.1" 206 36178 "http://rpstudios.ian-justman.com/junk/CGgoods/?S=A" "Mozilla/4.0 (compatible; MSIE 6.0; Windows NT 5.1)"
124.157.140.250 - - [02/Aug/2007:01:43:55 -0700] "GET /junk/CGgoods/RepProdtheMod-Bow.JPG HTTP/1.1" 206 22021 "http://rpstudios.ian-justman.com/junk/CGgoods/?S=A" "Mozilla/4.0 (compatible; MSIE 6.0; Windows NT 5.1)"
124.157.140.250 - - [02/Aug/2007:01:43:57 -0700] "GET /junk/CGgoods/RPRA-AWC04-1.JPG HTTP/1.1" 200 47274 "http://rpstudios.ian-justman.com/junk/CGgoods/?S=A" "Mozilla/4.0 (compatible; MSIE 6.0; Windows NT 5.1)"
124.157.140.250 - - [02/Aug/2007:01:44:14 -0700] "GET /junk/CGgoods/RFHCoJ.JPG HTTP/1.1" 206 113245 "http://rpstudios.ian-justman.com/junk/CGgoods/?S=A" "Mozilla/4.0 (compatible; MSIE 6.0; Windows NT 5.1)"
124.157.140.250 - - [02/Aug/2007:01:44:20 -0700] "GET /junk/CGgoods/RampagingNavi.JPG HTTP/1.1" 206 118617 "http://rpstudios.ian-justman.com/junk/CGgoods/?S=A" "Mozilla/4.0 (compatible; MSIE 6.0; Windows NT 5.1)"
124.157.140.250 - - [02/Aug/2007:01:44:24 -0700] "GET /junk/CGgoods/RPRA-attack.jpg HTTP/1.1" 200 75273 "http://rpstudios.ian-justman.com/junk/CGgoods/?S=A" "Mozilla/4.0 (compatible; MSIE 6.0; Windows NT 5.1)"
124.157.140.250 - - [02/Aug/2007:01:44:28 -0700] "GET /junk/CGgoods/RampagingNavi2.JPG HTTP/1.1" 206 22018 "http://rpstudios.ian-justman.com/junk/CGgoods/?S=A" "Mozilla/4.0 (compatible; MSIE 6.0; Windows NT 5.1)"
124.157.140.250 - - [02/Aug/2007:01:44:30 -0700] "GET /junk/CGgoods/RampagingNavi.JPG HTTP/1.1" 206 48156 "http://rpstudios.ian-justman.com/junk/CGgoods/?S=A" "Mozilla/4.0 (compatible; MSIE 6.0; Windows NT 5.1)"
124.157.140.250 - - [02/Aug/2007:01:44:35 -0700] "GET /junk/CGgoods/RPRA-BC01-5.JPG HTTP/1.1" 200 7516 "http://rpstudios.ian-justman.com/junk/CGgoods/?S=A" "Mozilla/4.0 (compatible; MSIE 6.0; Windows NT 5.1)"
124.157.140.250 - - [02/Aug/2007:01:44:37 -0700] "GET /junk/CGgoods/RPRA-BC01-6.JPG HTTP/1.1" 200 11449 "http://rpstudios.ian-justman.com/junk/CGgoods/?S=A" "Mozilla/4.0 (compatible; MSIE 6.0; Windows NT 5.1)"
124.157.140.250 - - [02/Aug/2007:01:44:38 -0700] "GET /junk/CGgoods/RPRA-BC01-2.JPG HTTP/1.1" 200 59233 "http://rpstudios.ian-justman.com/junk/CGgoods/?S=A" "Mozilla/4.0 (compatible; MSIE 6.0; Windows NT 5.1)"
124.157.140.250 - - [02/Aug/2007:01:44:39 -0700] "GET /junk/CGgoods/RPRA-BC02-1.JPG HTTP/1.1" 200 4565 "http://rpstudios.ian-justman.com/junk/CGgoods/?S=A" "Mozilla/4.0 (compatible; MSIE 6.0; Windows NT 5.1)"
124.157.140.250 - - [02/Aug/2007:01:44:41 -0700] "GET /junk/CGgoods/RPRA-BC02-2.JPG HTTP/1.1" 200 6027 "http://rpstudios.ian-justman.com/junk/CGgoods/?S=A" "Mozilla/4.0 (compatible; MSIE 6.0; Windows NT 5.1)"
124.157.140.250 - - [02/Aug/2007:01:44:45 -0700] "GET /junk/CGgoods/RPRA-BC02-3.JPG HTTP/1.1" 200 8903 "http://rpstudios.ian-justman.com/junk/CGgoods/?S=A" "Mozilla/4.0 (compatible; MSIE 6.0; Windows NT 5.1)"
124.157.140.250 - - [02/Aug/2007:01:44:47 -0700] "GET /junk/CGgoods/RPRA-BC03-1.JPG HTTP/1.1" 200 6295 "http://rpstudios.ian-justman.com/junk/CGgoods/?S=A" "Mozilla/4.0 (compatible; MSIE 6.0; Windows NT 5.1)"
124.157.140.250 - - [02/Aug/2007:01:44:48 -0700] "GET /junk/CGgoods/RPRA-BC03-2.JPG HTTP/1.1" 200 5138 "http://rpstudios.ian-justman.com/junk/CGgoods/?S=A" "Mozilla/4.0 (compatible; MSIE 6.0; Windows NT 5.1)"
124.157.140.250 - - [02/Aug/2007:01:44:49 -0700] "GET /junk/CGgoods/RampagingNavi3.JPG HTTP/1.1" 206 19217 "http://rpstudios.ian-justman.com/junk/CGgoods/?S=A" "Mozilla/4.0 (compatible; MSIE 6.0; Windows NT 5.1)"
124.157.140.250 - - [02/Aug/2007:01:45:00 -0700] "GET /junk/CGgoods/RPRA-BC03-3.JPG HTTP/1.1" 200 15361 "http://rpstudios.ian-justman.com/junk/CGgoods/?S=A" "Mozilla/4.0 (compatible; MSIE 6.0; Windows NT 5.1)"
124.157.140.250 - - [02/Aug/2007:01:45:11 -0700] "GET /junk/CGgoods/RFHCoJ2.JPG HTTP/1.1" 206 44422 "http://rpstudios.ian-justman.com/junk/CGgoods/?S=A" "Mozilla/4.0 (compatible; MSIE 6.0; Windows NT 5.1)"
124.157.140.250 - - [02/Aug/2007:01:45:13 -0700] "GET /junk/CGgoods/RFHCoJ4.JPG HTTP/1.1" 206 58421 "http://rpstudios.ian-justman.com/junk/CGgoods/?S=A" "Mozilla/4.0 (compatible; MSIE 6.0; Windows NT 5.1)"
124.157.140.250 - - [02/Aug/2007:01:45:15 -0700] "GET /junk/CGgoods/Rpra-bc03-5.jpg HTTP/1.1" 200 29857 "http://rpstudios.ian-justman.com/junk/CGgoods/?S=A" "Mozilla/4.0 (compatible; MSIE 6.0; Windows NT 5.1)"
124.157.140.250 - - [02/Aug/2007:01:45:20 -0700] "GET /junk/CGgoods/Queens5.JPG HTTP/1.1" 206 38817 "http://rpstudios.ian-justman.com/junk/CGgoods/?S=A" "Mozilla/4.0 (compatible; MSIE 6.0; Windows NT 5.1)"
82.54.150.30 - - [02/Aug/2007:01:45:23 -0700] "GET /east/images/image001.jpg HTTP/1.1" 200 18019 "http://dbnow.altervista.org/scheda.php?pg=Dark" "Mozilla/4.0 (compatible; MSIE 6.0; Windows NT 5.1; SV1; FunWebProducts; snprtz|dialno)"
124.157.140.250 - - [02/Aug/2007:01:45:26 -0700] "GET /junk/CGgoods/RFHCoJ4.JPG HTTP/1.1" 206 26564 "http://rpstudios.ian-justman.com/junk/CGgoods/?S=A" "Mozilla/4.0 (compatible; MSIE 6.0; Windows NT 5.1)"
124.157.140.250 - - [02/Aug/2007:01:45:28 -0700] "GET /junk/CGgoods/RPRA-BC03-4.JPG HTTP/1.1" 200 59301 "http://rpstudios.ian-justman.com/junk/CGgoods/?S=A" "Mozilla/4.0 (compatible; MSIE 6.0; Windows NT 5.1)"
124.157.140.250 - - [02/Aug/2007:01:45:31 -0700] "GET /junk/CGgoods/RPRA-BC01-3.JPG HTTP/1.1" 200 38875 "http://rpstudios.ian-justman.com/junk/CGgoods/?S=A" "Mozilla/4.0 (compatible; MSIE 6.0; Windows NT 5.1)"
124.157.140.250 - - [02/Aug/2007:01:45:35 -0700] "GET /junk/CGgoods/RPRA-BC01-3.JPG HTTP/1.1" 206 38570 "http://rpstudios.ian-justman.com/junk/CGgoods/?S=A" "Mozilla/4.0 (compatible; MSIE 6.0; Windows NT 5.1)"
124.157.140.250 - - [02/Aug/2007:01:45:38 -0700] "GET /junk/CGgoods/RampagingNavi3.JPG HTTP/1.1" 206 48618 "http://rpstudios.ian-justman.com/junk/CGgoods/?S=A" "Mozilla/4.0 (compatible; MSIE 6.0; Windows NT 5.1)"
124.157.140.250 - - [02/Aug/2007:01:45:42 -0700] "GET /junk/CGgoods/RPRA-attack.jpg HTTP/1.1" 206 60784 "http://rpstudios.ian-justman.com/junk/CGgoods/?S=A" "Mozilla/4.0 (compatible; MSIE 6.0; Windows NT 5.1)"
81.52.143.15 - - [02/Aug/2007:01:45:57 -0700] "GET /robots.txt HTTP/1.1" 404 581 "-" "Mozilla/5.0 (Windows; U; Windows NT 5.1; fr; rv:1.8.1) VoilaBot BETA 1.2 (http://www.voila.com/)"
124.157.140.250 - - [02/Aug/2007:01:45:59 -0700] "GET /junk/CGgoods/RPRA-BC01-1.JPG HTTP/1.1" 206 47541 "http://rpstudios.ian-justman.com/junk/CGgoods/?S=A" "Mozilla/4.0 (compatible; MSIE 6.0; Windows NT 5.1)"
124.157.140.250 - - [02/Aug/2007:01:46:02 -0700] "GET /junk/CGgoods/RPRA-CC01-2.JPG HTTP/1.1" 200 4924 "http://rpstudios.ian-justman.com/junk/CGgoods/?S=A" "Mozilla/4.0 (compatible; MSIE 6.0; Windows NT 5.1)"
124.157.140.250 - - [02/Aug/2007:01:46:03 -0700] "GET /junk/CGgoods/RPRA-attack.jpg HTTP/1.1" 206 12165 "http://rpstudios.ian-justman.com/junk/CGgoods/?S=A" "Mozilla/4.0 (compatible; MSIE 6.0; Windows NT 5.1)"
81.52.143.15 - - [02/Aug/2007:01:46:04 -0700] "GET /ane/episodes/ane-ep22.html HTTP/1.1" 200 8983 "-" "Mozilla/5.0 (Windows; U; Windows NT 5.1; fr; rv:1.8.1) VoilaBot BETA 1.2 (http://www.voila.com/)"
124.157.140.250 - - [02/Aug/2007:01:46:15 -0700] "GET /junk/CGgoods/RPRA-BC03A-1.JPG HTTP/1.1" 200 63518 "http://rpstudios.ian-justman.com/junk/CGgoods/?S=A" "Mozilla/4.0 (compatible; MSIE 6.0; Windows NT 5.1)"
124.157.140.250 - - [02/Aug/2007:01:46:17 -0700] "GET /junk/CGgoods/RPRA-CC01-3.JPG HTTP/1.1" 200 11502 "http://rpstudios.ian-justman.com/junk/CGgoods/?S=A" "Mozilla/4.0 (compatible; MSIE 6.0; Windows NT 5.1)"
124.157.140.250 - - [02/Aug/2007:01:46:18 -0700] "GET /junk/CGgoods/RPRA-CC01-4.JPG HTTP/1.1" 200 6664 "http://rpstudios.ian-justman.com/junk/CGgoods/?S=A" "Mozilla/4.0 (compatible; MSIE 6.0; Windows NT 5.1)"
124.157.140.250 - - [02/Aug/2007:01:46:19 -0700] "GET /junk/CGgoods/RPRA-CC02-1.JPG HTTP/1.1" 200 5825 "http://rpstudios.ian-justman.com/junk/CGgoods/?S=A" "Mozilla/4.0 (compatible; MSIE 6.0; Windows NT 5.1)"
124.157.140.250 - - [02/Aug/2007:01:46:20 -0700] "GET /junk/CGgoods/RPRA-CC02-2.JPG HTTP/1.1" 200 7702 "http://rpstudios.ian-justman.com/junk/CGgoods/?S=A" "Mozilla/4.0 (compatible; MSIE 6.0; Windows NT 5.1)"
124.157.140.250 - - [02/Aug/2007:01:46:21 -0700] "GET /junk/CGgoods/RPRA-CC02-3.JPG HTTP/1.1" 200 11772 "http://rpstudios.ian-justman.com/junk/CGgoods/?S=A" "Mozilla/4.0 (compatible; MSIE 6.0; Windows NT 5.1)"
124.157.140.250 - - [02/Aug/2007:01:46:38 -0700] "GET /junk/CGgoods/RPRA-BC03-A.JPG HTTP/1.1" 200 53663 "http://rpstudios.ian-justman.com/junk/CGgoods/?S=A" "Mozilla/4.0 (compatible; MSIE 6.0; Windows NT 5.1)"
124.157.140.250 - - [02/Aug/2007:01:46:41 -0700] "GET /junk/CGgoods/RPRA-BC01-1.JPG HTTP/1.1" 200 20675 "http://rpstudios.ian-justman.com/junk/CGgoods/?S=A" "Mozilla/4.0 (compatible; MSIE 6.0; Windows NT 5.1)"
124.157.140.250 - - [02/Aug/2007:01:46:42 -0700] "GET /junk/CGgoods/RPRA-BC02-4.JPG HTTP/1.1" 200 80095 "http://rpstudios.ian-justman.com/junk/CGgoods/?S=A" "Mozilla/4.0 (compatible; MSIE 6.0; Windows NT 5.1)"
124.157.140.250 - - [02/Aug/2007:01:46:51 -0700] "GET /junk/CGgoods/RPRA-CC02-4.JPG HTTP/1.1" 200 104867 "http://rpstudios.ian-justman.com/junk/CGgoods/?S=A" "Mozilla/4.0 (compatible; MSIE 6.0; Windows NT 5.1)"
124.157.140.250 - - [02/Aug/2007:01:46:53 -0700] "GET /junk/CGgoods/RPRA-BC02-4.JPG HTTP/1.1" 206 13159 "http://rpstudios.ian-justman.com/junk/CGgoods/?S=A" "Mozilla/4.0 (compatible; MSIE 6.0; Windows NT 5.1)"
124.157.140.250 - - [02/Aug/2007:01:46:58 -0700] "GET /junk/CGgoods/RPRA-BC03-3.JPG HTTP/1.1" 206 7286 "http://rpstudios.ian-justman.com/junk/CGgoods/?S=A" "Mozilla/4.0 (compatible; MSIE 6.0; Windows NT 5.1)"
124.157.140.250 - - [02/Aug/2007:01:47:20 -0700] "GET /junk/CGgoods/RampagingNavi2.JPG HTTP/1.1" 206 94818 "http://rpstudios.ian-justman.com/junk/CGgoods/?S=A" "Mozilla/4.0 (compatible; MSIE 6.0; Windows NT 5.1)"
124.157.140.250 - - [02/Aug/2007:01:47:30 -0700] "GET /junk/CGgoods/RPRA-CC03-1.JPG HTTP/1.1" 200 71490 "http://rpstudios.ian-justman.com/junk/CGgoods/?S=A" "Mozilla/4.0 (compatible; MSIE 6.0; Windows NT 5.1)"
124.157.140.250 - - [02/Aug/2007:01:47:38 -0700] "GET /junk/CGgoods/RFHCoJ2.JPG HTTP/1.1" 206 31821 "http://rpstudios.ian-justman.com/junk/CGgoods/?S=A" "Mozilla/4.0 (compatible; MSIE 6.0; Windows NT 5.1)"
124.157.140.250 - - [02/Aug/2007:01:48:12 -0700] "GET /junk/CGgoods/Queens5.JPG HTTP/1.1" 206 44418 "http://rpstudios.ian-justman.com/junk/CGgoods/?S=A" "Mozilla/4.0 (compatible; MSIE 6.0; Windows NT 5.1)"
124.157.140.250 - - [02/Aug/2007:01:48:22 -0700] "GET /junk/CGgoods/RPRA-TS03-1.JPG HTTP/1.1" 200 71273 "http://rpstudios.ian-justman.com/junk/CGgoods/?S=A" "Mozilla/4.0 (compatible; MSIE 6.0; Windows NT 5.1)"
124.157.140.250 - - [02/Aug/2007:01:48:45 -0700] "GET /junk/CGgoods/RPRA-TS03-2.JPG HTTP/1.1" 200 79965 "http://rpstudios.ian-justman.com/junk/CGgoods/?S=A" "Mozilla/4.0 (compatible; MSIE 6.0; Windows NT 5.1)"
124.157.140.250 - - [02/Aug/2007:01:48:49 -0700] "GET /junk/CGgoods/RPRA-RU05.JPG HTTP/1.1" 200 26275 "http://rpstudios.ian-justman.com/junk/CGgoods/?S=A" "Mozilla/4.0 (compatible; MSIE 6.0; Windows NT 5.1)"
124.157.140.250 - - [02/Aug/2007:01:48:58 -0700] "GET /junk/CGgoods/RFHCoJ2.JPG HTTP/1.1" 206 38998 "http://rpstudios.ian-justman.com/junk/CGgoods/?S=A" "Mozilla/4.0 (compatible; MSIE 6.0; Windows NT 5.1)"
124.157.140.250 - - [02/Aug/2007:01:49:05 -0700] "GET /junk/CGgoods/RPRA-LX05.JPG HTTP/1.1" 200 38874 "http://rpstudios.ian-justman.com/junk/CGgoods/?S=A" "Mozilla/4.0 (compatible; MSIE 6.0; Windows NT 5.1)"
66.249.66.241 - - [02/Aug/2007:01:49:08 -0700] "GET /photos/ HTTP/1.1" 200 1123 "-" "Mozilla/5.0 (compatible; Googlebot/2.1; +http://www.google.com/bot.html)"
66.249.66.241 - - [02/Aug/2007:01:49:09 -0700] "GET /junk/CGgoods/Arwing2-7.JPG HTTP/1.1" 200 189647 "-" "Googlebot-Image/1.0"
124.157.140.250 - - [02/Aug/2007:01:49:10 -0700] "GET /junk/CGgoods/RPRA-BC03-6.jpg HTTP/1.1" 200 22073 "http://rpstudios.ian-justman.com/junk/CGgoods/?S=A" "Mozilla/4.0 (compatible; MSIE 6.0; Windows NT 5.1)"
124.157.140.250 - - [02/Aug/2007:01:49:20 -0700] "GET /junk/CGgoods/RPRA-RU05.JPG HTTP/1.1" 206 51050 "http://rpstudios.ian-justman.com/junk/CGgoods/?S=A" "Mozilla/4.0 (compatible; MSIE 6.0; Windows NT 5.1)"
124.157.140.250 - - [02/Aug/2007:01:49:32 -0700] "GET /junk/CGgoods/RPRA-SBS07-1.JPG HTTP/1.1" 200 85133 "http://rpstudios.ian-justman.com/junk/CGgoods/?S=A" "Mozilla/4.0 (compatible; MSIE 6.0; Windows NT 5.1)"
66.249.66.241 - - [02/Aug/2007:01:49:50 -0700] "GET /ane/tech/peacemakerlogomini.gif HTTP/1.1" 200 3293 "-" "Googlebot-Image/1.0"
124.157.140.250 - - [02/Aug/2007:01:49:50 -0700] "GET /junk/CGgoods/RPRA-TS05-1.JPG HTTP/1.1" 200 56989 "http://rpstudios.ian-justman.com/junk/CGgoods/?S=A" "Mozilla/4.0 (compatible; MSIE 6.0; Windows NT 5.1)"
124.157.140.250 - - [02/Aug/2007:01:50:09 -0700] "GET /junk/CGgoods/RPRA-CC01-1.JPG HTTP/1.1" 206 17823 "http://rpstudios.ian-justman.com/junk/CGgoods/?S=A" "Mozilla/4.0 (compatible; MSIE 6.0; Windows NT 5.1)"
124.157.140.250 - - [02/Aug/2007:01:50:21 -0700] "GET /junk/CGgoods/RPRA-TS10.JPG HTTP/1.1" 200 85178 "http://rpstudios.ian-justman.com/junk/CGgoods/?S=A" "Mozilla/4.0 (compatible; MSIE 6.0; Windows NT 5.1)"
124.157.140.250 - - [02/Aug/2007:01:50:28 -0700] "GET /junk/CGgoods/RPRA-TS03-2.JPG HTTP/1.1" 206 10291 "http://rpstudios.ian-justman.com/junk/CGgoods/?S=A" "Mozilla/4.0 (compatible; MSIE 6.0; Windows NT 5.1)"
87.19.94.163 - - [02/Aug/2007:01:50:31 -0700] "GET /east/images/image001.jpg HTTP/1.1" 200 14037 "-" "Mozilla/4.0 (compatible; MSIE 6.0; Windows NT 5.1; SV1; .NET CLR 2.0.50727)"
124.157.140.250 - - [02/Aug/2007:01:50:47 -0700] "GET /junk/CGgoods/RPRA-CC01-1.JPG HTTP/1.1" 200 22075 "http://rpstudios.ian-justman.com/junk/CGgoods/?S=A" "Mozilla/4.0 (compatible; MSIE 6.0; Windows NT 5.1)"
124.157.140.250 - - [02/Aug/2007:01:50:56 -0700] "GET /junk/CGgoods/RPRA-TS04-1.jpg HTTP/1.1" 206 62897 "http://rpstudios.ian-justman.com/junk/CGgoods/?S=A" "Mozilla/4.0 (compatible; MSIE 6.0; Windows NT 5.1)"
124.157.140.250 - - [02/Aug/2007:01:50:57 -0700] "GET /junk/CGgoods/RPRA-LX03.JPG HTTP/1.1" 206 47221 "http://rpstudios.ian-justman.com/junk/CGgoods/?S=A" "Mozilla/4.0 (compatible; MSIE 6.0; Windows NT 5.1)"
74.6.22.19 - - [02/Aug/2007:01:50:58 -0700] "GET /east/images/screencaps/Thumbnails/thumb0046%2Ejpg HTTP/1.0" 200 2148 "-" "Mozilla/5.0 (compatible; Yahoo! Slurp; http://help.yahoo.com/help/us/ysearch/slurp)"
124.157.140.250 - - [02/Aug/2007:01:51:04 -0700] "GET /junk/CGgoods/RPRA-LX03.JPG HTTP/1.1" 206 18071 "http://rpstudios.ian-justman.com/junk/CGgoods/?S=A" "Mozilla/4.0 (compatible; MSIE 6.0; Windows NT 5.1)"
124.157.140.250 - - [02/Aug/2007:01:51:13 -0700] "GET /junk/CGgoods/RPRA-LX05.JPG HTTP/1.1" 206 47931 "http://rpstudios.ian-justman.com/junk/CGgoods/?S=A" "Mozilla/4.0 (compatible; MSIE 6.0; Windows NT 5.1)"
66.249.66.241 - - [02/Aug/2007:01:51:17 -0700] "GET /junk/CGgoods/RepProdtheModsig2.JPG HTTP/1.1" 200 35440 "-" "Googlebot-Image/1.0"
124.157.140.250 - - [02/Aug/2007:01:51:31 -0700] "GET /junk/CGgoods/RPRA-CC06.JPG HTTP/1.1" 200 23475 "http://rpstudios.ian-justman.com/junk/CGgoods/?S=A" "Mozilla/4.0 (compatible; MSIE 6.0; Windows NT 5.1)"
124.157.140.250 - - [02/Aug/2007:01:51:40 -0700] "GET /junk/CGgoods/RPRA-LX03.JPG HTTP/1.1" 200 30474 "http://rpstudios.ian-justman.com/junk/CGgoods/?S=A" "Mozilla/4.0 (compatible; MSIE 6.0; Windows NT 5.1)"
124.157.140.250 - - [02/Aug/2007:01:51:49 -0700] "GET /junk/CGgoods/RPRA-TS04-1.jpg HTTP/1.1" 200 83673 "http://rpstudios.ian-justman.com/junk/CGgoods/?S=A" "Mozilla/4.0 (compatible; MSIE 6.0; Windows NT 5.1)"
74.6.27.102 - - [02/Aug/2007:01:51:54 -0700] "GET /east/images/Thumbnails/thumb037%2Ejpg HTTP/1.0" 200 1332 "-" "Mozilla/5.0 (compatible; Yahoo! Slurp; http://help.yahoo.com/help/us/ysearch/slurp)"
124.157.140.250 - - [02/Aug/2007:01:51:55 -0700] "GET /junk/CGgoods/RPRA-BC03-6.jpg HTTP/1.1" 206 70325 "http://rpstudios.ian-justman.com/junk/CGgoods/?S=A" "Mozilla/4.0 (compatible; MSIE 6.0; Windows NT 5.1)"
124.157.140.250 - - [02/Aug/2007:01:52:24 -0700] "GET /junk/CGgoods/RPRA-BC03-6.jpg HTTP/1.1" 206 97619 "http://rpstudios.ian-justman.com/junk/CGgoods/?S=A" "Mozilla/4.0 (compatible; MSIE 6.0; Windows NT 5.1)"
124.157.140.250 - - [02/Aug/2007:01:52:34 -0700] "GET /junk/CGgoods/RPRA-LX05.JPG HTTP/1.1" 206 15021 "http://rpstudios.ian-justman.com/junk/CGgoods/?S=A" "Mozilla/4.0 (compatible; MSIE 6.0; Windows NT 5.1)"
124.157.140.250 - - [02/Aug/2007:01:52:40 -0700] "GET /junk/CGgoods/sassy.JPG HTTP/1.1" 200 51473 "http://rpstudios.ian-justman.com/junk/CGgoods/?S=A" "Mozilla/4.0 (compatible; MSIE 6.0; Windows NT 5.1)"
124.157.140.250 - - [02/Aug/2007:01:52:44 -0700] "GET /junk/CGgoods/RPRA-CC06.JPG HTTP/1.1" 206 21865 "http://rpstudios.ian-justman.com/junk/CGgoods/?S=A" "Mozilla/4.0 (compatible; MSIE 6.0; Windows NT 5.1)"
124.157.140.250 - - [02/Aug/2007:01:52:56 -0700] "GET /junk/CGgoods/RPRA-CC06.JPG HTTP/1.1" 206 31822 "http://rpstudios.ian-justman.com/junk/CGgoods/?S=A" "Mozilla/4.0 (compatible; MSIE 6.0; Windows NT 5.1)"
124.157.140.250 - - [02/Aug/2007:01:53:09 -0700] "GET /junk/CGgoods/sassy2.JPG HTTP/1.1" 200 36073 "http://rpstudios.ian-justman.com/junk/CGgoods/?S=A" "Mozilla/4.0 (compatible; MSIE 6.0; Windows NT 5.1)"
124.157.140.250 - - [02/Aug/2007:01:53:11 -0700] "GET /junk/CGgoods/RPRA-PC02.gif HTTP/1.1" 206 35590 "http://rpstudios.ian-justman.com/junk/CGgoods/?S=A" "Mozilla/4.0 (compatible; MSIE 6.0; Windows NT 5.1)"
124.157.140.250 - - [02/Aug/2007:01:53:33 -0700] "GET /junk/CGgoods/RPRA-PC02.gif HTTP/1.1" 200 68275 "http://rpstudios.ian-justman.com/junk/CGgoods/?S=A" "Mozilla/4.0 (compatible; MSIE 6.0; Windows NT 5.1)"
124.157.140.250 - - [02/Aug/2007:01:54:01 -0700] "GET /junk/CGgoods/Shogunate-aircraft.JPG HTTP/1.1" 200 52873 "http://rpstudios.ian-justman.com/junk/CGgoods/?S=A" "Mozilla/4.0 (compatible; MSIE 6.0; Windows NT 5.1)"
124.157.140.250 - - [02/Aug/2007:01:54:36 -0700] "GET /junk/CGgoods/RPRA-CC01-1.JPG HTTP/1.1" 206 17196 "http://rpstudios.ian-justman.com/junk/CGgoods/?S=A" "Mozilla/4.0 (compatible; MSIE 6.0; Windows NT 5.1)"
74.6.67.231 - - [02/Aug/2007:01:54:43 -0700] "GET /ane/anebackstory.html HTTP/1.0" 200 1648 "-" "Mozilla/5.0 (compatible; Yahoo! Slurp; http://help.yahoo.com/help/us/ysearch/slurp)"
124.157.140.250 - - [02/Aug/2007:01:54:55 -0700] "GET /junk/CGgoods/RunAway1.JPG HTTP/1.1" 200 120073 "http://rpstudios.ian-justman.com/junk/CGgoods/?S=A" "Mozilla/4.0 (compatible; MSIE 6.0; Windows NT 5.1)"
124.157.140.250 - - [02/Aug/2007:01:54:57 -0700] "GET /junk/CGgoods/RPRA-CC06.JPG HTTP/1.1" 206 11043 "http://rpstudios.ian-justman.com/junk/CGgoods/?S=A" "Mozilla/4.0 (compatible; MSIE 6.0; Windows NT 5.1)"
71.92.103.123 - - [02/Aug/2007:01:54:58 -0700] "GET /ane/anemain.html HTTP/1.1" 200 4382 "http://www.google.com/search?q=gundam+wing+fanfiction&hl=en&client=firefox-a&rls=org.mozilla:en-US:official&start=40&sa=N" "Mozilla/5.0 (Windows; U; Windows NT 5.1; en-US; rv:1.8.1.6) Gecko/20070725 Firefox/2.0.0.6"
124.157.140.250 - - [02/Aug/2007:01:55:05 -0700] "GET /junk/CGgoods/RunAway2.JPG HTTP/1.1" 200 64073 "http://rpstudios.ian-justman.com/junk/CGgoods/?S=A" "Mozilla/4.0 (compatible; MSIE 6.0; Windows NT 5.1)"
124.157.140.250 - - [02/Aug/2007:01:55:08 -0700] "GET /junk/CGgoods/sassy.JPG HTTP/1.1" 206 16418 "http://rpstudios.ian-justman.com/junk/CGgoods/?S=A" "Mozilla/4.0 (compatible; MSIE 6.0; Windows NT 5.1)"
124.157.140.250 - - [02/Aug/2007:01:55:10 -0700] "GET /junk/CGgoods/RunAway3.JPG HTTP/1.1" 200 255903 "http://rpstudios.ian-justman.com/junk/CGgoods/?S=A" "Mozilla/4.0 (compatible; MSIE 6.0; Windows NT 5.1)"
124.157.140.250 - - [02/Aug/2007:01:55:31 -0700] "GET /junk/CGgoods/RunAway1.JPG HTTP/1.1" 206 162058 "http://rpstudios.ian-justman.com/junk/CGgoods/?S=A" "Mozilla/4.0 (compatible; MSIE 6.0; Windows NT 5.1)"
124.157.140.250 - - [02/Aug/2007:01:55:45 -0700] "GET /junk/CGgoods/SidesoftheSameCoin.jpg HTTP/1.1" 200 31950 "http://rpstudios.ian-justman.com/junk/CGgoods/?S=A" "Mozilla/4.0 (compatible; MSIE 6.0; Windows NT 5.1)"
124.157.140.250 - - [02/Aug/2007:01:56:09 -0700] "GET /junk/CGgoods/ShotgunDelSol.JPG HTTP/1.1" 200 64073 "http://rpstudios.ian-justman.com/junk/CGgoods/?S=A" "Mozilla/4.0 (compatible; MSIE 6.0; Windows NT 5.1)"
124.157.140.250 - - [02/Aug/2007:01:56:12 -0700] "GET /junk/CGgoods/shogunate-BFGmodel.JPG HTTP/1.1" 206 34201 "http://rpstudios.ian-justman.com/junk/CGgoods/?S=A" "Mozilla/4.0 (compatible; MSIE 6.0; Windows NT 5.1)"
124.157.140.250 - - [02/Aug/2007:01:56:38 -0700] "GET /junk/CGgoods/RPRA-CC01-1.JPG HTTP/1.1" 206 38822 "http://rpstudios.ian-justman.com/junk/CGgoods/?S=A" "Mozilla/4.0 (compatible; MSIE 6.0; Windows NT 5.1)"
124.157.140.250 - - [02/Aug/2007:01:56:42 -0700] "GET /junk/CGgoods/Shogunate-spacedyships.jpg HTTP/1.1" 200 104673 "http://rpstudios.ian-justman.com/junk/CGgoods/?S=A" "Mozilla/4.0 (compatible; MSIE 6.0; Windows NT 5.1)"
213.140.6.100 - - [02/Aug/2007:01:57:06 -0700] "GET /east/images/image001.jpg HTTP/1.1" 200 18097 "http://dbnow.altervista.org/scheda.php?pg=Dark" "Mozilla/4.0 (compatible; MSIE 7.0; Windows NT 5.1; FunWebProducts)"
124.157.140.250 - - [02/Aug/2007:01:57:27 -0700] "GET /junk/CGgoods/sassy2.JPG HTTP/1.1" 206 128418 "http://rpstudios.ian-justman.com/junk/CGgoods/?S=A" "Mozilla/4.0 (compatible; MSIE 6.0; Windows NT 5.1)"
124.157.140.250 - - [02/Aug/2007:01:57:32 -0700] "GET /junk/CGgoods/shogunate-BFGmodel.JPG HTTP/1.1" 200 59874 "http://rpstudios.ian-justman.com/junk/CGgoods/?S=A" "Mozilla/4.0 (compatible; MSIE 6.0; Windows NT 5.1)"
66.249.66.241 - - [02/Aug/2007:01:57:33 -0700] "GET /junk/CGgoods/Arwing2-7.JPG HTTP/1.1" 200 149943 "-" "Googlebot-Image/1.0"
124.157.140.250 - - [02/Aug/2007:01:58:12 -0700] "GET /junk/CGgoods/sk8ergirl.JPG HTTP/1.1" 200 50073 "http://rpstudios.ian-justman.com/junk/CGgoods/?S=A" "Mozilla/4.0 (compatible; MSIE 6.0; Windows NT 5.1)"
124.157.140.250 - - [02/Aug/2007:01:58:28 -0700] "GET /junk/CGgoods/RunAway2.JPG HTTP/1.1" 206 94818 "http://rpstudios.ian-justman.com/junk/CGgoods/?S=A" "Mozilla/4.0 (compatible; MSIE 6.0; Windows NT 5.1)"
124.157.140.250 - - [02/Aug/2007:01:58:38 -0700] "GET /junk/CGgoods/Shogunate-spacedyships.jpg HTTP/1.1" 206 181618 "http://rpstudios.ian-justman.com/junk/CGgoods/?S=A" "Mozilla/4.0 (compatible; MSIE 6.0; Windows NT 5.1)"
124.157.140.250 - - [02/Aug/2007:01:58:38 -0700] "GET /junk/CGgoods/SkateSP1.JPG HTTP/1.1" 200 37473 "http://rpstudios.ian-justman.com/junk/CGgoods/?S=A" "Mozilla/4.0 (compatible; MSIE 6.0; Windows NT 5.1)"
124.157.140.250 - - [02/Aug/2007:01:58:45 -0700] "GET /junk/CGgoods/ShotgunDelSol.JPG HTTP/1.1" 206 43019 "http://rpstudios.ian-justman.com/junk/CGgoods/?S=A" "Mozilla/4.0 (compatible; MSIE 6.0; Windows NT 5.1)"
124.157.140.250 - - [02/Aug/2007:01:58:48 -0700] "GET /junk/CGgoods/RunAway2.JPG HTTP/1.1" 206 38818 "http://rpstudios.ian-justman.com/junk/CGgoods/?S=A" "Mozilla/4.0 (compatible; MSIE 6.0; Windows NT 5.1)"
124.157.140.250 - - [02/Aug/2007:01:58:48 -0700] "GET /junk/CGgoods/SkateSP2.JPG HTTP/1.1" 200 24873 "http://rpstudios.ian-justman.com/junk/CGgoods/?S=A" "Mozilla/4.0 (compatible; MSIE 6.0; Windows NT 5.1)"
124.157.140.250 - - [02/Aug/2007:01:58:50 -0700] "GET /junk/CGgoods/Sienna.JPG HTTP/1.1" 206 37104 "http://rpstudios.ian-justman.com/junk/CGgoods/?S=A" "Mozilla/4.0 (compatible; MSIE 6.0; Windows NT 5.1)"
124.157.140.250 - - [02/Aug/2007:01:58:52 -0700] "GET /junk/CGgoods/Skate2.JPG HTTP/1.1" 200 295073 "http://rpstudios.ian-justman.com/junk/CGgoods/?S=A" "Mozilla/4.0 (compatible; MSIE 6.0; Windows NT 5.1)"
124.157.140.250 - - [02/Aug/2007:01:58:57 -0700] "GET /junk/CGgoods/Shinken-no-juusan.JPG HTTP/1.1" 200 122873 "http://rpstudios.ian-justman.com/junk/CGgoods/?S=A" "Mozilla/4.0 (compatible; MSIE 6.0; Windows NT 5.1)"
124.157.140.250 - - [02/Aug/2007:01:59:00 -0700] "GET /junk/CGgoods/Skate4.JPG HTTP/1.1" 200 45368 "http://rpstudios.ian-justman.com/junk/CGgoods/?S=A" "Mozilla/4.0 (compatible; MSIE 6.0; Windows NT 5.1)"
124.157.140.250 - - [02/Aug/2007:01:59:03 -0700] "GET /junk/CGgoods/Shogunate-aircraft.JPG HTTP/1.1" 206 43018 "http://rpstudios.ian-justman.com/junk/CGgoods/?S=A" "Mozilla/4.0 (compatible; MSIE 6.0; Windows NT 5.1)"
124.157.140.250 - - [02/Aug/2007:01:59:13 -0700] "GET /junk/CGgoods/sassy2.JPG HTTP/1.1" 206 19217 "http://rpstudios.ian-justman.com/junk/CGgoods/?S=A" "Mozilla/4.0 (compatible; MSIE 6.0; Windows NT 5.1)"
124.157.140.250 - - [02/Aug/2007:01:59:16 -0700] "GET /junk/CGgoods/Shinken-no-juusan.JPG HTTP/1.1" 206 33217 "http://rpstudios.ian-justman.com/junk/CGgoods/?S=A" "Mozilla/4.0 (compatible; MSIE 6.0; Windows NT 5.1)"
124.157.140.250 - - [02/Aug/2007:01:59:36 -0700] "GET /junk/CGgoods/Skate3.JPG HTTP/1.1" 200 30473 "http://rpstudios.ian-justman.com/junk/CGgoods/?S=A" "Mozilla/4.0 (compatible; MSIE 6.0; Windows NT 5.1)"
124.157.140.250 - - [02/Aug/2007:01:59:41 -0700] "GET /junk/CGgoods/Sienna.JPG HTTP/1.1" 200 107473 "http://rpstudios.ian-justman.com/junk/CGgoods/?S=A" "Mozilla/4.0 (compatible; MSIE 6.0; Windows NT 5.1)"
124.157.140.250 - - [02/Aug/2007:01:59:42 -0700] "GET /junk/CGgoods/Shogunate-aircraft.JPG HTTP/1.1" 206 17818 "http://rpstudios.ian-justman.com/junk/CGgoods/?S=A" "Mozilla/4.0 (compatible; MSIE 6.0; Windows NT 5.1)"
124.157.140.250 - - [02/Aug/2007:02:00:12 -0700] "GET /junk/CGgoods/Skate1.JPG HTTP/1.1" 200 66873 "http://rpstudios.ian-justman.com/junk/CGgoods/?S=A" "Mozilla/4.0 (compatible; MSIE 6.0; Windows NT 5.1)"
124.157.140.250 - - [02/Aug/2007:02:00:20 -0700] "GET /junk/CGgoods/sassy.JPG HTTP/1.1" 206 26218 "http://rpstudios.ian-justman.com/junk/CGgoods/?S=A" "Mozilla/4.0 (compatible; MSIE 6.0; Windows NT 5.1)"
66.249.66.241 - - [02/Aug/2007:02:00:31 -0700] "GET /east/Miko_Sprites/firefury_sprites/fury001.gif HTTP/1.1" 200 1420 "-" "Googlebot-Image/1.0"
87.5.55.55 - - [02/Aug/2007:02:01:42 -0700] "GET /east/main.html HTTP/1.1" 200 3392 "http://search.alice.it/tools/service/immagini/preview.cgi?qs=kaioshin&imgsz=&offset=36&url=http://rpstudios.ian-justman.com/east/main.html&img=wfytaUfy88TboM:http://rpstudios.ian-justman.com/east/topmenu.gif&formato=485x122%20pixel,%2012K%20-%20gif&oimg=http://rpstudios.ian-justman.com/east/topmenu.gif" "Mozilla/4.0 (compatible; MSIE 6.0; Windows NT 5.1; SV1; .NET CLR 1.1.4322; .NET CLR 2.0.50727)"
87.5.55.55 - - [02/Aug/2007:02:01:46 -0700] "GET /east/gallery.html HTTP/1.1" 200 4311 "http://rpstudios.ian-justman.com/east/main.html" "Mozilla/4.0 (compatible; MSIE 6.0; Windows NT 5.1; SV1; .NET CLR 1.1.4322; .NET CLR 2.0.50727)"
87.5.55.55 - - [02/Aug/2007:02:01:47 -0700] "GET /east/Miko_Sprites/miko005.gif HTTP/1.1" 304 - "http://rpstudios.ian-justman.com/east/gallery.html" "Mozilla/4.0 (compatible; MSIE 6.0; Windows NT 5.1; SV1; .NET CLR 1.1.4322; .NET CLR 2.0.50727)"
87.5.55.55 - - [02/Aug/2007:02:01:47 -0700] "GET /east/images/Thumbnails/thumb002.jpg HTTP/1.1" 304 - "http://rpstudios.ian-justman.com/east/gallery.html" "Mozilla/4.0 (compatible; MSIE 6.0; Windows NT 5.1; SV1; .NET CLR 1.1.4322; .NET CLR 2.0.50727)"
87.5.55.55 - - [02/Aug/2007:02:01:47 -0700] "GET /east/images/Thumbnails/thumb001.jpg HTTP/1.1" 304 - "http://rpstudios.ian-justman.com/east/gallery.html" "Mozilla/4.0 (compatible; MSIE 6.0; Windows NT 5.1; SV1; .NET CLR 1.1.4322; .NET CLR 2.0.50727)"
87.5.55.55 - - [02/Aug/2007:02:01:47 -0700] "GET /east/images/Thumbnails/thumb003.jpg HTTP/1.1" 304 - "http://rpstudios.ian-justman.com/east/gallery.html" "Mozilla/4.0 (compatible; MSIE 6.0; Windows NT 5.1; SV1; .NET CLR 1.1.4322; .NET CLR 2.0.50727)"
87.5.55.55 - - [02/Aug/2007:02:01:47 -0700] "GET /east/images/Thumbnails/thumb004.jpg HTTP/1.1" 304 - "http://rpstudios.ian-justman.com/east/gallery.html" "Mozilla/4.0 (compatible; MSIE 6.0; Windows NT 5.1; SV1; .NET CLR 1.1.4322; .NET CLR 2.0.50727)"
87.5.55.55 - - [02/Aug/2007:02:01:47 -0700] "GET /east/images/Thumbnails/thumb005.jpg HTTP/1.1" 304 - "http://rpstudios.ian-justman.com/east/gallery.html" "Mozilla/4.0 (compatible; MSIE 6.0; Windows NT 5.1; SV1; .NET CLR 1.1.4322; .NET CLR 2.0.50727)"
87.5.55.55 - - [02/Aug/2007:02:01:47 -0700] "GET /east/images/Thumbnails/thumb006.jpg HTTP/1.1" 304 - "http://rpstudios.ian-justman.com/east/gallery.html" "Mozilla/4.0 (compatible; MSIE 6.0; Windows NT 5.1; SV1; .NET CLR 1.1.4322; .NET CLR 2.0.50727)"
87.5.55.55 - - [02/Aug/2007:02:01:48 -0700] "GET /east/images/Thumbnails/thumb007.jpg HTTP/1.1" 304 - "http://rpstudios.ian-justman.com/east/gallery.html" "Mozilla/4.0 (compatible; MSIE 6.0; Windows NT 5.1; SV1; .NET CLR 1.1.4322; .NET CLR 2.0.50727)"
87.5.55.55 - - [02/Aug/2007:02:01:48 -0700] "GET /east/images/Thumbnails/thumb008.jpg HTTP/1.1" 304 - "http://rpstudios.ian-justman.com/east/gallery.html" "Mozilla/4.0 (compatible; MSIE 6.0; Windows NT 5.1; SV1; .NET CLR 1.1.4322; .NET CLR 2.0.50727)"
87.5.55.55 - - [02/Aug/2007:02:01:48 -0700] "GET /east/images/Thumbnails/thumb009.jpg HTTP/1.1" 304 - "http://rpstudios.ian-justman.com/east/gallery.html" "Mozilla/4.0 (compatible; MSIE 6.0; Windows NT 5.1; SV1; .NET CLR 1.1.4322; .NET CLR 2.0.50727)"
87.5.55.55 - - [02/Aug/2007:02:01:48 -0700] "GET /east/images/Thumbnails/thumb010.jpg HTTP/1.1" 304 - "http://rpstudios.ian-justman.com/east/gallery.html" "Mozilla/4.0 (compatible; MSIE 6.0; Windows NT 5.1; SV1; .NET CLR 1.1.4322; .NET CLR 2.0.50727)"
87.5.55.55 - - [02/Aug/2007:02:01:48 -0700] "GET /east/images/Thumbnails/thumb011.jpg HTTP/1.1" 304 - "http://rpstudios.ian-justman.com/east/gallery.html" "Mozilla/4.0 (compatible; MSIE 6.0; Windows NT 5.1; SV1; .NET CLR 1.1.4322; .NET CLR 2.0.50727)"
87.5.55.55 - - [02/Aug/2007:02:01:48 -0700] "GET /east/images/Thumbnails/thumb012.jpg HTTP/1.1" 304 - "http://rpstudios.ian-justman.com/east/gallery.html" "Mozilla/4.0 (compatible; MSIE 6.0; Windows NT 5.1; SV1; .NET CLR 1.1.4322; .NET CLR 2.0.50727)"
87.5.55.55 - - [02/Aug/2007:02:01:48 -0700] "GET /east/images/Thumbnails/thumb013.gif HTTP/1.1" 304 - "http://rpstudios.ian-justman.com/east/gallery.html" "Mozilla/4.0 (compatible; MSIE 6.0; Windows NT 5.1; SV1; .NET CLR 1.1.4322; .NET CLR 2.0.50727)"
87.5.55.55 - - [02/Aug/2007:02:01:48 -0700] "GET /east/images/Thumbnails/thumb014.jpg HTTP/1.1" 304 - "http://rpstudios.ian-justman.com/east/gallery.html" "Mozilla/4.0 (compatible; MSIE 6.0; Windows NT 5.1; SV1; .NET CLR 1.1.4322; .NET CLR 2.0.50727)"
87.5.55.55 - - [02/Aug/2007:02:01:49 -0700] "GET /east/images/Thumbnails/thumb015.gif HTTP/1.1" 304 - "http://rpstudios.ian-justman.com/east/gallery.html" "Mozilla/4.0 (compatible; MSIE 6.0; Windows NT 5.1; SV1; .NET CLR 1.1.4322; .NET CLR 2.0.50727)"
87.5.55.55 - - [02/Aug/2007:02:01:49 -0700] "GET /east/images/Thumbnails/thumb016.gif HTTP/1.1" 304 - "http://rpstudios.ian-justman.com/east/gallery.html" "Mozilla/4.0 (compatible; MSIE 6.0; Windows NT 5.1; SV1; .NET CLR 1.1.4322; .NET CLR 2.0.50727)"
87.5.55.55 - - [02/Aug/2007:02:01:49 -0700] "GET /east/images/Thumbnails/thumb017.gif HTTP/1.1" 304 - "http://rpstudios.ian-justman.com/east/gallery.html" "Mozilla/4.0 (compatible; MSIE 6.0; Windows NT 5.1; SV1; .NET CLR 1.1.4322; .NET CLR 2.0.50727)"
87.5.55.55 - - [02/Aug/2007:02:01:49 -0700] "GET /east/images/Thumbnails/thumb018.gif HTTP/1.1" 304 - "http://rpstudios.ian-justman.com/east/gallery.html" "Mozilla/4.0 (compatible; MSIE 6.0; Windows NT 5.1; SV1; .NET CLR 1.1.4322; .NET CLR 2.0.50727)"
87.5.55.55 - - [02/Aug/2007:02:01:49 -0700] "GET /east/images/Thumbnails/thumb019.gif HTTP/1.1" 304 - "http://rpstudios.ian-justman.com/east/gallery.html" "Mozilla/4.0 (compatible; MSIE 6.0; Windows NT 5.1; SV1; .NET CLR 1.1.4322; .NET CLR 2.0.50727)"
87.5.55.55 - - [02/Aug/2007:02:01:49 -0700] "GET /east/images/Thumbnails/thumb020.gif HTTP/1.1" 304 - "http://rpstudios.ian-justman.com/east/gallery.html" "Mozilla/4.0 (compatible; MSIE 6.0; Windows NT 5.1; SV1; .NET CLR 1.1.4322; .NET CLR 2.0.50727)"
87.5.55.55 - - [02/Aug/2007:02:01:49 -0700] "GET /east/images/Thumbnails/thumb021.gif HTTP/1.1" 304 - "http://rpstudios.ian-justman.com/east/gallery.html" "Mozilla/4.0 (compatible; MSIE 6.0; Windows NT 5.1; SV1; .NET CLR 1.1.4322; .NET CLR 2.0.50727)"
87.5.55.55 - - [02/Aug/2007:02:01:49 -0700] "GET /east/images/Thumbnails/thumb022.gif HTTP/1.1" 304 - "http://rpstudios.ian-justman.com/east/gallery.html" "Mozilla/4.0 (compatible; MSIE 6.0; Windows NT 5.1; SV1; .NET CLR 1.1.4322; .NET CLR 2.0.50727)"
