124.157.140.250 - - [01/Aug/2007:23:25:10 -0700] "GET /junk/CGgoods/FirefuryV6-Twinsword.JPG HTTP/1.1" 206 64017 "http://rpstudios.ian-justman.com/junk/CGgoods/?S=A" "Mozilla/4.0 (compatible; MSIE 6.0; Windows NT 5.1)"
124.157.140.250 - - [01/Aug/2007:23:25:16 -0700] "GET /junk/CGgoods/Firefury-WTF.JPG HTTP/1.1" 206 19218 "http://rpstudios.ian-justman.com/junk/CGgoods/?S=A" "Mozilla/4.0 (compatible; MSIE 6.0; Windows NT 5.1)"
124.157.140.250 - - [01/Aug/2007:23:25:17 -0700] "GET /junk/CGgoods/Furydoken1.JPG HTTP/1.1" 200 68273 "http://rpstudios.ian-justman.com/junk/CGgoods/?S=A" "Mozilla/4.0 (compatible; MSIE 6.0; Windows NT 5.1)"
124.157.140.250 - - [01/Aug/2007:23:25:19 -0700] "GET /junk/CGgoods/Furydoken3.JPG HTTP/1.1" 206 23419 "http://rpstudios.ian-justman.com/junk/CGgoods/?S=A" "Mozilla/4.0 (compatible; MSIE 6.0; Windows NT 5.1)"
124.157.140.250 - - [01/Aug/2007:23:25:26 -0700] "GET /junk/CGgoods/Fireitupalready.JPG HTTP/1.1" 206 24817 "http://rpstudios.ian-justman.com/junk/CGgoods/?S=A" "Mozilla/4.0 (compatible; MSIE 6.0; Windows NT 5.1)"
124.157.140.250 - - [01/Aug/2007:23:25:29 -0700] "GET /junk/CGgoods/Fury-final2.JPG HTTP/1.1" 200 23474 "http://rpstudios.ian-justman.com/junk/CGgoods/?S=A" "Mozilla/4.0 (compatible; MSIE 6.0; Windows NT 5.1)"
217.212.224.149 - - [01/Aug/2007:23:25:38 -0700] "GET /Meow-mix/0005.html HTTP/1.0" 200 1902 "-" "psbot/0.1 (+http://www.picsearch.com/bot.html)"
124.157.140.250 - - [01/Aug/2007:23:25:46 -0700] "GET /junk/CGgoods/Furyarwing.JPG HTTP/1.1" 206 75218 "http://rpstudios.ian-justman.com/junk/CGgoods/?S=A" "Mozilla/4.0 (compatible; MSIE 6.0; Windows NT 5.1)"
124.157.140.250 - - [01/Aug/2007:23:25:50 -0700] "GET /junk/CGgoods/Fury-final3.JPG HTTP/1.1" 200 48673 "http://rpstudios.ian-justman.com/junk/CGgoods/?S=A" "Mozilla/4.0 (compatible; MSIE 6.0; Windows NT 5.1)"
81.52.143.15 - - [01/Aug/2007:23:26:05 -0700] "GET /robots.txt HTTP/1.1" 404 581 "-" "Mozilla/5.0 (Windows; U; Windows NT 5.1; fr; rv:1.8.1) VoilaBot BETA 1.2 (http://www.voila.com/)"
81.52.143.15 - - [01/Aug/2007:23:26:07 -0700] "GET /ane/episodes/ane-ep1.html HTTP/1.1" 200 7607 "-" "Mozilla/5.0 (Windows; U; Windows NT 5.1; fr; rv:1.8.1) VoilaBot BETA 1.2 (http://www.voila.com/)"
124.157.140.250 - - [01/Aug/2007:23:26:27 -0700] "GET /junk/CGgoods/FirefuryV6-TwnSatCan2.JPG HTTP/1.1" 206 31818 "http://rpstudios.ian-justman.com/junk/CGgoods/?S=A" "Mozilla/4.0 (compatible; MSIE 6.0; Windows NT 5.1)"
124.157.140.250 - - [01/Aug/2007:23:26:38 -0700] "GET /junk/CGgoods/Furyarwing2.JPG HTTP/1.1" 206 43018 "http://rpstudios.ian-justman.com/junk/CGgoods/?S=A" "Mozilla/4.0 (compatible; MSIE 6.0; Windows NT 5.1)"
217.212.224.146 - - [01/Aug/2007:23:26:48 -0700] "GET /Meow-mix/0004.html HTTP/1.0" 200 2532 "-" "psbot/0.1 (+http://www.picsearch.com/bot.html)"
124.157.140.250 - - [01/Aug/2007:23:26:59 -0700] "GET /junk/CGgoods/Furydoken1.JPG HTTP/1.1" 206 282303 "http://rpstudios.ian-justman.com/junk/CGgoods/?S=A" "Mozilla/4.0 (compatible; MSIE 6.0; Windows NT 5.1)"
66.249.66.241 - - [01/Aug/2007:23:27:26 -0700] "GET /east/cornerpiece.gif HTTP/1.1" 200 3782 "-" "Googlebot-Image/1.0"
124.157.140.250 - - [01/Aug/2007:23:27:31 -0700] "GET /junk/CGgoods/FirefuryV6-Twinsword.JPG HTTP/1.1" 206 109830 "http://rpstudios.ian-justman.com/junk/CGgoods/?S=A" "Mozilla/4.0 (compatible; MSIE 6.0; Windows NT 5.1)"
74.6.17.18 - - [01/Aug/2007:23:27:39 -0700] "GET /east/links.html HTTP/1.0" 200 3501 "-" "Mozilla/5.0 (compatible; Yahoo! Slurp; http://help.yahoo.com/help/us/ysearch/slurp)"
124.157.140.250 - - [01/Aug/2007:23:28:08 -0700] "GET /junk/CGgoods/Fury-final3.JPG HTTP/1.1" 206 100392 "http://rpstudios.ian-justman.com/junk/CGgoods/?S=A" "Mozilla/4.0 (compatible; MSIE 6.0; Windows NT 5.1)"
217.212.224.149 - - [01/Aug/2007:23:28:08 -0700] "GET /Meow-mix/0003.html HTTP/1.0" 200 2958 "-" "psbot/0.1 (+http://www.picsearch.com/bot.html)"
124.157.140.250 - - [01/Aug/2007:23:28:10 -0700] "GET /junk/CGgoods/Furydoken4.JPG HTTP/1.1" 200 37473 "http://rpstudios.ian-justman.com/junk/CGgoods/?S=A" "Mozilla/4.0 (compatible; MSIE 6.0; Windows NT 5.1)"
124.157.140.250 - - [01/Aug/2007:23:28:11 -0700] "GET /junk/CGgoods/furysig1.JPG HTTP/1.1" 200 9105 "http://rpstudios.ian-justman.com/junk/CGgoods/?S=A" "Mozilla/4.0 (compatible; MSIE 6.0; Windows NT 5.1)"
124.157.140.250 - - [01/Aug/2007:23:28:13 -0700] "GET /junk/CGgoods/furysig2.JPG HTTP/1.1" 200 9131 "http://rpstudios.ian-justman.com/junk/CGgoods/?S=A" "Mozilla/4.0 (compatible; MSIE 6.0; Windows NT 5.1)"
124.157.140.250 - - [01/Aug/2007:23:28:18 -0700] "GET /junk/CGgoods/furysig3.JPG HTTP/1.1" 200 9777 "http://rpstudios.ian-justman.com/junk/CGgoods/?S=A" "Mozilla/4.0 (compatible; MSIE 6.0; Windows NT 5.1)"
124.157.140.250 - - [01/Aug/2007:23:28:25 -0700] "GET /junk/CGgoods/Furydoken4.JPG HTTP/1.1" 206 54218 "http://rpstudios.ian-justman.com/junk/CGgoods/?S=A" "Mozilla/4.0 (compatible; MSIE 6.0; Windows NT 5.1)"
124.157.140.250 - - [01/Aug/2007:23:28:47 -0700] "GET /junk/CGgoods/Fury-final1.JPG HTTP/1.1" 200 16473 "http://rpstudios.ian-justman.com/junk/CGgoods/?S=A" "Mozilla/4.0 (compatible; MSIE 6.0; Windows NT 5.1)"
124.157.140.250 - - [01/Aug/2007:23:28:59 -0700] "GET /junk/CGgoods/Fireitupalready.JPG HTTP/1.1" 206 34618 "http://rpstudios.ian-justman.com/junk/CGgoods/?S=A" "Mozilla/4.0 (compatible; MSIE 6.0; Windows NT 5.1)"
124.157.140.250 - - [01/Aug/2007:23:29:01 -0700] "GET /junk/CGgoods/Fuckedby3badasswomen.JPG HTTP/1.1" 206 158622 "http://rpstudios.ian-justman.com/junk/CGgoods/?S=A" "Mozilla/4.0 (compatible; MSIE 6.0; Windows NT 5.1)"
124.157.140.250 - - [01/Aug/2007:23:29:01 -0700] "GET /junk/CGgoods/Fury-final2.JPG HTTP/1.1" 206 15021 "http://rpstudios.ian-justman.com/junk/CGgoods/?S=A" "Mozilla/4.0 (compatible; MSIE 6.0; Windows NT 5.1)"
124.157.140.250 - - [01/Aug/2007:23:29:02 -0700] "GET /junk/CGgoods/Fury-final4.JPG HTTP/1.1" 200 101873 "http://rpstudios.ian-justman.com/junk/CGgoods/?S=A" "Mozilla/4.0 (compatible; MSIE 6.0; Windows NT 5.1)"
124.157.140.250 - - [01/Aug/2007:23:29:27 -0700] "GET /junk/CGgoods/Furyarwing3.JPG HTTP/1.1" 206 31818 "http://rpstudios.ian-justman.com/junk/CGgoods/?S=A" "Mozilla/4.0 (compatible; MSIE 6.0; Windows NT 5.1)"
124.157.140.250 - - [01/Aug/2007:23:29:28 -0700] "GET /junk/CGgoods/Fury-final2.JPG HTTP/1.1" 206 68936 "http://rpstudios.ian-justman.com/junk/CGgoods/?S=A" "Mozilla/4.0 (compatible; MSIE 6.0; Windows NT 5.1)"
124.157.140.250 - - [01/Aug/2007:23:29:36 -0700] "GET /junk/CGgoods/Furyarwing.JPG HTTP/1.1" 206 79519 "http://rpstudios.ian-justman.com/junk/CGgoods/?S=A" "Mozilla/4.0 (compatible; MSIE 6.0; Windows NT 5.1)"
124.157.140.250 - - [01/Aug/2007:23:29:37 -0700] "GET /junk/CGgoods/Fuckedby3badasswomen.JPG HTTP/1.1" 206 15017 "http://rpstudios.ian-justman.com/junk/CGgoods/?S=A" "Mozilla/4.0 (compatible; MSIE 6.0; Windows NT 5.1)"
124.157.140.250 - - [01/Aug/2007:23:29:59 -0700] "GET /junk/CGgoods/Furydoken3.JPG HTTP/1.1" 206 61218 "http://rpstudios.ian-justman.com/junk/CGgoods/?S=A" "Mozilla/4.0 (compatible; MSIE 6.0; Windows NT 5.1)"
124.157.140.250 - - [01/Aug/2007:23:30:01 -0700] "GET /junk/CGgoods/Furyarwing.JPG HTTP/1.1" 206 9901 "http://rpstudios.ian-justman.com/junk/CGgoods/?S=A" "Mozilla/4.0 (compatible; MSIE 6.0; Windows NT 5.1)"
217.212.224.178 - - [01/Aug/2007:23:30:20 -0700] "GET /Meow-mix/0002.html HTTP/1.0" 200 1931 "-" "psbot/0.1 (+http://www.picsearch.com/bot.html)"
124.157.140.250 - - [01/Aug/2007:23:30:31 -0700] "GET /junk/CGgoods/Fury-final1.JPG HTTP/1.1" 206 69871 "http://rpstudios.ian-justman.com/junk/CGgoods/?S=A" "Mozilla/4.0 (compatible; MSIE 6.0; Windows NT 5.1)"
124.157.140.250 - - [01/Aug/2007:23:30:31 -0700] "GET /junk/CGgoods/Furyarwing2.JPG HTTP/1.1" 206 58418 "http://rpstudios.ian-justman.com/junk/CGgoods/?S=A" "Mozilla/4.0 (compatible; MSIE 6.0; Windows NT 5.1)"
124.157.140.250 - - [01/Aug/2007:23:30:47 -0700] "GET /junk/CGgoods/Fury-final2.JPG HTTP/1.1" 206 29021 "http://rpstudios.ian-justman.com/junk/CGgoods/?S=A" "Mozilla/4.0 (compatible; MSIE 6.0; Windows NT 5.1)"
124.157.140.250 - - [01/Aug/2007:23:31:10 -0700] "GET /junk/CGgoods/Fury-final4.JPG HTTP/1.1" 206 12218 "http://rpstudios.ian-justman.com/junk/CGgoods/?S=A" "Mozilla/4.0 (compatible; MSIE 6.0; Windows NT 5.1)"
124.157.140.250 - - [01/Aug/2007:23:31:18 -0700] "GET /junk/CGgoods/Furydoken4.JPG HTTP/1.1" 206 52818 "http://rpstudios.ian-justman.com/junk/CGgoods/?S=A" "Mozilla/4.0 (compatible; MSIE 6.0; Windows NT 5.1)"
124.157.140.250 - - [01/Aug/2007:23:31:22 -0700] "GET /junk/CGgoods/Fury-final1.JPG HTTP/1.1" 206 48619 "http://rpstudios.ian-justman.com/junk/CGgoods/?S=A" "Mozilla/4.0 (compatible; MSIE 6.0; Windows NT 5.1)"
124.157.140.250 - - [01/Aug/2007:23:31:23 -0700] "GET /junk/CGgoods/Furyarwing3.JPG HTTP/1.1" 206 52472 "http://rpstudios.ian-justman.com/junk/CGgoods/?S=A" "Mozilla/4.0 (compatible; MSIE 6.0; Windows NT 5.1)"
124.157.140.250 - - [01/Aug/2007:23:31:25 -0700] "GET /junk/CGgoods/Fury-Syn1.JPG HTTP/1.1" 200 115113 "http://rpstudios.ian-justman.com/junk/CGgoods/?S=A" "Mozilla/4.0 (compatible; MSIE 6.0; Windows NT 5.1)"
217.212.224.159 - - [01/Aug/2007:23:31:36 -0700] "GET /Meow-mix/0001.html HTTP/1.0" 200 4902 "-" "psbot/0.1 (+http://www.picsearch.com/bot.html)"
124.157.140.250 - - [01/Aug/2007:23:31:50 -0700] "GET /junk/CGgoods/FuryVSHai1.JPG HTTP/1.1" 200 22073 "http://rpstudios.ian-justman.com/junk/CGgoods/?S=A" "Mozilla/4.0 (compatible; MSIE 6.0; Windows NT 5.1)"
124.157.140.250 - - [01/Aug/2007:23:32:04 -0700] "GET /junk/CGgoods/Fury-final5.JPG HTTP/1.1" 200 160673 "http://rpstudios.ian-justman.com/junk/CGgoods/?S=A" "Mozilla/4.0 (compatible; MSIE 6.0; Windows NT 5.1)"
124.157.140.250 - - [01/Aug/2007:23:32:11 -0700] "GET /junk/CGgoods/Furyarwing2.JPG HTTP/1.1" 206 109360 "http://rpstudios.ian-justman.com/junk/CGgoods/?S=A" "Mozilla/4.0 (compatible; MSIE 6.0; Windows NT 5.1)"
124.157.140.250 - - [01/Aug/2007:23:32:15 -0700] "GET /junk/CGgoods/Furyarwing3.JPG HTTP/1.1" 206 22018 "http://rpstudios.ian-justman.com/junk/CGgoods/?S=A" "Mozilla/4.0 (compatible; MSIE 6.0; Windows NT 5.1)"
124.157.140.250 - - [01/Aug/2007:23:32:24 -0700] "GET /junk/CGgoods/fury-tsume.JPG HTTP/1.1" 200 47273 "http://rpstudios.ian-justman.com/junk/CGgoods/?S=A" "Mozilla/4.0 (compatible; MSIE 6.0; Windows NT 5.1)"
124.157.140.250 - - [01/Aug/2007:23:32:40 -0700] "GET /junk/CGgoods/FuryVSHai2.JPG HTTP/1.1" 200 41673 "http://rpstudios.ian-justman.com/junk/CGgoods/?S=A" "Mozilla/4.0 (compatible; MSIE 6.0; Windows NT 5.1)"
66.249.66.241 - - [01/Aug/2007:23:32:56 -0700] "GET /endlessfuel/EF08172001.gif HTTP/1.1" 200 20398 "-" "Googlebot-Image/1.0"
124.157.140.250 - - [01/Aug/2007:23:33:00 -0700] "GET /junk/CGgoods/Fury-Syn1.JPG HTTP/1.1" 206 6240 "http://rpstudios.ian-justman.com/junk/CGgoods/?S=A" "Mozilla/4.0 (compatible; MSIE 6.0; Windows NT 5.1)"
124.157.140.250 - - [01/Aug/2007:23:33:06 -0700] "GET /junk/CGgoods/Fury-Syn2.JPG HTTP/1.1" 200 59873 "http://rpstudios.ian-justman.com/junk/CGgoods/?S=A" "Mozilla/4.0 (compatible; MSIE 6.0; Windows NT 5.1)"
124.157.140.250 - - [01/Aug/2007:23:34:19 -0700] "GET /junk/CGgoods/fury-tsume2.JPG HTTP/1.1" 200 97673 "http://rpstudios.ian-justman.com/junk/CGgoods/?S=A" "Mozilla/4.0 (compatible; MSIE 6.0; Windows NT 5.1)"
124.157.140.250 - - [01/Aug/2007:23:34:20 -0700] "GET /junk/CGgoods/Furydoken3.JPG HTTP/1.1" 206 87818 "http://rpstudios.ian-justman.com/junk/CGgoods/?S=A" "Mozilla/4.0 (compatible; MSIE 6.0; Windows NT 5.1)"
124.157.140.250 - - [01/Aug/2007:23:34:33 -0700] "GET /junk/CGgoods/Fury-final5.JPG HTTP/1.1" 206 33218 "http://rpstudios.ian-justman.com/junk/CGgoods/?S=A" "Mozilla/4.0 (compatible; MSIE 6.0; Windows NT 5.1)"
124.157.140.250 - - [01/Aug/2007:23:34:37 -0700] "GET /junk/CGgoods/Furydoken4.JPG HTTP/1.1" 206 17817 "http://rpstudios.ian-justman.com/junk/CGgoods/?S=A" "Mozilla/4.0 (compatible; MSIE 6.0; Windows NT 5.1)"
74.6.23.204 - - [01/Aug/2007:23:35:23 -0700] "GET /ane/mechmaster/thumbs/thumbterra1%2Ejpg HTTP/1.0" 200 1551 "-" "Mozilla/5.0 (compatible; Yahoo! Slurp; http://help.yahoo.com/help/us/ysearch/slurp)"
124.157.140.250 - - [01/Aug/2007:23:35:41 -0700] "GET /junk/CGgoods/FuryVSHai4.JPG HTTP/1.1" 200 23473 "http://rpstudios.ian-justman.com/junk/CGgoods/?S=A" "Mozilla/4.0 (compatible; MSIE 6.0; Windows NT 5.1)"
124.157.140.250 - - [01/Aug/2007:23:35:42 -0700] "GET /junk/CGgoods/Furydoken4.JPG HTTP/1.1" 206 150448 "http://rpstudios.ian-justman.com/junk/CGgoods/?S=A" "Mozilla/4.0 (compatible; MSIE 6.0; Windows NT 5.1)"
124.157.140.250 - - [01/Aug/2007:23:35:43 -0700] "GET /junk/CGgoods/Fury-Syn2.JPG HTTP/1.1" 206 132618 "http://rpstudios.ian-justman.com/junk/CGgoods/?S=A" "Mozilla/4.0 (compatible; MSIE 6.0; Windows NT 5.1)"
124.157.140.250 - - [01/Aug/2007:23:35:56 -0700] "GET /junk/CGgoods/Furydoken3.JPG HTTP/1.1" 206 26217 "http://rpstudios.ian-justman.com/junk/CGgoods/?S=A" "Mozilla/4.0 (compatible; MSIE 6.0; Windows NT 5.1)"
124.157.140.250 - - [01/Aug/2007:23:36:35 -0700] "GET /junk/CGgoods/fury-tsume2.JPG HTTP/1.1" 206 120463 "http://rpstudios.ian-justman.com/junk/CGgoods/?S=A" "Mozilla/4.0 (compatible; MSIE 6.0; Windows NT 5.1)"
124.157.140.250 - - [01/Aug/2007:23:36:38 -0700] "GET /junk/CGgoods/Fury-final4.JPG HTTP/1.1" 206 90168 "http://rpstudios.ian-justman.com/junk/CGgoods/?S=A" "Mozilla/4.0 (compatible; MSIE 6.0; Windows NT 5.1)"
124.157.140.250 - - [01/Aug/2007:23:36:51 -0700] "GET /junk/CGgoods/FuryVSHai2.JPG HTTP/1.1" 206 129818 "http://rpstudios.ian-justman.com/junk/CGgoods/?S=A" "Mozilla/4.0 (compatible; MSIE 6.0; Windows NT 5.1)"
217.212.224.143 - - [01/Aug/2007:23:37:10 -0700] "GET /Meow-mix/?D=A HTTP/1.0" 200 3282 "-" "psbot/0.1 (+http://www.picsearch.com/bot.html)"
124.157.140.250 - - [01/Aug/2007:23:37:16 -0700] "GET /junk/CGgoods/fury-tsume.JPG HTTP/1.1" 206 78018 "http://rpstudios.ian-justman.com/junk/CGgoods/?S=A" "Mozilla/4.0 (compatible; MSIE 6.0; Windows NT 5.1)"
124.157.140.250 - - [01/Aug/2007:23:37:20 -0700] "GET /junk/CGgoods/fury-tsume.JPG HTTP/1.1" 206 16417 "http://rpstudios.ian-justman.com/junk/CGgoods/?S=A" "Mozilla/4.0 (compatible; MSIE 6.0; Windows NT 5.1)"
124.157.140.250 - - [01/Aug/2007:23:37:25 -0700] "GET /junk/CGgoods/FuryVSHai5.JPG HTTP/1.1" 200 362200 "http://rpstudios.ian-justman.com/junk/CGgoods/?S=A" "Mozilla/4.0 (compatible; MSIE 6.0; Windows NT 5.1)"
124.157.140.250 - - [01/Aug/2007:23:37:27 -0700] "GET /junk/CGgoods/FuryVSHai1.JPG HTTP/1.1" 206 190019 "http://rpstudios.ian-justman.com/junk/CGgoods/?S=A" "Mozilla/4.0 (compatible; MSIE 6.0; Windows NT 5.1)"
124.157.140.250 - - [01/Aug/2007:23:37:29 -0700] "GET /junk/CGgoods/Fury-final4.JPG HTTP/1.1" 206 55617 "http://rpstudios.ian-justman.com/junk/CGgoods/?S=A" "Mozilla/4.0 (compatible; MSIE 6.0; Windows NT 5.1)"
124.157.140.250 - - [01/Aug/2007:23:37:53 -0700] "GET /junk/CGgoods/Gringo.jpg HTTP/1.1" 200 13038 "http://rpstudios.ian-justman.com/junk/CGgoods/?S=A" "Mozilla/4.0 (compatible; MSIE 6.0; Windows NT 5.1)"
124.157.140.250 - - [01/Aug/2007:23:37:54 -0700] "GET /junk/CGgoods/FuryVSHai3.JPG HTTP/1.1" 200 110273 "http://rpstudios.ian-justman.com/junk/CGgoods/?S=A" "Mozilla/4.0 (compatible; MSIE 6.0; Windows NT 5.1)"
124.157.140.250 - - [01/Aug/2007:23:38:23 -0700] "GET /junk/CGgoods/FuryVSHai4.JPG HTTP/1.1" 206 13618 "http://rpstudios.ian-justman.com/junk/CGgoods/?S=A" "Mozilla/4.0 (compatible; MSIE 6.0; Windows NT 5.1)"
124.157.140.250 - - [01/Aug/2007:23:38:23 -0700] "GET /junk/CGgoods/FYUTA-1.JPG HTTP/1.1" 200 26273 "http://rpstudios.ian-justman.com/junk/CGgoods/?S=A" "Mozilla/4.0 (compatible; MSIE 6.0; Windows NT 5.1)"
217.212.224.178 - - [01/Aug/2007:23:38:30 -0700] "GET /Meow-mix/?D=D HTTP/1.0" 200 3282 "-" "psbot/0.1 (+http://www.picsearch.com/bot.html)"
124.157.140.250 - - [01/Aug/2007:23:38:47 -0700] "GET /junk/CGgoods/FuryVSHai1.JPG HTTP/1.1" 206 23417 "http://rpstudios.ian-justman.com/junk/CGgoods/?S=A" "Mozilla/4.0 (compatible; MSIE 6.0; Windows NT 5.1)"
144.96.26.172 - - [01/Aug/2007:23:38:57 -0700] "GET /ane/anemain.html HTTP/1.1" 200 4382 "http://www.google.com/search?hl=en&q=gundam+wing%3A+A+New+Era&btnG=Google+Search" "Mozilla/5.0 (Windows; U; Windows NT 5.1; en-US; rv:1.8.1.6) Gecko/20070725 Firefox/2.0.0.6"
144.96.26.172 - - [01/Aug/2007:23:38:58 -0700] "GET /ane/anemain.html HTTP/1.1" 200 4382 "http://www.google.com/search?hl=en&q=gundam+wing%3A+A+New+Era&btnG=Google+Search" "Mozilla/5.0 (Windows; U; Windows NT 5.1; en-US; rv:1.8.1.6) Gecko/20070725 Firefox/2.0.0.6"
144.96.26.172 - - [01/Aug/2007:23:38:58 -0700] "GET /ane/stars.gif HTTP/1.1" 200 1909 "http://rpstudios.ian-justman.com/ane/anemain.html" "Mozilla/5.0 (Windows; U; Windows NT 5.1; en-US; rv:1.8.1.6) Gecko/20070725 Firefox/2.0.0.6"
144.96.26.172 - - [01/Aug/2007:23:39:08 -0700] "GET /ane/anelogo1.gif HTTP/1.1" 200 17944 "http://rpstudios.ian-justman.com/ane/anemain.html" "Mozilla/5.0 (Windows; U; Windows NT 5.1; en-US; rv:1.8.1.6) Gecko/20070725 Firefox/2.0.0.6"
144.96.26.172 - - [01/Aug/2007:23:39:20 -0700] "GET /ane/milkyway.gif HTTP/1.1" 200 3276 "http://rpstudios.ian-justman.com/ane/anemain.html" "Mozilla/5.0 (Windows; U; Windows NT 5.1; en-US; rv:1.8.1.6) Gecko/20070725 Firefox/2.0.0.6"
144.96.26.172 - - [01/Aug/2007:23:39:22 -0700] "GET /favicon.ico HTTP/1.1" 404 299 "-" "Mozilla/5.0 (Windows; U; Windows NT 5.1; en-US; rv:1.8.1.6) Gecko/20070725 Firefox/2.0.0.6"
144.96.26.172 - - [01/Aug/2007:23:39:22 -0700] "GET /ane/episodes/stars.gif HTTP/1.1" 200 1909 "http://rpstudios.ian-justman.com/ane/episodes/ane-ep10.html" "Mozilla/5.0 (Windows; U; Windows NT 5.1; en-US; rv:1.8.1.6) Gecko/20070725 Firefox/2.0.0.6"
144.96.26.172 - - [01/Aug/2007:23:39:23 -0700] "GET /ane/episodes/ane-ep10.html HTTP/1.1" 200 11811 "http://rpstudios.ian-justman.com/ane/anemain.html" "Mozilla/5.0 (Windows; U; Windows NT 5.1; en-US; rv:1.8.1.6) Gecko/20070725 Firefox/2.0.0.6"
144.96.26.172 - - [01/Aug/2007:23:39:25 -0700] "GET /ane/episodes/milkyway.gif HTTP/1.1" 200 3276 "http://rpstudios.ian-justman.com/ane/episodes/ane-ep10.html" "Mozilla/5.0 (Windows; U; Windows NT 5.1; en-US; rv:1.8.1.6) Gecko/20070725 Firefox/2.0.0.6"
124.157.140.250 - - [01/Aug/2007:23:39:30 -0700] "GET /junk/CGgoods/gattlinzofd00m.JPG HTTP/1.1" 206 20619 "http://rpstudios.ian-justman.com/junk/CGgoods/?S=A" "Mozilla/4.0 (compatible; MSIE 6.0; Windows NT 5.1)"
144.96.26.172 - - [01/Aug/2007:23:39:31 -0700] "GET /ane/stars.gif HTTP/1.1" 206 809 "http://rpstudios.ian-justman.com/ane/anemain.html" "Mozilla/5.0 (Windows; U; Windows NT 5.1; en-US; rv:1.8.1.6) Gecko/20070725 Firefox/2.0.0.6"
144.96.26.172 - - [01/Aug/2007:23:39:31 -0700] "GET /ane/milkyway.gif HTTP/1.1" 206 716 "http://rpstudios.ian-justman.com/ane/anemain.html" "Mozilla/5.0 (Windows; U; Windows NT 5.1; en-US; rv:1.8.1.6) Gecko/20070725 Firefox/2.0.0.6"
144.96.26.172 - - [01/Aug/2007:23:39:32 -0700] "GET /ane/anelogo1.gif HTTP/1.1" 206 12785 "http://rpstudios.ian-justman.com/ane/anemain.html" "Mozilla/5.0 (Windows; U; Windows NT 5.1; en-US; rv:1.8.1.6) Gecko/20070725 Firefox/2.0.0.6"
144.96.26.172 - - [01/Aug/2007:23:39:33 -0700] "GET /ane/episodes/ane-ep9.html HTTP/1.1" 200 9073 "http://rpstudios.ian-justman.com/ane/anemain.html" "Mozilla/5.0 (Windows; U; Windows NT 5.1; en-US; rv:1.8.1.6) Gecko/20070725 Firefox/2.0.0.6"
144.96.26.172 - - [01/Aug/2007:23:39:33 -0700] "GET /ane/episodes/anelogo1.gif HTTP/1.1" 200 13440 "http://rpstudios.ian-justman.com/ane/episodes/ane-ep10.html" "Mozilla/5.0 (Windows; U; Windows NT 5.1; en-US; rv:1.8.1.6) Gecko/20070725 Firefox/2.0.0.6"
124.157.140.250 - - [01/Aug/2007:23:39:35 -0700] "GET /junk/CGgoods/Fury-final4.JPG HTTP/1.1" 206 94778 "http://rpstudios.ian-justman.com/junk/CGgoods/?S=A" "Mozilla/4.0 (compatible; MSIE 6.0; Windows NT 5.1)"
144.96.26.172 - - [01/Aug/2007:23:39:42 -0700] "GET /ane/episodes/anelogo1.gif HTTP/1.1" 200 17944 "http://rpstudios.ian-justman.com/ane/episodes/ane-ep9.html" "Mozilla/5.0 (Windows; U; Windows NT 5.1; en-US; rv:1.8.1.6) Gecko/20070725 Firefox/2.0.0.6"
144.96.26.172 - - [01/Aug/2007:23:39:42 -0700] "GET /ane/anelogo1.gif HTTP/1.1" 206 7359 "http://rpstudios.ian-justman.com/ane/anemain.html" "Mozilla/5.0 (Windows; U; Windows NT 5.1; en-US; rv:1.8.1.6) Gecko/20070725 Firefox/2.0.0.6"
144.96.26.172 - - [01/Aug/2007:23:39:45 -0700] "GET /ane/episodes/ane-ep8.html HTTP/1.1" 200 8379 "http://rpstudios.ian-justman.com/ane/anemain.html" "Mozilla/5.0 (Windows; U; Windows NT 5.1; en-US; rv:1.8.1.6) Gecko/20070725 Firefox/2.0.0.6"
144.96.26.172 - - [01/Aug/2007:23:39:51 -0700] "GET /ane/episodes/anelogo1.gif HTTP/1.1" 206 11735 "http://rpstudios.ian-justman.com/ane/episodes/ane-ep8.html" "Mozilla/5.0 (Windows; U; Windows NT 5.1; en-US; rv:1.8.1.6) Gecko/20070725 Firefox/2.0.0.6"
144.96.26.172 - - [01/Aug/2007:23:39:54 -0700] "GET /ane/episodes/ane-ep7.html HTTP/1.1" 200 8805 "http://rpstudios.ian-justman.com/ane/anemain.html" "Mozilla/5.0 (Windows; U; Windows NT 5.1; en-US; rv:1.8.1.6) Gecko/20070725 Firefox/2.0.0.6"
217.212.224.178 - - [01/Aug/2007:23:39:55 -0700] "GET /Meow-mix/?N=A HTTP/1.0" 200 3282 "-" "psbot/0.1 (+http://www.picsearch.com/bot.html)"
144.96.26.172 - - [01/Aug/2007:23:39:58 -0700] "GET /ane/episodes/ane-ep7.html HTTP/1.1" 200 8806 "http://rpstudios.ian-justman.com/ane/anemain.html" "Mozilla/5.0 (Windows; U; Windows NT 5.1; en-US; rv:1.8.1.6) Gecko/20070725 Firefox/2.0.0.6"
144.96.26.172 - - [01/Aug/2007:23:39:58 -0700] "GET /ane/episodes/anelogo1.gif HTTP/1.1" 206 4848 "http://rpstudios.ian-justman.com/ane/episodes/ane-ep7.html" "Mozilla/5.0 (Windows; U; Windows NT 5.1; en-US; rv:1.8.1.6) Gecko/20070725 Firefox/2.0.0.6"
124.157.140.250 - - [01/Aug/2007:23:39:58 -0700] "GET /junk/CGgoods/FuryVSHai2.JPG HTTP/1.1" 206 79417 "http://rpstudios.ian-justman.com/junk/CGgoods/?S=A" "Mozilla/4.0 (compatible; MSIE 6.0; Windows NT 5.1)"
124.157.140.250 - - [01/Aug/2007:23:40:15 -0700] "GET /junk/CGgoods/Fury-final5.JPG HTTP/1.1" 206 22559 "http://rpstudios.ian-justman.com/junk/CGgoods/?S=A" "Mozilla/4.0 (compatible; MSIE 6.0; Windows NT 5.1)"
124.157.140.250 - - [01/Aug/2007:23:40:20 -0700] "GET /junk/CGgoods/Fury-final5.JPG HTTP/1.1" 206 54218 "http://rpstudios.ian-justman.com/junk/CGgoods/?S=A" "Mozilla/4.0 (compatible; MSIE 6.0; Windows NT 5.1)"
124.157.140.250 - - [01/Aug/2007:23:40:27 -0700] "GET /junk/CGgoods/gattlinzofd00m.JPG HTTP/1.1" 200 30473 "http://rpstudios.ian-justman.com/junk/CGgoods/?S=A" "Mozilla/4.0 (compatible; MSIE 6.0; Windows NT 5.1)"
85.214.67.89 - - [01/Aug/2007:23:40:28 -0700] "GET /junk/CGgoods/Modsig2.JPG HTTP/1.1" 200 18617 "http://repprodthemod.blogspot.com/" "Mozilla/4.0 (compatible; MSIE 7.0; Windows NT 5.2; .NET CLR 1.1.4322; .NET CLR 2.0.50727; .NET CLR 3.0.04506.30)"
66.249.66.241 - - [01/Aug/2007:23:40:31 -0700] "GET /endlessfuel/EF20011005.gif HTTP/1.1" 200 51770 "-" "Googlebot-Image/1.0"
124.157.140.250 - - [01/Aug/2007:23:40:46 -0700] "GET /junk/CGgoods/fury-tsume.JPG HTTP/1.1" 206 16417 "http://rpstudios.ian-justman.com/junk/CGgoods/?S=A" "Mozilla/4.0 (compatible; MSIE 6.0; Windows NT 5.1)"
124.157.140.250 - - [01/Aug/2007:23:40:55 -0700] "GET /junk/CGgoods/Fury-Syn2.JPG HTTP/1.1" 206 57870 "http://rpstudios.ian-justman.com/junk/CGgoods/?S=A" "Mozilla/4.0 (compatible; MSIE 6.0; Windows NT 5.1)"
72.199.25.162 - - [01/Aug/2007:23:41:13 -0700] "GET /junk/deepseadolphin.jpg HTTP/1.1" 200 11029 "http://mikomicon.com/phpBB/viewtopic.php?t=246" "Mozilla/5.0 (Windows; U; Windows NT 5.1; en-US; rv:1.8.0.12) Gecko/20070508 Firefox/1.5.0.12"
124.157.140.250 - - [01/Aug/2007:23:41:23 -0700] "GET /junk/CGgoods/Fury-Syn2.JPG HTTP/1.1" 206 142417 "http://rpstudios.ian-justman.com/junk/CGgoods/?S=A" "Mozilla/4.0 (compatible; MSIE 6.0; Windows NT 5.1)"
217.212.224.146 - - [01/Aug/2007:23:41:24 -0700] "GET /Meow-mix/?S=A HTTP/1.0" 200 3282 "-" "psbot/0.1 (+http://www.picsearch.com/bot.html)"
124.157.140.250 - - [01/Aug/2007:23:41:55 -0700] "GET /junk/CGgoods/FYUTA-1.JPG HTTP/1.1" 206 27618 "http://rpstudios.ian-justman.com/junk/CGgoods/?S=A" "Mozilla/4.0 (compatible; MSIE 6.0; Windows NT 5.1)"
124.157.140.250 - - [01/Aug/2007:23:42:04 -0700] "GET /junk/CGgoods/FuryVSHai3.JPG HTTP/1.1" 206 183018 "http://rpstudios.ian-justman.com/junk/CGgoods/?S=A" "Mozilla/4.0 (compatible; MSIE 6.0; Windows NT 5.1)"
124.157.140.250 - - [01/Aug/2007:23:42:09 -0700] "GET /junk/CGgoods/group3.JPG HTTP/1.1" 200 36073 "http://rpstudios.ian-justman.com/junk/CGgoods/?S=A" "Mozilla/4.0 (compatible; MSIE 6.0; Windows NT 5.1)"
74.6.28.210 - - [01/Aug/2007:23:42:17 -0700] "GET /ane/mechmaster/thumbs/thumbgryphon3%2Ejpg HTTP/1.0" 200 2124 "-" "Mozilla/5.0 (compatible; Yahoo! Slurp; http://help.yahoo.com/help/us/ysearch/slurp)"
124.157.140.250 - - [01/Aug/2007:23:42:25 -0700] "GET /junk/CGgoods/FuryVSHai1.JPG HTTP/1.1" 206 23417 "http://rpstudios.ian-justman.com/junk/CGgoods/?S=A" "Mozilla/4.0 (compatible; MSIE 6.0; Windows NT 5.1)"
124.157.140.250 - - [01/Aug/2007:23:42:36 -0700] "GET /junk/CGgoods/Group1.JPG HTTP/1.1" 206 13977 "http://rpstudios.ian-justman.com/junk/CGgoods/?S=A" "Mozilla/4.0 (compatible; MSIE 6.0; Windows NT 5.1)"
66.249.66.241 - - [01/Aug/2007:23:42:37 -0700] "GET /endlessfuel/v2-5imap.gif HTTP/1.1" 200 30432 "-" "Googlebot-Image/1.0"
217.212.224.162 - - [01/Aug/2007:23:42:46 -0700] "GET /Meow-mix/?S=D HTTP/1.0" 200 3282 "-" "psbot/0.1 (+http://www.picsearch.com/bot.html)"
124.157.140.250 - - [01/Aug/2007:23:42:53 -0700] "GET /junk/CGgoods/Group1.JPG HTTP/1.1" 200 47275 "http://rpstudios.ian-justman.com/junk/CGgoods/?S=A" "Mozilla/4.0 (compatible; MSIE 6.0; Windows NT 5.1)"
124.157.140.250 - - [01/Aug/2007:23:42:53 -0700] "GET /junk/CGgoods/GetOutoftheWay.JPG HTTP/1.1" 200 34673 "http://rpstudios.ian-justman.com/junk/CGgoods/?S=A" "Mozilla/4.0 (compatible; MSIE 6.0; Windows NT 5.1)"
124.157.140.250 - - [01/Aug/2007:23:43:01 -0700] "GET /junk/CGgoods/group2.JPG HTTP/1.1" 200 89273 "http://rpstudios.ian-justman.com/junk/CGgoods/?S=A" "Mozilla/4.0 (compatible; MSIE 6.0; Windows NT 5.1)"
124.157.140.250 - - [01/Aug/2007:23:43:30 -0700] "GET /junk/CGgoods/FuryVSHai4.JPG HTTP/1.1" 206 57018 "http://rpstudios.ian-justman.com/junk/CGgoods/?S=A" "Mozilla/4.0 (compatible; MSIE 6.0; Windows NT 5.1)"
124.157.140.250 - - [01/Aug/2007:23:43:33 -0700] "GET /junk/CGgoods/gattlinzofd00m.JPG HTTP/1.1" 206 80895 "http://rpstudios.ian-justman.com/junk/CGgoods/?S=A" "Mozilla/4.0 (compatible; MSIE 6.0; Windows NT 5.1)"
124.157.140.250 - - [01/Aug/2007:23:43:40 -0700] "GET /junk/CGgoods/FuryVSHai4.JPG HTTP/1.1" 206 29018 "http://rpstudios.ian-justman.com/junk/CGgoods/?S=A" "Mozilla/4.0 (compatible; MSIE 6.0; Windows NT 5.1)"
124.157.140.250 - - [01/Aug/2007:23:43:57 -0700] "GET /junk/CGgoods/group4.JPG HTTP/1.1" 200 29073 "http://rpstudios.ian-justman.com/junk/CGgoods/?S=A" "Mozilla/4.0 (compatible; MSIE 6.0; Windows NT 5.1)"
217.212.224.147 - - [01/Aug/2007:23:44:07 -0700] "GET /Meow-mix/?M=A HTTP/1.0" 200 3282 "-" "psbot/0.1 (+http://www.picsearch.com/bot.html)"
124.157.140.250 - - [01/Aug/2007:23:44:11 -0700] "GET /junk/CGgoods/group3.JPG HTTP/1.1" 206 22018 "http://rpstudios.ian-justman.com/junk/CGgoods/?S=A" "Mozilla/4.0 (compatible; MSIE 6.0; Windows NT 5.1)"
124.157.140.250 - - [01/Aug/2007:23:44:18 -0700] "GET /junk/CGgoods/GetOutoftheWay.JPG HTTP/1.1" 206 44418 "http://rpstudios.ian-justman.com/junk/CGgoods/?S=A" "Mozilla/4.0 (compatible; MSIE 6.0; Windows NT 5.1)"
124.157.140.250 - - [01/Aug/2007:23:44:40 -0700] "GET /junk/CGgoods/FuryVSHai2.JPG HTTP/1.1" 206 40217 "http://rpstudios.ian-justman.com/junk/CGgoods/?S=A" "Mozilla/4.0 (compatible; MSIE 6.0; Windows NT 5.1)"
124.157.140.250 - - [01/Aug/2007:23:44:42 -0700] "GET /junk/CGgoods/GetOutoftheWay.JPG HTTP/1.1" 206 38818 "http://rpstudios.ian-justman.com/junk/CGgoods/?S=A" "Mozilla/4.0 (compatible; MSIE 6.0; Windows NT 5.1)"
124.157.140.250 - - [01/Aug/2007:23:44:45 -0700] "GET /junk/CGgoods/fury-tsume.JPG HTTP/1.1" 206 85017 "http://rpstudios.ian-justman.com/junk/CGgoods/?S=A" "Mozilla/4.0 (compatible; MSIE 6.0; Windows NT 5.1)"
124.157.140.250 - - [01/Aug/2007:23:44:53 -0700] "GET /junk/CGgoods/group3.JPG HTTP/1.1" 206 102464 "http://rpstudios.ian-justman.com/junk/CGgoods/?S=A" "Mozilla/4.0 (compatible; MSIE 6.0; Windows NT 5.1)"
124.157.140.250 - - [01/Aug/2007:23:44:57 -0700] "GET /junk/CGgoods/gattlinzofd00m.JPG HTTP/1.1" 206 8476 "http://rpstudios.ian-justman.com/junk/CGgoods/?S=A" "Mozilla/4.0 (compatible; MSIE 6.0; Windows NT 5.1)"
124.157.140.250 - - [01/Aug/2007:23:45:00 -0700] "GET /junk/CGgoods/group2.JPG HTTP/1.1" 206 27062 "http://rpstudios.ian-justman.com/junk/CGgoods/?S=A" "Mozilla/4.0 (compatible; MSIE 6.0; Windows NT 5.1)"
124.157.140.250 - - [01/Aug/2007:23:45:22 -0700] "GET /junk/CGgoods/FuryVSHai4.JPG HTTP/1.1" 206 45818 "http://rpstudios.ian-justman.com/junk/CGgoods/?S=A" "Mozilla/4.0 (compatible; MSIE 6.0; Windows NT 5.1)"
124.157.140.250 - - [01/Aug/2007:23:45:25 -0700] "GET /junk/CGgoods/FuryVSHai3.JPG HTTP/1.1" 206 26217 "http://rpstudios.ian-justman.com/junk/CGgoods/?S=A" "Mozilla/4.0 (compatible; MSIE 6.0; Windows NT 5.1)"
217.212.224.159 - - [01/Aug/2007:23:45:29 -0700] "GET /Meow-mix/?M=D HTTP/1.0" 200 3282 "-" "psbot/0.1 (+http://www.picsearch.com/bot.html)"
124.157.140.250 - - [01/Aug/2007:23:45:35 -0700] "GET /junk/CGgoods/FYUTA-1.JPG HTTP/1.1" 206 76618 "http://rpstudios.ian-justman.com/junk/CGgoods/?S=A" "Mozilla/4.0 (compatible; MSIE 6.0; Windows NT 5.1)"
124.157.140.250 - - [01/Aug/2007:23:45:45 -0700] "GET /junk/CGgoods/Group1.JPG HTTP/1.1" 206 26222 "http://rpstudios.ian-justman.com/junk/CGgoods/?S=A" "Mozilla/4.0 (compatible; MSIE 6.0; Windows NT 5.1)"
124.157.140.250 - - [01/Aug/2007:23:45:47 -0700] "GET /junk/CGgoods/FuryVSHai3.JPG HTTP/1.1" 206 88337 "http://rpstudios.ian-justman.com/junk/CGgoods/?S=A" "Mozilla/4.0 (compatible; MSIE 6.0; Windows NT 5.1)"
124.157.140.250 - - [01/Aug/2007:23:46:05 -0700] "GET /junk/CGgoods/FuryVSHai1.JPG HTTP/1.1" 206 160617 "http://rpstudios.ian-justman.com/junk/CGgoods/?S=A" "Mozilla/4.0 (compatible; MSIE 6.0; Windows NT 5.1)"
124.157.140.250 - - [01/Aug/2007:23:46:32 -0700] "GET /junk/CGgoods/group2.JPG HTTP/1.1" 206 7843 "http://rpstudios.ian-justman.com/junk/CGgoods/?S=A" "Mozilla/4.0 (compatible; MSIE 6.0; Windows NT 5.1)"
124.157.140.250 - - [01/Aug/2007:23:46:33 -0700] "GET /junk/CGgoods/FuryVSHai2.JPG HTTP/1.1" 206 107946 "http://rpstudios.ian-justman.com/junk/CGgoods/?S=A" "Mozilla/4.0 (compatible; MSIE 6.0; Windows NT 5.1)"
74.6.25.106 - - [01/Aug/2007:23:46:42 -0700] "GET /ane/episodes/ane-ep10.html HTTP/1.0" 200 11773 "-" "Mozilla/5.0 (compatible; Yahoo! Slurp; http://help.yahoo.com/help/us/ysearch/slurp)"
124.157.140.250 - - [01/Aug/2007:23:46:46 -0700] "GET /junk/CGgoods/GetOutoftheWay.JPG HTTP/1.1" 206 40218 "http://rpstudios.ian-justman.com/junk/CGgoods/?S=A" "Mozilla/4.0 (compatible; MSIE 6.0; Windows NT 5.1)"
124.157.140.250 - - [01/Aug/2007:23:46:49 -0700] "GET /junk/CGgoods/FYUTA-1.JPG HTTP/1.1" 206 20618 "http://rpstudios.ian-justman.com/junk/CGgoods/?S=A" "Mozilla/4.0 (compatible; MSIE 6.0; Windows NT 5.1)"
217.212.224.147 - - [01/Aug/2007:23:46:54 -0700] "GET /Meow-mix/?N=D HTTP/1.0" 200 3282 "-" "psbot/0.1 (+http://www.picsearch.com/bot.html)"
124.157.140.250 - - [01/Aug/2007:23:47:00 -0700] "GET /junk/CGgoods/Haishin-angel2.JPG HTTP/1.1" 200 55673 "http://rpstudios.ian-justman.com/junk/CGgoods/?S=A" "Mozilla/4.0 (compatible; MSIE 6.0; Windows NT 5.1)"
124.157.140.250 - - [01/Aug/2007:23:47:05 -0700] "GET /junk/CGgoods/Haishin-buster1.JPG HTTP/1.1" 200 12273 "http://rpstudios.ian-justman.com/junk/CGgoods/?S=A" "Mozilla/4.0 (compatible; MSIE 6.0; Windows NT 5.1)"
124.157.140.250 - - [01/Aug/2007:23:47:27 -0700] "GET /junk/CGgoods/Haishin-angel1.JPG HTTP/1.1" 200 31873 "http://rpstudios.ian-justman.com/junk/CGgoods/?S=A" "Mozilla/4.0 (compatible; MSIE 6.0; Windows NT 5.1)"
144.96.26.172 - - [01/Aug/2007:23:47:27 -0700] "GET /ane/episodes/ane-ep11.html HTTP/1.1" 200 7645 "http://rpstudios.ian-justman.com/ane/anemain.html" "Mozilla/5.0 (Windows; U; Windows NT 5.1; en-US; rv:1.8.1.6) Gecko/20070725 Firefox/2.0.0.6"
144.96.26.172 - - [01/Aug/2007:23:47:33 -0700] "GET /ane/episodes/ane-ep9.html HTTP/1.1" 200 9074 "http://rpstudios.ian-justman.com/ane/anemain.html" "Mozilla/5.0 (Windows; U; Windows NT 5.1; en-US; rv:1.8.1.6) Gecko/20070725 Firefox/2.0.0.6"
144.96.26.172 - - [01/Aug/2007:23:47:41 -0700] "GET /ane/episodes/ane-ep8.html HTTP/1.1" 200 8379 "http://rpstudios.ian-justman.com/ane/anemain.html" "Mozilla/5.0 (Windows; U; Windows NT 5.1; en-US; rv:1.8.1.6) Gecko/20070725 Firefox/2.0.0.6"
124.157.140.250 - - [01/Aug/2007:23:47:49 -0700] "GET /junk/CGgoods/Haishin-devil1.JPG HTTP/1.1" 200 244135 "http://rpstudios.ian-justman.com/junk/CGgoods/?S=A" "Mozilla/4.0 (compatible; MSIE 6.0; Windows NT 5.1)"
66.249.66.241 - - [01/Aug/2007:23:47:50 -0700] "GET /east/topmenu.gif HTTP/1.1" 200 11839 "-" "Googlebot-Image/1.0"
124.157.140.250 - - [01/Aug/2007:23:48:06 -0700] "GET /junk/CGgoods/Haishin-buster2.JPG HTTP/1.1" 200 58473 "http://rpstudios.ian-justman.com/junk/CGgoods/?S=A" "Mozilla/4.0 (compatible; MSIE 6.0; Windows NT 5.1)"
124.157.140.250 - - [01/Aug/2007:23:48:07 -0700] "GET /junk/CGgoods/Haishin-devil4.JPG HTTP/1.1" 200 48673 "http://rpstudios.ian-justman.com/junk/CGgoods/?S=A" "Mozilla/4.0 (compatible; MSIE 6.0; Windows NT 5.1)"
217.212.224.145 - - [01/Aug/2007:23:48:25 -0700] "GET /robots.txt HTTP/1.0" 404 286 "-" "psbot/0.1 (+http://www.picsearch.com/bot.html)"
217.212.224.147 - - [01/Aug/2007:23:48:26 -0700] "GET /AXpics/ HTTP/1.0" 200 11617 "-" "psbot/0.1 (+http://www.picsearch.com/bot.html)"
124.157.140.250 - - [01/Aug/2007:23:48:31 -0700] "GET /junk/CGgoods/group4.JPG HTTP/1.1" 206 61218 "http://rpstudios.ian-justman.com/junk/CGgoods/?S=A" "Mozilla/4.0 (compatible; MSIE 6.0; Windows NT 5.1)"
124.157.140.250 - - [01/Aug/2007:23:49:12 -0700] "GET /junk/CGgoods/Haishin-buster2.JPG HTTP/1.1" 206 59137 "http://rpstudios.ian-justman.com/junk/CGgoods/?S=A" "Mozilla/4.0 (compatible; MSIE 6.0; Windows NT 5.1)"
124.157.140.250 - - [01/Aug/2007:23:49:22 -0700] "GET /junk/CGgoods/Haishin-aquasword.JPG HTTP/1.1" 200 89273 "http://rpstudios.ian-justman.com/junk/CGgoods/?S=A" "Mozilla/4.0 (compatible; MSIE 6.0; Windows NT 5.1)"
124.157.140.250 - - [01/Aug/2007:23:49:29 -0700] "GET /junk/CGgoods/Haishin-angel1.JPG HTTP/1.1" 206 133047 "http://rpstudios.ian-justman.com/junk/CGgoods/?S=A" "Mozilla/4.0 (compatible; MSIE 6.0; Windows NT 5.1)"
74.6.68.214 - - [01/Aug/2007:23:49:42 -0700] "GET /lists/?S=D HTTP/1.0" 200 817 "-" "Mozilla/5.0 (compatible; Yahoo! Slurp; http://help.yahoo.com/help/us/ysearch/slurp)"
66.249.66.241 - - [01/Aug/2007:23:49:50 -0700] "GET /east/sidemenu.gif HTTP/1.1" 200 8497 "-" "Googlebot-Image/1.0"
124.157.140.250 - - [01/Aug/2007:23:49:55 -0700] "GET /junk/CGgoods/Haishin-devil5.JPG HTTP/1.1" 200 19273 "http://rpstudios.ian-justman.com/junk/CGgoods/?S=A" "Mozilla/4.0 (compatible; MSIE 6.0; Windows NT 5.1)"
217.212.224.144 - - [01/Aug/2007:23:50:06 -0700] "GET /AXpics/?D=A HTTP/1.0" 200 11617 "-" "psbot/0.1 (+http://www.picsearch.com/bot.html)"
124.157.140.250 - - [01/Aug/2007:23:50:18 -0700] "GET /junk/CGgoods/Haishin-angel1.JPG HTTP/1.1" 206 127018 "http://rpstudios.ian-justman.com/junk/CGgoods/?S=A" "Mozilla/4.0 (compatible; MSIE 6.0; Windows NT 5.1)"
124.157.140.250 - - [01/Aug/2007:23:50:45 -0700] "GET /junk/CGgoods/FYUTA-1.JPG HTTP/1.1" 206 118617 "http://rpstudios.ian-justman.com/junk/CGgoods/?S=A" "Mozilla/4.0 (compatible; MSIE 6.0; Windows NT 5.1)"
124.157.140.250 - - [01/Aug/2007:23:50:58 -0700] "GET /junk/CGgoods/Haishin-devil2.JPG HTTP/1.1" 200 75273 "http://rpstudios.ian-justman.com/junk/CGgoods/?S=A" "Mozilla/4.0 (compatible; MSIE 6.0; Windows NT 5.1)"
124.157.140.250 - - [01/Aug/2007:23:51:00 -0700] "GET /junk/CGgoods/group4.JPG HTTP/1.1" 206 141532 "http://rpstudios.ian-justman.com/junk/CGgoods/?S=A" "Mozilla/4.0 (compatible; MSIE 6.0; Windows NT 5.1)"
124.157.140.250 - - [01/Aug/2007:23:51:14 -0700] "GET /junk/CGgoods/Haishin-buster1.JPG HTTP/1.1" 200 16473 "http://rpstudios.ian-justman.com/junk/CGgoods/?S=A" "Mozilla/4.0 (compatible; MSIE 6.0; Windows NT 5.1)"
124.157.140.250 - - [01/Aug/2007:23:51:19 -0700] "GET /junk/CGgoods/Haishin-devil6.JPG HTTP/1.1" 200 57073 "http://rpstudios.ian-justman.com/junk/CGgoods/?S=A" "Mozilla/4.0 (compatible; MSIE 6.0; Windows NT 5.1)"
124.157.140.250 - - [01/Aug/2007:23:51:43 -0700] "GET /junk/CGgoods/Haishin-angel2.JPG HTTP/1.1" 206 125618 "http://rpstudios.ian-justman.com/junk/CGgoods/?S=A" "Mozilla/4.0 (compatible; MSIE 6.0; Windows NT 5.1)"
124.157.140.250 - - [01/Aug/2007:23:51:45 -0700] "GET /junk/CGgoods/Haishin-devil3.JPG HTTP/1.1" 200 20673 "http://rpstudios.ian-justman.com/junk/CGgoods/?S=A" "Mozilla/4.0 (compatible; MSIE 6.0; Windows NT 5.1)"
124.157.140.250 - - [01/Aug/2007:23:51:45 -0700] "GET /junk/CGgoods/Haishin-DS.JPG HTTP/1.1" 200 33273 "http://rpstudios.ian-justman.com/junk/CGgoods/?S=A" "Mozilla/4.0 (compatible; MSIE 6.0; Windows NT 5.1)"
217.212.224.141 - - [01/Aug/2007:23:51:47 -0700] "GET /AXpics/?D=D HTTP/1.0" 200 11617 "-" "psbot/0.1 (+http://www.picsearch.com/bot.html)"
124.157.140.250 - - [01/Aug/2007:23:51:55 -0700] "GET /junk/CGgoods/Haishin-buster1.JPG HTTP/1.1" 206 96852 "http://rpstudios.ian-justman.com/junk/CGgoods/?S=A" "Mozilla/4.0 (compatible; MSIE 6.0; Windows NT 5.1)"
124.157.140.250 - - [01/Aug/2007:23:52:27 -0700] "GET /junk/CGgoods/Haishin-devil5.JPG HTTP/1.1" 206 37419 "http://rpstudios.ian-justman.com/junk/CGgoods/?S=A" "Mozilla/4.0 (compatible; MSIE 6.0; Windows NT 5.1)"
124.157.140.250 - - [01/Aug/2007:23:52:28 -0700] "GET /junk/CGgoods/GetOutoftheWay.JPG HTTP/1.1" 206 23417 "http://rpstudios.ian-justman.com/junk/CGgoods/?S=A" "Mozilla/4.0 (compatible; MSIE 6.0; Windows NT 5.1)"
124.157.140.250 - - [01/Aug/2007:23:52:32 -0700] "GET /junk/CGgoods/Haishin-devil4.JPG HTTP/1.1" 206 31818 "http://rpstudios.ian-justman.com/junk/CGgoods/?S=A" "Mozilla/4.0 (compatible; MSIE 6.0; Windows NT 5.1)"
124.157.140.250 - - [01/Aug/2007:23:52:33 -0700] "GET /junk/CGgoods/Haishin-angel2.JPG HTTP/1.1" 206 97324 "http://rpstudios.ian-justman.com/junk/CGgoods/?S=A" "Mozilla/4.0 (compatible; MSIE 6.0; Windows NT 5.1)"
124.157.140.250 - - [01/Aug/2007:23:52:40 -0700] "GET /junk/CGgoods/Haishin-devil3.JPG HTTP/1.1" 206 113019 "http://rpstudios.ian-justman.com/junk/CGgoods/?S=A" "Mozilla/4.0 (compatible; MSIE 6.0; Windows NT 5.1)"
217.212.224.159 - - [01/Aug/2007:23:53:32 -0700] "GET /AXpics/?N=A HTTP/1.0" 200 11617 "-" "psbot/0.1 (+http://www.picsearch.com/bot.html)"
124.157.140.250 - - [01/Aug/2007:23:54:04 -0700] "GET /junk/CGgoods/Haishin-fireblade.JPG HTTP/1.1" 200 22073 "http://rpstudios.ian-justman.com/junk/CGgoods/?S=A" "Mozilla/4.0 (compatible; MSIE 6.0; Windows NT 5.1)"
124.157.140.250 - - [01/Aug/2007:23:54:15 -0700] "GET /junk/CGgoods/Haishin-elecblade.JPG HTTP/1.1" 200 75273 "http://rpstudios.ian-justman.com/junk/CGgoods/?S=A" "Mozilla/4.0 (compatible; MSIE 6.0; Windows NT 5.1)"
124.157.140.250 - - [01/Aug/2007:23:54:19 -0700] "GET /junk/CGgoods/Haishin-devil2.JPG HTTP/1.1" 206 43018 "http://rpstudios.ian-justman.com/junk/CGgoods/?S=A" "Mozilla/4.0 (compatible; MSIE 6.0; Windows NT 5.1)"
124.157.140.250 - - [01/Aug/2007:23:54:33 -0700] "GET /junk/CGgoods/Haishin-devil3.JPG HTTP/1.1" 206 15017 "http://rpstudios.ian-justman.com/junk/CGgoods/?S=A" "Mozilla/4.0 (compatible; MSIE 6.0; Windows NT 5.1)"
124.157.140.250 - - [01/Aug/2007:23:54:50 -0700] "GET /junk/CGgoods/Haishin-aquasword.JPG HTTP/1.1" 206 178818 "http://rpstudios.ian-justman.com/junk/CGgoods/?S=A" "Mozilla/4.0 (compatible; MSIE 6.0; Windows NT 5.1)"
217.212.224.178 - - [01/Aug/2007:23:55:00 -0700] "GET /AXpics/?S=A HTTP/1.0" 200 11617 "-" "psbot/0.1 (+http://www.picsearch.com/bot.html)"
124.157.140.250 - - [01/Aug/2007:23:55:39 -0700] "GET /junk/CGgoods/Haishin-aquasword.JPG HTTP/1.1" 206 24574 "http://rpstudios.ian-justman.com/junk/CGgoods/?S=A" "Mozilla/4.0 (compatible; MSIE 6.0; Windows NT 5.1)"
124.157.140.250 - - [01/Aug/2007:23:55:48 -0700] "GET /junk/CGgoods/Haishin-devil4.JPG HTTP/1.1" 206 145218 "http://rpstudios.ian-justman.com/junk/CGgoods/?S=A" "Mozilla/4.0 (compatible; MSIE 6.0; Windows NT 5.1)"
124.157.140.250 - - [01/Aug/2007:23:55:56 -0700] "GET /junk/CGgoods/Haishin-devil4.JPG HTTP/1.1" 206 58273 "http://rpstudios.ian-justman.com/junk/CGgoods/?S=A" "Mozilla/4.0 (compatible; MSIE 6.0; Windows NT 5.1)"
124.157.140.250 - - [01/Aug/2007:23:56:15 -0700] "GET /junk/CGgoods/Haishin-flyingdeath2.JPG HTTP/1.1" 200 143873 "http://rpstudios.ian-justman.com/junk/CGgoods/?S=A" "Mozilla/4.0 (compatible; MSIE 6.0; Windows NT 5.1)"
124.157.140.250 - - [01/Aug/2007:23:56:16 -0700] "GET /junk/CGgoods/Haishin-devil3.JPG HTTP/1.1" 206 117389 "http://rpstudios.ian-justman.com/junk/CGgoods/?S=A" "Mozilla/4.0 (compatible; MSIE 6.0; Windows NT 5.1)"
124.157.140.250 - - [01/Aug/2007:23:56:18 -0700] "GET /junk/CGgoods/Haishin-eyecatch.JPG HTTP/1.1" 200 41673 "http://rpstudios.ian-justman.com/junk/CGgoods/?S=A" "Mozilla/4.0 (compatible; MSIE 6.0; Windows NT 5.1)"
144.96.26.172 - - [01/Aug/2007:23:56:28 -0700] "GET /ane/episodes/ane-ep9.html HTTP/1.1" 200 9074 "http://rpstudios.ian-justman.com/ane/episodes/ane-ep8.html" "Mozilla/5.0 (Windows; U; Windows NT 5.1; en-US; rv:1.8.1.6) Gecko/20070725 Firefox/2.0.0.6"
217.212.224.146 - - [01/Aug/2007:23:56:36 -0700] "GET /AXpics/?S=D HTTP/1.0" 200 11617 "-" "psbot/0.1 (+http://www.picsearch.com/bot.html)"
124.157.140.250 - - [01/Aug/2007:23:56:38 -0700] "GET /junk/CGgoods/Haishin-aquasword.JPG HTTP/1.1" 206 29018 "http://rpstudios.ian-justman.com/junk/CGgoods/?S=A" "Mozilla/4.0 (compatible; MSIE 6.0; Windows NT 5.1)"
124.157.140.250 - - [01/Aug/2007:23:56:44 -0700] "GET /junk/CGgoods/Haishin-devil5.JPG HTTP/1.1" 206 65418 "http://rpstudios.ian-justman.com/junk/CGgoods/?S=A" "Mozilla/4.0 (compatible; MSIE 6.0; Windows NT 5.1)"
124.157.140.250 - - [01/Aug/2007:23:56:56 -0700] "GET /junk/CGgoods/Haishin-devil6.JPG HTTP/1.1" 206 26218 "http://rpstudios.ian-justman.com/junk/CGgoods/?S=A" "Mozilla/4.0 (compatible; MSIE 6.0; Windows NT 5.1)"
124.157.140.250 - - [01/Aug/2007:23:57:03 -0700] "GET /junk/CGgoods/Haishin-DS.JPG HTTP/1.1" 206 17819 "http://rpstudios.ian-justman.com/junk/CGgoods/?S=A" "Mozilla/4.0 (compatible; MSIE 6.0; Windows NT 5.1)"
124.157.140.250 - - [01/Aug/2007:23:57:16 -0700] "GET /junk/CGgoods/Haishin-eyecatch.JPG HTTP/1.1" 206 38818 "http://rpstudios.ian-justman.com/junk/CGgoods/?S=A" "Mozilla/4.0 (compatible; MSIE 6.0; Windows NT 5.1)"
124.157.140.250 - - [01/Aug/2007:23:57:22 -0700] "GET /junk/CGgoods/Haishin-longsword.JPG HTTP/1.1" 200 22073 "http://rpstudios.ian-justman.com/junk/CGgoods/?S=A" "Mozilla/4.0 (compatible; MSIE 6.0; Windows NT 5.1)"
124.157.140.250 - - [01/Aug/2007:23:58:01 -0700] "GET /junk/CGgoods/Haishin-devil5.JPG HTTP/1.1" 206 118116 "http://rpstudios.ian-justman.com/junk/CGgoods/?S=A" "Mozilla/4.0 (compatible; MSIE 6.0; Windows NT 5.1)"
217.212.224.148 - - [01/Aug/2007:23:58:10 -0700] "GET /AXpics/?M=A HTTP/1.0" 200 11617 "-" "psbot/0.1 (+http://www.picsearch.com/bot.html)"
124.157.140.250 - - [01/Aug/2007:23:58:14 -0700] "GET /junk/CGgoods/Haishin-eyecatch2.JPG HTTP/1.1" 200 362273 "http://rpstudios.ian-justman.com/junk/CGgoods/?S=A" "Mozilla/4.0 (compatible; MSIE 6.0; Windows NT 5.1)"
124.157.140.250 - - [01/Aug/2007:23:58:21 -0700] "GET /junk/CGgoods/Haishin-flyingdeath.JPG HTTP/1.1" 200 87873 "http://rpstudios.ian-justman.com/junk/CGgoods/?S=A" "Mozilla/4.0 (compatible; MSIE 6.0; Windows NT 5.1)"
124.157.140.250 - - [01/Aug/2007:23:58:25 -0700] "GET /junk/CGgoods/Haishin-elecblade.JPG HTTP/1.1" 206 266894 "http://rpstudios.ian-justman.com/junk/CGgoods/?S=A" "Mozilla/4.0 (compatible; MSIE 6.0; Windows NT 5.1)"
124.157.140.250 - - [01/Aug/2007:23:58:28 -0700] "GET /junk/CGgoods/Haishin-devil6.JPG HTTP/1.1" 206 66818 "http://rpstudios.ian-justman.com/junk/CGgoods/?S=A" "Mozilla/4.0 (compatible; MSIE 6.0; Windows NT 5.1)"
124.157.140.250 - - [01/Aug/2007:23:59:06 -0700] "GET /junk/CGgoods/Haishin-devil6.JPG HTTP/1.1" 206 26217 "http://rpstudios.ian-justman.com/junk/CGgoods/?S=A" "Mozilla/4.0 (compatible; MSIE 6.0; Windows NT 5.1)"
124.157.140.250 - - [01/Aug/2007:23:59:15 -0700] "GET /junk/CGgoods/Haishin-longsword.JPG HTTP/1.1" 206 40219 "http://rpstudios.ian-justman.com/junk/CGgoods/?S=A" "Mozilla/4.0 (compatible; MSIE 6.0; Windows NT 5.1)"
124.157.140.250 - - [01/Aug/2007:23:59:19 -0700] "GET /junk/CGgoods/Haishin-DS.JPG HTTP/1.1" 206 41619 "http://rpstudios.ian-justman.com/junk/CGgoods/?S=A" "Mozilla/4.0 (compatible; MSIE 6.0; Windows NT 5.1)"
66.249.66.241 - - [01/Aug/2007:23:59:28 -0700] "GET /ane/ HTTP/1.1" 200 1680 "-" "Mozilla/5.0 (compatible; Googlebot/2.1; +http://www.google.com/bot.html)"
124.157.140.250 - - [01/Aug/2007:23:59:30 -0700] "GET /junk/CGgoods/Haishin-devil2.JPG HTTP/1.1" 206 30418 "http://rpstudios.ian-justman.com/junk/CGgoods/?S=A" "Mozilla/4.0 (compatible; MSIE 6.0; Windows NT 5.1)"
124.157.140.250 - - [01/Aug/2007:23:59:30 -0700] "GET /junk/CGgoods/Haishin-flyingdeath2.JPG HTTP/1.1" 206 36017 "http://rpstudios.ian-justman.com/junk/CGgoods/?S=A" "Mozilla/4.0 (compatible; MSIE 6.0; Windows NT 5.1)"
124.157.140.250 - - [01/Aug/2007:23:59:38 -0700] "GET /junk/CGgoods/Haishin-devil2.JPG HTTP/1.1" 206 40217 "http://rpstudios.ian-justman.com/junk/CGgoods/?S=A" "Mozilla/4.0 (compatible; MSIE 6.0; Windows NT 5.1)"
217.212.224.148 - - [01/Aug/2007:23:59:41 -0700] "GET /AXpics/?M=D HTTP/1.0" 200 11617 "-" "psbot/0.1 (+http://www.picsearch.com/bot.html)"
124.157.140.250 - - [02/Aug/2007:00:00:05 -0700] "GET /junk/CGgoods/Haishin-longsword3.JPG HTTP/1.1" 200 105712 "http://rpstudios.ian-justman.com/junk/CGgoods/?S=A" "Mozilla/4.0 (compatible; MSIE 6.0; Windows NT 5.1)"
124.157.140.250 - - [02/Aug/2007:00:00:33 -0700] "GET /junk/CGgoods/Haishin-longsword.JPG HTTP/1.1" 206 78982 "http://rpstudios.ian-justman.com/junk/CGgoods/?S=A" "Mozilla/4.0 (compatible; MSIE 6.0; Windows NT 5.1)"
66.249.66.241 - - [02/Aug/2007:00:00:46 -0700] "GET /endlessfuel/v2-5title.gif HTTP/1.1" 200 10015 "-" "Googlebot-Image/1.0"
74.6.25.44 - - [02/Aug/2007:00:00:58 -0700] "GET /modelpics/?M=A HTTP/1.0" 200 902 "-" "Mozilla/5.0 (compatible; Yahoo! Slurp; http://help.yahoo.com/help/us/ysearch/slurp)"
124.157.140.250 - - [02/Aug/2007:00:00:59 -0700] "GET /junk/CGgoods/Haishin-devil2.JPG HTTP/1.1" 206 101868 "http://rpstudios.ian-justman.com/junk/CGgoods/?S=A" "Mozilla/4.0 (compatible; MSIE 6.0; Windows NT 5.1)"
124.157.140.250 - - [02/Aug/2007:00:00:59 -0700] "GET /junk/CGgoods/Haishin-DS.JPG HTTP/1.1" 206 13619 "http://rpstudios.ian-justman.com/junk/CGgoods/?S=A" "Mozilla/4.0 (compatible; MSIE 6.0; Windows NT 5.1)"
124.157.140.250 - - [02/Aug/2007:00:01:02 -0700] "GET /junk/CGgoods/Haishin-sword.JPG HTTP/1.1" 200 55673 "http://rpstudios.ian-justman.com/junk/CGgoods/?S=A" "Mozilla/4.0 (compatible; MSIE 6.0; Windows NT 5.1)"
124.157.140.250 - - [02/Aug/2007:00:01:06 -0700] "GET /junk/CGgoods/Haishin-flyingdeath.JPG HTTP/1.1" 206 64018 "http://rpstudios.ian-justman.com/junk/CGgoods/?S=A" "Mozilla/4.0 (compatible; MSIE 6.0; Windows NT 5.1)"
124.157.140.250 - - [02/Aug/2007:00:01:13 -0700] "GET /junk/CGgoods/Haishin-longsword2.JPG HTTP/1.1" 206 29058 "http://rpstudios.ian-justman.com/junk/CGgoods/?S=A" "Mozilla/4.0 (compatible; MSIE 6.0; Windows NT 5.1)"
217.212.224.143 - - [02/Aug/2007:00:01:17 -0700] "GET /AXpics/?N=D HTTP/1.0" 200 11617 "-" "psbot/0.1 (+http://www.picsearch.com/bot.html)"
124.157.140.250 - - [02/Aug/2007:00:01:28 -0700] "GET /junk/CGgoods/Haishin-DS.JPG HTTP/1.1" 206 16419 "http://rpstudios.ian-justman.com/junk/CGgoods/?S=A" "Mozilla/4.0 (compatible; MSIE 6.0; Windows NT 5.1)"
124.157.140.250 - - [02/Aug/2007:00:01:38 -0700] "GET /junk/CGgoods/Haishin-longsword2.JPG HTTP/1.1" 200 89273 "http://rpstudios.ian-justman.com/junk/CGgoods/?S=A" "Mozilla/4.0 (compatible; MSIE 6.0; Windows NT 5.1)"
124.157.140.250 - - [02/Aug/2007:00:01:54 -0700] "GET /junk/CGgoods/Haishin-fireblade.JPG HTTP/1.1" 206 80819 "http://rpstudios.ian-justman.com/junk/CGgoods/?S=A" "Mozilla/4.0 (compatible; MSIE 6.0; Windows NT 5.1)"
124.157.140.250 - - [02/Aug/2007:00:02:09 -0700] "GET /junk/CGgoods/Haishin-eyecatch2.JPG HTTP/1.1" 206 202617 "http://rpstudios.ian-justman.com/junk/CGgoods/?S=A" "Mozilla/4.0 (compatible; MSIE 6.0; Windows NT 5.1)"
124.157.140.250 - - [02/Aug/2007:00:02:12 -0700] "GET /junk/CGgoods/Haishin-flyingdeath2.JPG HTTP/1.1" 206 36017 "http://rpstudios.ian-justman.com/junk/CGgoods/?S=A" "Mozilla/4.0 (compatible; MSIE 6.0; Windows NT 5.1)"
124.157.140.250 - - [02/Aug/2007:00:02:17 -0700] "GET /junk/CGgoods/Haishin-ultmode-rough2.JPG HTTP/1.1" 200 45882 "http://rpstudios.ian-justman.com/junk/CGgoods/?S=A" "Mozilla/4.0 (compatible; MSIE 6.0; Windows NT 5.1)"
74.6.74.8 - - [02/Aug/2007:00:02:23 -0700] "GET /junk/?N=D HTTP/1.0" 200 2020 "-" "Mozilla/5.0 (compatible; Yahoo! Slurp; http://help.yahoo.com/help/us/ysearch/slurp)"
66.249.66.241 - - [02/Aug/2007:00:02:28 -0700] "GET /endlessfuel/v2-5about.gif HTTP/1.1" 200 10070 "-" "Googlebot-Image/1.0"
124.157.140.250 - - [02/Aug/2007:00:02:32 -0700] "GET /junk/CGgoods/Haishin-devil6.JPG HTTP/1.1" 206 17817 "http://rpstudios.ian-justman.com/junk/CGgoods/?S=A" "Mozilla/4.0 (compatible; MSIE 6.0; Windows NT 5.1)"
124.157.140.250 - - [02/Aug/2007:00:02:35 -0700] "GET /junk/CGgoods/Haishin-ultmode1.JPG HTTP/1.1" 200 120073 "http://rpstudios.ian-justman.com/junk/CGgoods/?S=A" "Mozilla/4.0 (compatible; MSIE 6.0; Windows NT 5.1)"
124.157.140.250 - - [02/Aug/2007:00:02:51 -0700] "GET /junk/CGgoods/Haishin-Mcannon.JPG HTTP/1.1" 200 68273 "http://rpstudios.ian-justman.com/junk/CGgoods/?S=A" "Mozilla/4.0 (compatible; MSIE 6.0; Windows NT 5.1)"
124.157.140.250 - - [02/Aug/2007:00:02:52 -0700] "GET /junk/CGgoods/Haishin-fireblade.JPG HTTP/1.1" 206 22018 "http://rpstudios.ian-justman.com/junk/CGgoods/?S=A" "Mozilla/4.0 (compatible; MSIE 6.0; Windows NT 5.1)"
