124.157.140.250 - - [01/Aug/2007:21:51:06 -0700] "GET /junk/CGgoods/Arwing3-Final1.JPG HTTP/1.1" 200 87873 "http://rpstudios.ian-justman.com/junk/CGgoods/?S=A" "Mozilla/4.0 (compatible; MSIE 6.0; Windows NT 5.1)"
124.157.140.250 - - [01/Aug/2007:21:51:14 -0700] "GET /junk/CGgoods/Arwing2-2.JPG HTTP/1.1" 206 68221 "http://rpstudios.ian-justman.com/junk/CGgoods/?S=A" "Mozilla/4.0 (compatible; MSIE 6.0; Windows NT 5.1)"
124.157.140.250 - - [01/Aug/2007:21:51:17 -0700] "GET /junk/CGgoods/Arwing2-8.JPG HTTP/1.1" 206 99386 "http://rpstudios.ian-justman.com/junk/CGgoods/?S=A" "Mozilla/4.0 (compatible; MSIE 6.0; Windows NT 5.1)"
217.212.224.178 - - [01/Aug/2007:21:52:08 -0700] "GET /ane/bloopers/aneblooper9b.html HTTP/1.0" 200 22702 "-" "psbot/0.1 (+http://www.picsearch.com/bot.html)"
124.157.140.250 - - [01/Aug/2007:21:52:19 -0700] "GET /junk/CGgoods/BMSMA-1.JPG HTTP/1.1" 200 106798 "http://rpstudios.ian-justman.com/junk/CGgoods/?S=A" "Mozilla/4.0 (compatible; MSIE 6.0; Windows NT 5.1)"
124.157.140.250 - - [01/Aug/2007:21:53:11 -0700] "GET /junk/CGgoods/Agony5.JPG HTTP/1.1" 206 41618 "http://rpstudios.ian-justman.com/junk/CGgoods/?S=A" "Mozilla/4.0 (compatible; MSIE 6.0; Windows NT 5.1)"
124.157.140.250 - - [01/Aug/2007:21:53:13 -0700] "GET /junk/CGgoods/chair1.JPG HTTP/1.1" 200 61772 "http://rpstudios.ian-justman.com/junk/CGgoods/?S=A" "Mozilla/4.0 (compatible; MSIE 6.0; Windows NT 5.1)"
124.157.140.250 - - [01/Aug/2007:21:53:15 -0700] "GET /junk/CGgoods/Amy-irked.JPG HTTP/1.1" 206 36788 "http://rpstudios.ian-justman.com/junk/CGgoods/?S=A" "Mozilla/4.0 (compatible; MSIE 6.0; Windows NT 5.1)"
124.157.140.250 - - [01/Aug/2007:21:53:24 -0700] "GET /junk/CGgoods/BlackRaptor-1.JPG HTTP/1.1" 200 22073 "http://rpstudios.ian-justman.com/junk/CGgoods/?S=A" "Mozilla/4.0 (compatible; MSIE 6.0; Windows NT 5.1)"
124.157.140.250 - - [01/Aug/2007:21:53:30 -0700] "GET /junk/CGgoods/Amy-irked.JPG HTTP/1.1" 206 143817 "http://rpstudios.ian-justman.com/junk/CGgoods/?S=A" "Mozilla/4.0 (compatible; MSIE 6.0; Windows NT 5.1)"
217.212.224.146 - - [01/Aug/2007:21:53:34 -0700] "GET /ane/bloopers/aneblooper9.html HTTP/1.0" 200 22833 "-" "psbot/0.1 (+http://www.picsearch.com/bot.html)"
124.157.140.250 - - [01/Aug/2007:21:53:44 -0700] "GET /junk/CGgoods/badass.JPG HTTP/1.1" 200 120073 "http://rpstudios.ian-justman.com/junk/CGgoods/?S=A" "Mozilla/4.0 (compatible; MSIE 6.0; Windows NT 5.1)"
124.157.140.250 - - [01/Aug/2007:21:53:47 -0700] "GET /junk/CGgoods/Bandit3.JPG HTTP/1.1" 206 48623 "http://rpstudios.ian-justman.com/junk/CGgoods/?S=A" "Mozilla/4.0 (compatible; MSIE 6.0; Windows NT 5.1)"
124.157.140.250 - - [01/Aug/2007:21:54:21 -0700] "GET /junk/CGgoods/Arwing3-Final1.JPG HTTP/1.1" 206 34212 "http://rpstudios.ian-justman.com/junk/CGgoods/?S=A" "Mozilla/4.0 (compatible; MSIE 6.0; Windows NT 5.1)"
66.249.66.241 - - [01/Aug/2007:21:54:32 -0700] "GET /east/blacklist.html HTTP/1.1" 200 3699 "-" "Mozilla/5.0 (compatible; Googlebot/2.1; +http://www.google.com/bot.html)"
124.157.140.250 - - [01/Aug/2007:21:54:36 -0700] "GET /junk/CGgoods/Busu-One-Fat-Mother-.JPG HTTP/1.1" 200 30474 "http://rpstudios.ian-justman.com/junk/CGgoods/?S=A" "Mozilla/4.0 (compatible; MSIE 6.0; Windows NT 5.1)"
124.157.140.250 - - [01/Aug/2007:21:54:49 -0700] "GET /junk/CGgoods/busu-1.JPG HTTP/1.1" 200 36073 "http://rpstudios.ian-justman.com/junk/CGgoods/?S=A" "Mozilla/4.0 (compatible; MSIE 6.0; Windows NT 5.1)"
124.157.140.250 - - [01/Aug/2007:21:54:52 -0700] "GET /junk/CGgoods/CENSORED.JPG HTTP/1.1" 200 30473 "http://rpstudios.ian-justman.com/junk/CGgoods/?S=A" "Mozilla/4.0 (compatible; MSIE 6.0; Windows NT 5.1)"
217.212.224.149 - - [01/Aug/2007:21:54:55 -0700] "GET /ane/bloopers/aneblooper8.html HTTP/1.0" 200 20181 "-" "psbot/0.1 (+http://www.picsearch.com/bot.html)"
124.157.140.250 - - [01/Aug/2007:21:55:02 -0700] "GET /junk/CGgoods/Bandit3.JPG HTTP/1.1" 200 26275 "http://rpstudios.ian-justman.com/junk/CGgoods/?S=A" "Mozilla/4.0 (compatible; MSIE 6.0; Windows NT 5.1)"
124.157.140.250 - - [01/Aug/2007:21:55:03 -0700] "GET /junk/CGgoods/badass.JPG HTTP/1.1" 206 20617 "http://rpstudios.ian-justman.com/junk/CGgoods/?S=A" "Mozilla/4.0 (compatible; MSIE 6.0; Windows NT 5.1)"
124.157.140.250 - - [01/Aug/2007:21:55:04 -0700] "GET /junk/CGgoods/Arwing3-Final1.JPG HTTP/1.1" 206 23419 "http://rpstudios.ian-justman.com/junk/CGgoods/?S=A" "Mozilla/4.0 (compatible; MSIE 6.0; Windows NT 5.1)"
124.157.140.250 - - [01/Aug/2007:21:55:12 -0700] "GET /junk/CGgoods/BlackRaptor-1.JPG HTTP/1.1" 206 54219 "http://rpstudios.ian-justman.com/junk/CGgoods/?S=A" "Mozilla/4.0 (compatible; MSIE 6.0; Windows NT 5.1)"
124.157.140.250 - - [01/Aug/2007:21:55:19 -0700] "GET /junk/CGgoods/busu-2.JPG HTTP/1.1" 200 268473 "http://rpstudios.ian-justman.com/junk/CGgoods/?S=A" "Mozilla/4.0 (compatible; MSIE 6.0; Windows NT 5.1)"
124.157.140.250 - - [01/Aug/2007:21:56:03 -0700] "GET /junk/CGgoods/Busu-One-Fat-Mother-.JPG HTTP/1.1" 206 75693 "http://rpstudios.ian-justman.com/junk/CGgoods/?S=A" "Mozilla/4.0 (compatible; MSIE 6.0; Windows NT 5.1)"
124.157.140.250 - - [01/Aug/2007:21:56:15 -0700] "GET /junk/CGgoods/busu-2.JPG HTTP/1.1" 206 25821 "http://rpstudios.ian-justman.com/junk/CGgoods/?S=A" "Mozilla/4.0 (compatible; MSIE 6.0; Windows NT 5.1)"
217.212.224.178 - - [01/Aug/2007:21:56:24 -0700] "GET /ane/bloopers/aneblooper7.html HTTP/1.0" 200 25795 "-" "psbot/0.1 (+http://www.picsearch.com/bot.html)"
124.157.140.250 - - [01/Aug/2007:21:56:56 -0700] "GET /junk/CGgoods/chair2.JPG HTTP/1.1" 206 46347 "http://rpstudios.ian-justman.com/junk/CGgoods/?S=A" "Mozilla/4.0 (compatible; MSIE 6.0; Windows NT 5.1)"
124.157.140.250 - - [01/Aug/2007:21:57:27 -0700] "GET /junk/CGgoods/chaosgundam-final-2.JPG HTTP/1.1" 200 208273 "http://rpstudios.ian-justman.com/junk/CGgoods/?S=A" "Mozilla/4.0 (compatible; MSIE 6.0; Windows NT 5.1)"
124.157.140.250 - - [01/Aug/2007:21:57:50 -0700] "GET /junk/CGgoods/BlackRaptor-1.JPG HTTP/1.1" 206 47218 "http://rpstudios.ian-justman.com/junk/CGgoods/?S=A" "Mozilla/4.0 (compatible; MSIE 6.0; Windows NT 5.1)"
124.157.140.250 - - [01/Aug/2007:21:58:03 -0700] "GET /junk/CGgoods/chaosgundam-final-battou2.JPG HTTP/1.1" 200 181157 "http://rpstudios.ian-justman.com/junk/CGgoods/?S=A" "Mozilla/4.0 (compatible; MSIE 6.0; Windows NT 5.1)"
217.212.224.149 - - [01/Aug/2007:21:58:13 -0700] "GET /ane/bloopers/aneblooper6.html HTTP/1.0" 200 14278 "-" "psbot/0.1 (+http://www.picsearch.com/bot.html)"
124.157.140.250 - - [01/Aug/2007:21:58:24 -0700] "GET /junk/CGgoods/busu-1.JPG HTTP/1.1" 206 134018 "http://rpstudios.ian-justman.com/junk/CGgoods/?S=A" "Mozilla/4.0 (compatible; MSIE 6.0; Windows NT 5.1)"
124.157.140.250 - - [01/Aug/2007:21:58:29 -0700] "GET /junk/CGgoods/chair2.JPG HTTP/1.1" 200 34674 "http://rpstudios.ian-justman.com/junk/CGgoods/?S=A" "Mozilla/4.0 (compatible; MSIE 6.0; Windows NT 5.1)"
124.157.140.250 - - [01/Aug/2007:21:58:37 -0700] "GET /junk/CGgoods/chaosgundam-final-3.JPG HTTP/1.1" 200 85073 "http://rpstudios.ian-justman.com/junk/CGgoods/?S=A" "Mozilla/4.0 (compatible; MSIE 6.0; Windows NT 5.1)"
124.157.140.250 - - [01/Aug/2007:21:58:40 -0700] "GET /junk/CGgoods/chaosgundam-final-1.JPG HTTP/1.1" 206 91903 "http://rpstudios.ian-justman.com/junk/CGgoods/?S=A" "Mozilla/4.0 (compatible; MSIE 6.0; Windows NT 5.1)"
124.157.140.250 - - [01/Aug/2007:21:58:52 -0700] "GET /junk/CGgoods/CENSORED.JPG HTTP/1.1" 206 81038 "http://rpstudios.ian-justman.com/junk/CGgoods/?S=A" "Mozilla/4.0 (compatible; MSIE 6.0; Windows NT 5.1)"
217.212.224.141 - - [01/Aug/2007:21:58:59 -0700] "GET /ane/bloopers/aneblooper5.html HTTP/1.0" 200 16635 "-" "psbot/0.1 (+http://www.picsearch.com/bot.html)"
124.157.140.250 - - [01/Aug/2007:21:59:17 -0700] "GET /junk/CGgoods/chaosgundam-final-battou1.JPG HTTP/1.1" 206 17818 "http://rpstudios.ian-justman.com/junk/CGgoods/?S=A" "Mozilla/4.0 (compatible; MSIE 6.0; Windows NT 5.1)"
124.157.140.250 - - [01/Aug/2007:21:59:36 -0700] "GET /junk/CGgoods/chaosgundam-final-1.JPG HTTP/1.1" 200 111673 "http://rpstudios.ian-justman.com/junk/CGgoods/?S=A" "Mozilla/4.0 (compatible; MSIE 6.0; Windows NT 5.1)"
124.157.140.250 - - [01/Aug/2007:21:59:51 -0700] "GET /junk/CGgoods/chaosgundam-final-battou1.JPG HTTP/1.1" 200 55673 "http://rpstudios.ian-justman.com/junk/CGgoods/?S=A" "Mozilla/4.0 (compatible; MSIE 6.0; Windows NT 5.1)"
124.157.140.250 - - [01/Aug/2007:22:00:15 -0700] "GET /junk/CGgoods/chaosgundam-final-chaoslance.JPG HTTP/1.1" 200 59873 "http://rpstudios.ian-justman.com/junk/CGgoods/?S=A" "Mozilla/4.0 (compatible; MSIE 6.0; Windows NT 5.1)"
217.212.224.149 - - [01/Aug/2007:22:00:22 -0700] "GET /ane/bloopers/aneblooper4.html HTTP/1.0" 200 13955 "-" "psbot/0.1 (+http://www.picsearch.com/bot.html)"
124.157.140.250 - - [01/Aug/2007:22:00:26 -0700] "GET /junk/CGgoods/badass.JPG HTTP/1.1" 206 50017 "http://rpstudios.ian-justman.com/junk/CGgoods/?S=A" "Mozilla/4.0 (compatible; MSIE 6.0; Windows NT 5.1)"
124.157.140.250 - - [01/Aug/2007:22:00:30 -0700] "GET /junk/CGgoods/CENSORED.JPG HTTP/1.1" 206 50018 "http://rpstudios.ian-justman.com/junk/CGgoods/?S=A" "Mozilla/4.0 (compatible; MSIE 6.0; Windows NT 5.1)"
124.157.140.250 - - [01/Aug/2007:22:00:33 -0700] "GET /junk/CGgoods/chaosgundam-final-hyper2.JPG HTTP/1.1" 200 249908 "http://rpstudios.ian-justman.com/junk/CGgoods/?S=A" "Mozilla/4.0 (compatible; MSIE 6.0; Windows NT 5.1)"
124.157.140.250 - - [01/Aug/2007:22:00:58 -0700] "GET /junk/CGgoods/chaosgundam-final-3.JPG HTTP/1.1" 206 45819 "http://rpstudios.ian-justman.com/junk/CGgoods/?S=A" "Mozilla/4.0 (compatible; MSIE 6.0; Windows NT 5.1)"
124.157.140.250 - - [01/Aug/2007:22:01:10 -0700] "GET /junk/CGgoods/chaosgundam-final-2.JPG HTTP/1.1" 206 19217 "http://rpstudios.ian-justman.com/junk/CGgoods/?S=A" "Mozilla/4.0 (compatible; MSIE 6.0; Windows NT 5.1)"
124.157.140.250 - - [01/Aug/2007:22:01:26 -0700] "GET /junk/CGgoods/chaosgundam-final-3.JPG HTTP/1.1" 206 66131 "http://rpstudios.ian-justman.com/junk/CGgoods/?S=A" "Mozilla/4.0 (compatible; MSIE 6.0; Windows NT 5.1)"
124.157.140.250 - - [01/Aug/2007:22:01:30 -0700] "GET /junk/CGgoods/busu-1.JPG HTTP/1.1" 206 126678 "http://rpstudios.ian-justman.com/junk/CGgoods/?S=A" "Mozilla/4.0 (compatible; MSIE 6.0; Windows NT 5.1)"
124.157.140.250 - - [01/Aug/2007:22:01:31 -0700] "GET /junk/CGgoods/chaosgundam-final-2.JPG HTTP/1.1" 206 94667 "http://rpstudios.ian-justman.com/junk/CGgoods/?S=A" "Mozilla/4.0 (compatible; MSIE 6.0; Windows NT 5.1)"
217.212.224.144 - - [01/Aug/2007:22:01:47 -0700] "GET /ane/bloopers/aneblooper3.html HTTP/1.0" 200 9353 "-" "psbot/0.1 (+http://www.picsearch.com/bot.html)"
124.157.140.250 - - [01/Aug/2007:22:01:53 -0700] "GET /junk/CGgoods/chaosgundam-final-4.JPG HTTP/1.1" 200 103273 "http://rpstudios.ian-justman.com/junk/CGgoods/?S=A" "Mozilla/4.0 (compatible; MSIE 6.0; Windows NT 5.1)"
124.157.140.250 - - [01/Aug/2007:22:02:08 -0700] "GET /junk/CGgoods/chaosgundam-final-hyper1.JPG HTTP/1.1" 200 106073 "http://rpstudios.ian-justman.com/junk/CGgoods/?S=A" "Mozilla/4.0 (compatible; MSIE 6.0; Windows NT 5.1)"
124.157.140.250 - - [01/Aug/2007:22:02:16 -0700] "GET /junk/CGgoods/chaosgundam-final-super2.JPG HTTP/1.1" 200 33273 "http://rpstudios.ian-justman.com/junk/CGgoods/?S=A" "Mozilla/4.0 (compatible; MSIE 6.0; Windows NT 5.1)"
74.6.23.211 - - [01/Aug/2007:22:02:19 -0700] "GET /east/images/screencaps/Thumbnails/thumb0056%2Ejpg HTTP/1.0" 200 1970 "-" "Mozilla/5.0 (compatible; Yahoo! Slurp; http://help.yahoo.com/help/us/ysearch/slurp)"
124.157.140.250 - - [01/Aug/2007:22:02:20 -0700] "GET /junk/CGgoods/chaosgundam-final-super1.JPG HTTP/1.1" 200 15073 "http://rpstudios.ian-justman.com/junk/CGgoods/?S=A" "Mozilla/4.0 (compatible; MSIE 6.0; Windows NT 5.1)"
124.157.140.250 - - [01/Aug/2007:22:02:21 -0700] "GET /junk/CGgoods/chaosgundam-final-chaoslance.JPG HTTP/1.1" 206 75219 "http://rpstudios.ian-justman.com/junk/CGgoods/?S=A" "Mozilla/4.0 (compatible; MSIE 6.0; Windows NT 5.1)"
124.157.140.250 - - [01/Aug/2007:22:02:36 -0700] "GET /junk/CGgoods/chaosgundam-final-battou3.JPG HTTP/1.1" 200 55673 "http://rpstudios.ian-justman.com/junk/CGgoods/?S=A" "Mozilla/4.0 (compatible; MSIE 6.0; Windows NT 5.1)"
124.157.140.250 - - [01/Aug/2007:22:02:53 -0700] "GET /junk/CGgoods/badass.JPG HTTP/1.1" 206 13618 "http://rpstudios.ian-justman.com/junk/CGgoods/?S=A" "Mozilla/4.0 (compatible; MSIE 6.0; Windows NT 5.1)"
124.157.140.250 - - [01/Aug/2007:22:03:13 -0700] "GET /junk/CGgoods/BlackRaptor-1.JPG HTTP/1.1" 206 16418 "http://rpstudios.ian-justman.com/junk/CGgoods/?S=A" "Mozilla/4.0 (compatible; MSIE 6.0; Windows NT 5.1)"
217.212.224.143 - - [01/Aug/2007:22:03:14 -0700] "GET /ane/bloopers/aneblooper2.html HTTP/1.0" 200 5321 "-" "psbot/0.1 (+http://www.picsearch.com/bot.html)"
124.157.140.250 - - [01/Aug/2007:22:03:24 -0700] "GET /junk/CGgoods/chaosgundam-final-4.JPG HTTP/1.1" 206 84690 "http://rpstudios.ian-justman.com/junk/CGgoods/?S=A" "Mozilla/4.0 (compatible; MSIE 6.0; Windows NT 5.1)"
124.157.140.250 - - [01/Aug/2007:22:03:41 -0700] "GET /junk/CGgoods/BlackRaptor-1.JPG HTTP/1.1" 206 64018 "http://rpstudios.ian-justman.com/junk/CGgoods/?S=A" "Mozilla/4.0 (compatible; MSIE 6.0; Windows NT 5.1)"
124.157.140.250 - - [01/Aug/2007:22:03:42 -0700] "GET /junk/CGgoods/chaosgundam-final-4.JPG HTTP/1.1" 206 55618 "http://rpstudios.ian-justman.com/junk/CGgoods/?S=A" "Mozilla/4.0 (compatible; MSIE 6.0; Windows NT 5.1)"
124.157.140.250 - - [01/Aug/2007:22:03:50 -0700] "GET /junk/CGgoods/chaosgundam-final-battou1.JPG HTTP/1.1" 206 114418 "http://rpstudios.ian-justman.com/junk/CGgoods/?S=A" "Mozilla/4.0 (compatible; MSIE 6.0; Windows NT 5.1)"
124.157.140.250 - - [01/Aug/2007:22:03:56 -0700] "GET /junk/CGgoods/chaosgundam-final-chaoslance.JPG HTTP/1.1" 206 32920 "http://rpstudios.ian-justman.com/junk/CGgoods/?S=A" "Mozilla/4.0 (compatible; MSIE 6.0; Windows NT 5.1)"
124.157.140.250 - - [01/Aug/2007:22:04:03 -0700] "GET /junk/CGgoods/chaosgundam-final-super3.JPG HTTP/1.1" 200 47273 "http://rpstudios.ian-justman.com/junk/CGgoods/?S=A" "Mozilla/4.0 (compatible; MSIE 6.0; Windows NT 5.1)"
124.157.140.250 - - [01/Aug/2007:22:04:09 -0700] "GET /junk/CGgoods/badass.JPG HTTP/1.1" 206 65417 "http://rpstudios.ian-justman.com/junk/CGgoods/?S=A" "Mozilla/4.0 (compatible; MSIE 6.0; Windows NT 5.1)"
124.157.140.250 - - [01/Aug/2007:22:04:27 -0700] "GET /junk/CGgoods/chaosgundam-final-battou1.JPG HTTP/1.1" 206 31755 "http://rpstudios.ian-justman.com/junk/CGgoods/?S=A" "Mozilla/4.0 (compatible; MSIE 6.0; Windows NT 5.1)"
124.157.140.250 - - [01/Aug/2007:22:04:53 -0700] "GET /junk/CGgoods/chibishuttle.JPG HTTP/1.1" 200 41673 "http://rpstudios.ian-justman.com/junk/CGgoods/?S=A" "Mozilla/4.0 (compatible; MSIE 6.0; Windows NT 5.1)"
124.157.140.250 - - [01/Aug/2007:22:05:24 -0700] "GET /junk/CGgoods/chaosgundam-final-super2.JPG HTTP/1.1" 206 196908 "http://rpstudios.ian-justman.com/junk/CGgoods/?S=A" "Mozilla/4.0 (compatible; MSIE 6.0; Windows NT 5.1)"
217.212.224.144 - - [01/Aug/2007:22:05:25 -0700] "GET /ane/bloopers/aneblooper12.html HTTP/1.0" 200 12830 "-" "psbot/0.1 (+http://www.picsearch.com/bot.html)"
64.131.206.69 - - [01/Aug/2007:22:05:25 -0700] "GET /junk/furyavatar.jpg HTTP/1.1" 200 5175 "http://z4.invisionfree.com/BoktaiOnline/index.php?showtopic=542&st=45" "Mozilla/5.0 (Windows; U; Windows NT 5.1; en-US; rv:1.8.1.6) Gecko/20070725 Firefox/2.0.0.6"
217.212.224.159 - - [01/Aug/2007:22:06:03 -0700] "GET /ane/bloopers/aneblooper11.html HTTP/1.0" 200 15824 "-" "psbot/0.1 (+http://www.picsearch.com/bot.html)"
124.157.140.250 - - [01/Aug/2007:22:06:39 -0700] "GET /junk/CGgoods/chaosgundam-final-super3.JPG HTTP/1.1" 206 82218 "http://rpstudios.ian-justman.com/junk/CGgoods/?S=A" "Mozilla/4.0 (compatible; MSIE 6.0; Windows NT 5.1)"
124.157.140.250 - - [01/Aug/2007:22:06:53 -0700] "GET /junk/CGgoods/chaosgundam-final-battou3.JPG HTTP/1.1" 206 130860 "http://rpstudios.ian-justman.com/junk/CGgoods/?S=A" "Mozilla/4.0 (compatible; MSIE 6.0; Windows NT 5.1)"
124.157.140.250 - - [01/Aug/2007:22:06:59 -0700] "GET /junk/CGgoods/Dart-crouching1.JPG HTTP/1.1" 200 65473 "http://rpstudios.ian-justman.com/junk/CGgoods/?S=A" "Mozilla/4.0 (compatible; MSIE 6.0; Windows NT 5.1)"
124.157.140.250 - - [01/Aug/2007:22:07:21 -0700] "GET /junk/CGgoods/Dart-flying1.JPG HTTP/1.1" 200 107473 "http://rpstudios.ian-justman.com/junk/CGgoods/?S=A" "Mozilla/4.0 (compatible; MSIE 6.0; Windows NT 5.1)"
124.157.140.250 - - [01/Aug/2007:22:07:37 -0700] "GET /junk/CGgoods/DanceFoolDance.JPG HTTP/1.1" 200 92073 "http://rpstudios.ian-justman.com/junk/CGgoods/?S=A" "Mozilla/4.0 (compatible; MSIE 6.0; Windows NT 5.1)"
124.157.140.250 - - [01/Aug/2007:22:07:49 -0700] "GET /junk/CGgoods/chaosgundam-final-super1.JPG HTTP/1.1" 206 145219 "http://rpstudios.ian-justman.com/junk/CGgoods/?S=A" "Mozilla/4.0 (compatible; MSIE 6.0; Windows NT 5.1)"
124.157.140.250 - - [01/Aug/2007:22:07:50 -0700] "GET /junk/CGgoods/chibishuttle.JPG HTTP/1.1" 206 187914 "http://rpstudios.ian-justman.com/junk/CGgoods/?S=A" "Mozilla/4.0 (compatible; MSIE 6.0; Windows NT 5.1)"
217.212.224.165 - - [01/Aug/2007:22:07:51 -0700] "GET /ane/bloopers/aneblooper10.html HTTP/1.0" 200 14641 "-" "psbot/0.1 (+http://www.picsearch.com/bot.html)"
124.157.140.250 - - [01/Aug/2007:22:08:17 -0700] "GET /junk/CGgoods/chaosgundam-final-battou3.JPG HTTP/1.1" 206 9442 "http://rpstudios.ian-justman.com/junk/CGgoods/?S=A" "Mozilla/4.0 (compatible; MSIE 6.0; Windows NT 5.1)"
124.157.140.250 - - [01/Aug/2007:22:08:20 -0700] "GET /junk/CGgoods/dartsig1.JPG HTTP/1.1" 200 8683 "http://rpstudios.ian-justman.com/junk/CGgoods/?S=A" "Mozilla/4.0 (compatible; MSIE 6.0; Windows NT 5.1)"
124.157.140.250 - - [01/Aug/2007:22:08:25 -0700] "GET /junk/CGgoods/dartsig2.JPG HTTP/1.1" 200 6893 "http://rpstudios.ian-justman.com/junk/CGgoods/?S=A" "Mozilla/4.0 (compatible; MSIE 6.0; Windows NT 5.1)"
124.157.140.250 - - [01/Aug/2007:22:08:27 -0700] "GET /junk/CGgoods/dartsig3.JPG HTTP/1.1" 200 8852 "http://rpstudios.ian-justman.com/junk/CGgoods/?S=A" "Mozilla/4.0 (compatible; MSIE 6.0; Windows NT 5.1)"
124.157.140.250 - - [01/Aug/2007:22:08:29 -0700] "GET /junk/CGgoods/dartsig4.JPG HTTP/1.1" 200 7993 "http://rpstudios.ian-justman.com/junk/CGgoods/?S=A" "Mozilla/4.0 (compatible; MSIE 6.0; Windows NT 5.1)"
124.157.140.250 - - [01/Aug/2007:22:08:37 -0700] "GET /junk/CGgoods/chaosgundam-final-hyper1.JPG HTTP/1.1" 206 108818 "http://rpstudios.ian-justman.com/junk/CGgoods/?S=A" "Mozilla/4.0 (compatible; MSIE 6.0; Windows NT 5.1)"
217.212.224.141 - - [01/Aug/2007:22:08:49 -0700] "GET /ane/bloopers/aneblooper1.html HTTP/1.0" 200 6352 "-" "psbot/0.1 (+http://www.picsearch.com/bot.html)"
124.157.140.250 - - [01/Aug/2007:22:08:58 -0700] "GET /junk/CGgoods/Dart-flying1.JPG HTTP/1.1" 206 74876 "http://rpstudios.ian-justman.com/junk/CGgoods/?S=A" "Mozilla/4.0 (compatible; MSIE 6.0; Windows NT 5.1)"
124.157.140.250 - - [01/Aug/2007:22:09:13 -0700] "GET /junk/CGgoods/dartsig5.JPG HTTP/1.1" 200 8316 "http://rpstudios.ian-justman.com/junk/CGgoods/?S=A" "Mozilla/4.0 (compatible; MSIE 6.0; Windows NT 5.1)"
124.157.140.250 - - [01/Aug/2007:22:09:24 -0700] "GET /junk/CGgoods/Dart-flying2.JPG HTTP/1.1" 200 71073 "http://rpstudios.ian-justman.com/junk/CGgoods/?S=A" "Mozilla/4.0 (compatible; MSIE 6.0; Windows NT 5.1)"
124.157.140.250 - - [01/Aug/2007:22:09:27 -0700] "GET /junk/CGgoods/Dart-crouching2.JPG HTTP/1.1" 206 60342 "http://rpstudios.ian-justman.com/junk/CGgoods/?S=A" "Mozilla/4.0 (compatible; MSIE 6.0; Windows NT 5.1)"
124.157.140.250 - - [01/Aug/2007:22:09:29 -0700] "GET /junk/CGgoods/Dart-crouching2.JPG HTTP/1.1" 200 159273 "http://rpstudios.ian-justman.com/junk/CGgoods/?S=A" "Mozilla/4.0 (compatible; MSIE 6.0; Windows NT 5.1)"
124.157.140.250 - - [01/Aug/2007:22:09:33 -0700] "GET /junk/CGgoods/Dart-kenjustu1.JPG HTTP/1.1" 200 36073 "http://rpstudios.ian-justman.com/junk/CGgoods/?S=A" "Mozilla/4.0 (compatible; MSIE 6.0; Windows NT 5.1)"
124.157.140.250 - - [01/Aug/2007:22:09:40 -0700] "GET /junk/CGgoods/chaosgundam-final-hyper1.JPG HTTP/1.1" 206 92017 "http://rpstudios.ian-justman.com/junk/CGgoods/?S=A" "Mozilla/4.0 (compatible; MSIE 6.0; Windows NT 5.1)"
124.157.140.250 - - [01/Aug/2007:22:09:51 -0700] "GET /junk/CGgoods/dartsig6.JPG HTTP/1.1" 200 6639 "http://rpstudios.ian-justman.com/junk/CGgoods/?S=A" "Mozilla/4.0 (compatible; MSIE 6.0; Windows NT 5.1)"
124.157.140.250 - - [01/Aug/2007:22:09:53 -0700] "GET /junk/CGgoods/dartsig7.JPG HTTP/1.1" 200 9380 "http://rpstudios.ian-justman.com/junk/CGgoods/?S=A" "Mozilla/4.0 (compatible; MSIE 6.0; Windows NT 5.1)"
124.157.140.250 - - [01/Aug/2007:22:10:12 -0700] "GET /junk/CGgoods/Dart-kenjustu1.JPG HTTP/1.1" 206 137718 "http://rpstudios.ian-justman.com/junk/CGgoods/?S=A" "Mozilla/4.0 (compatible; MSIE 6.0; Windows NT 5.1)"
124.157.140.250 - - [01/Aug/2007:22:10:29 -0700] "GET /junk/CGgoods/DanceFoolDance.JPG HTTP/1.1" 206 85018 "http://rpstudios.ian-justman.com/junk/CGgoods/?S=A" "Mozilla/4.0 (compatible; MSIE 6.0; Windows NT 5.1)"
124.157.140.250 - - [01/Aug/2007:22:10:32 -0700] "GET /junk/CGgoods/Dart-bow.JPG HTTP/1.1" 200 110273 "http://rpstudios.ian-justman.com/junk/CGgoods/?S=A" "Mozilla/4.0 (compatible; MSIE 6.0; Windows NT 5.1)"
124.157.140.250 - - [01/Aug/2007:22:10:32 -0700] "GET /junk/CGgoods/chaosgundam-final-super3.JPG HTTP/1.1" 206 17817 "http://rpstudios.ian-justman.com/junk/CGgoods/?S=A" "Mozilla/4.0 (compatible; MSIE 6.0; Windows NT 5.1)"
217.212.224.159 - - [01/Aug/2007:22:10:37 -0700] "GET /ane/bloopers/?D=A HTTP/1.0" 200 3116 "-" "psbot/0.1 (+http://www.picsearch.com/bot.html)"
124.157.140.250 - - [01/Aug/2007:22:10:50 -0700] "GET /junk/CGgoods/Dart-flying2.JPG HTTP/1.1" 206 78019 "http://rpstudios.ian-justman.com/junk/CGgoods/?S=A" "Mozilla/4.0 (compatible; MSIE 6.0; Windows NT 5.1)"
124.157.140.250 - - [01/Aug/2007:22:11:10 -0700] "GET /junk/CGgoods/Dart-flying2.JPG HTTP/1.1" 206 20973 "http://rpstudios.ian-justman.com/junk/CGgoods/?S=A" "Mozilla/4.0 (compatible; MSIE 6.0; Windows NT 5.1)"
124.157.140.250 - - [01/Aug/2007:22:11:12 -0700] "GET /junk/CGgoods/chaosgundam-final-super3.JPG HTTP/1.1" 206 31817 "http://rpstudios.ian-justman.com/junk/CGgoods/?S=A" "Mozilla/4.0 (compatible; MSIE 6.0; Windows NT 5.1)"
124.157.140.250 - - [01/Aug/2007:22:11:12 -0700] "GET /junk/CGgoods/Dart-kenjutsu2.JPG HTTP/1.1" 200 173273 "http://rpstudios.ian-justman.com/junk/CGgoods/?S=A" "Mozilla/4.0 (compatible; MSIE 6.0; Windows NT 5.1)"
124.157.140.250 - - [01/Aug/2007:22:11:13 -0700] "GET /junk/CGgoods/dart-tsume-zeroel.JPG HTTP/1.1" 200 167391 "http://rpstudios.ian-justman.com/junk/CGgoods/?S=A" "Mozilla/4.0 (compatible; MSIE 6.0; Windows NT 5.1)"
124.157.140.250 - - [01/Aug/2007:22:11:26 -0700] "GET /junk/CGgoods/Dart-kenjutsu2.JPG HTTP/1.1" 206 40850 "http://rpstudios.ian-justman.com/junk/CGgoods/?S=A" "Mozilla/4.0 (compatible; MSIE 6.0; Windows NT 5.1)"
124.157.140.250 - - [01/Aug/2007:22:11:48 -0700] "GET /junk/CGgoods/chaosgundam-final-super1.JPG HTTP/1.1" 206 31818 "http://rpstudios.ian-justman.com/junk/CGgoods/?S=A" "Mozilla/4.0 (compatible; MSIE 6.0; Windows NT 5.1)"
124.157.140.250 - - [01/Aug/2007:22:12:02 -0700] "GET /junk/CGgoods/Dart-mugshot.JPG HTTP/1.1" 206 45724 "http://rpstudios.ian-justman.com/junk/CGgoods/?S=A" "Mozilla/4.0 (compatible; MSIE 6.0; Windows NT 5.1)"
124.157.140.250 - - [01/Aug/2007:22:12:02 -0700] "GET /junk/CGgoods/Dart-crouching1.JPG HTTP/1.1" 206 63928 "http://rpstudios.ian-justman.com/junk/CGgoods/?S=A" "Mozilla/4.0 (compatible; MSIE 6.0; Windows NT 5.1)"
124.157.140.250 - - [01/Aug/2007:22:12:13 -0700] "GET /junk/CGgoods/chaosgundam-final-hyper1.JPG HTTP/1.1" 206 12952 "http://rpstudios.ian-justman.com/junk/CGgoods/?S=A" "Mozilla/4.0 (compatible; MSIE 6.0; Windows NT 5.1)"
124.157.140.250 - - [01/Aug/2007:22:12:19 -0700] "GET /junk/CGgoods/chaosgundam-final-hyper1.JPG HTTP/1.1" 206 24818 "http://rpstudios.ian-justman.com/junk/CGgoods/?S=A" "Mozilla/4.0 (compatible; MSIE 6.0; Windows NT 5.1)"
124.157.140.250 - - [01/Aug/2007:22:12:23 -0700] "GET /junk/CGgoods/Dart-bow.JPG HTTP/1.1" 206 38544 "http://rpstudios.ian-justman.com/junk/CGgoods/?S=A" "Mozilla/4.0 (compatible; MSIE 6.0; Windows NT 5.1)"
217.212.224.165 - - [01/Aug/2007:22:12:25 -0700] "GET /ane/bloopers/?S=A HTTP/1.0" 200 3116 "-" "psbot/0.1 (+http://www.picsearch.com/bot.html)"
124.157.140.250 - - [01/Aug/2007:22:12:51 -0700] "GET /junk/CGgoods/Dart-crouching1.JPG HTTP/1.1" 206 73818 "http://rpstudios.ian-justman.com/junk/CGgoods/?S=A" "Mozilla/4.0 (compatible; MSIE 6.0; Windows NT 5.1)"
124.157.140.250 - - [01/Aug/2007:22:12:53 -0700] "GET /junk/CGgoods/dragon5.gif HTTP/1.1" 200 76125 "http://rpstudios.ian-justman.com/junk/CGgoods/?S=A" "Mozilla/4.0 (compatible; MSIE 6.0; Windows NT 5.1)"
124.157.140.250 - - [01/Aug/2007:22:13:04 -0700] "GET /junk/CGgoods/chaosgundam-final-super1.JPG HTTP/1.1" 206 40218 "http://rpstudios.ian-justman.com/junk/CGgoods/?S=A" "Mozilla/4.0 (compatible; MSIE 6.0; Windows NT 5.1)"
124.157.140.250 - - [01/Aug/2007:22:13:11 -0700] "GET /junk/CGgoods/Dart-mugshot.JPG HTTP/1.1" 200 24875 "http://rpstudios.ian-justman.com/junk/CGgoods/?S=A" "Mozilla/4.0 (compatible; MSIE 6.0; Windows NT 5.1)"
124.157.140.250 - - [01/Aug/2007:22:13:15 -0700] "GET /junk/CGgoods/DeepThought.JPG HTTP/1.1" 200 82273 "http://rpstudios.ian-justman.com/junk/CGgoods/?S=A" "Mozilla/4.0 (compatible; MSIE 6.0; Windows NT 5.1)"
124.157.140.250 - - [01/Aug/2007:22:13:26 -0700] "GET /junk/CGgoods/Dart-bow.JPG HTTP/1.1" 206 62619 "http://rpstudios.ian-justman.com/junk/CGgoods/?S=A" "Mozilla/4.0 (compatible; MSIE 6.0; Windows NT 5.1)"
124.157.140.250 - - [01/Aug/2007:22:13:30 -0700] "GET /junk/CGgoods/Dogfight-1.JPG HTTP/1.1" 200 96273 "http://rpstudios.ian-justman.com/junk/CGgoods/?S=A" "Mozilla/4.0 (compatible; MSIE 6.0; Windows NT 5.1)"
124.157.140.250 - - [01/Aug/2007:22:13:46 -0700] "GET /junk/CGgoods/Dejavu.JPG HTTP/1.1" 200 22073 "http://rpstudios.ian-justman.com/junk/CGgoods/?S=A" "Mozilla/4.0 (compatible; MSIE 6.0; Windows NT 5.1)"
217.212.224.148 - - [01/Aug/2007:22:14:18 -0700] "GET /ane/bloopers/?S=D HTTP/1.0" 200 3116 "-" "psbot/0.1 (+http://www.picsearch.com/bot.html)"
124.157.140.250 - - [01/Aug/2007:22:14:42 -0700] "GET /junk/CGgoods/EdgeofOblivion1.JPG HTTP/1.1" 200 22073 "http://rpstudios.ian-justman.com/junk/CGgoods/?S=A" "Mozilla/4.0 (compatible; MSIE 6.0; Windows NT 5.1)"
124.157.140.250 - - [01/Aug/2007:22:15:00 -0700] "GET /junk/CGgoods/Dragonfang2.JPG HTTP/1.1" 200 92825 "http://rpstudios.ian-justman.com/junk/CGgoods/?S=A" "Mozilla/4.0 (compatible; MSIE 6.0; Windows NT 5.1)"
124.157.140.250 - - [01/Aug/2007:22:15:07 -0700] "GET /junk/CGgoods/Dogfight-3.JPG HTTP/1.1" 200 27673 "http://rpstudios.ian-justman.com/junk/CGgoods/?S=A" "Mozilla/4.0 (compatible; MSIE 6.0; Windows NT 5.1)"
124.157.140.250 - - [01/Aug/2007:22:15:32 -0700] "GET /junk/CGgoods/Dragonfang.JPG HTTP/1.1" 200 76673 "http://rpstudios.ian-justman.com/junk/CGgoods/?S=A" "Mozilla/4.0 (compatible; MSIE 6.0; Windows NT 5.1)"
124.157.140.250 - - [01/Aug/2007:22:15:52 -0700] "GET /junk/CGgoods/chaosgundam-final-super1.JPG HTTP/1.1" 206 33218 "http://rpstudios.ian-justman.com/junk/CGgoods/?S=A" "Mozilla/4.0 (compatible; MSIE 6.0; Windows NT 5.1)"
217.212.224.143 - - [01/Aug/2007:22:15:53 -0700] "GET /ane/bloopers/?N=A HTTP/1.0" 200 3116 "-" "psbot/0.1 (+http://www.picsearch.com/bot.html)"
124.157.140.250 - - [01/Aug/2007:22:16:12 -0700] "GET /junk/CGgoods/chaosgundam-final-super3.JPG HTTP/1.1" 206 192080 "http://rpstudios.ian-justman.com/junk/CGgoods/?S=A" "Mozilla/4.0 (compatible; MSIE 6.0; Windows NT 5.1)"
124.157.140.250 - - [01/Aug/2007:22:16:19 -0700] "GET /junk/CGgoods/Dogfight-2.JPG HTTP/1.1" 200 17873 "http://rpstudios.ian-justman.com/junk/CGgoods/?S=A" "Mozilla/4.0 (compatible; MSIE 6.0; Windows NT 5.1)"
124.157.140.250 - - [01/Aug/2007:22:16:44 -0700] "GET /junk/CGgoods/Doubletrouble.JPG HTTP/1.1" 200 29073 "http://rpstudios.ian-justman.com/junk/CGgoods/?S=A" "Mozilla/4.0 (compatible; MSIE 6.0; Windows NT 5.1)"
124.157.140.250 - - [01/Aug/2007:22:16:44 -0700] "GET /junk/CGgoods/Dragonfang.JPG HTTP/1.1" 206 57188 "http://rpstudios.ian-justman.com/junk/CGgoods/?S=A" "Mozilla/4.0 (compatible; MSIE 6.0; Windows NT 5.1)"
124.157.140.250 - - [01/Aug/2007:22:16:51 -0700] "GET /junk/CGgoods/Dogfight-3.JPG HTTP/1.1" 206 17818 "http://rpstudios.ian-justman.com/junk/CGgoods/?S=A" "Mozilla/4.0 (compatible; MSIE 6.0; Windows NT 5.1)"
124.157.140.250 - - [01/Aug/2007:22:17:05 -0700] "GET /junk/CGgoods/DeepThought.JPG HTTP/1.1" 206 79418 "http://rpstudios.ian-justman.com/junk/CGgoods/?S=A" "Mozilla/4.0 (compatible; MSIE 6.0; Windows NT 5.1)"
217.212.224.162 - - [01/Aug/2007:22:17:35 -0700] "GET /ane/bloopers/?M=A HTTP/1.0" 200 3116 "-" "psbot/0.1 (+http://www.picsearch.com/bot.html)"
124.157.140.250 - - [01/Aug/2007:22:17:45 -0700] "GET /junk/CGgoods/Dogfight-2.JPG HTTP/1.1" 206 127019 "http://rpstudios.ian-justman.com/junk/CGgoods/?S=A" "Mozilla/4.0 (compatible; MSIE 6.0; Windows NT 5.1)"
124.157.140.250 - - [01/Aug/2007:22:17:55 -0700] "GET /junk/CGgoods/EdgeofOblivion3.JPG HTTP/1.1" 200 150873 "http://rpstudios.ian-justman.com/junk/CGgoods/?S=A" "Mozilla/4.0 (compatible; MSIE 6.0; Windows NT 5.1)"
124.157.140.250 - - [01/Aug/2007:22:18:42 -0700] "GET /junk/CGgoods/Dogfight-1.JPG HTTP/1.1" 206 202618 "http://rpstudios.ian-justman.com/junk/CGgoods/?S=A" "Mozilla/4.0 (compatible; MSIE 6.0; Windows NT 5.1)"
124.157.140.250 - - [01/Aug/2007:22:18:46 -0700] "GET /junk/CGgoods/DanceFoolDance.JPG HTTP/1.1" 206 50017 "http://rpstudios.ian-justman.com/junk/CGgoods/?S=A" "Mozilla/4.0 (compatible; MSIE 6.0; Windows NT 5.1)"
124.157.140.250 - - [01/Aug/2007:22:18:47 -0700] "GET /junk/CGgoods/Dejavu.JPG HTTP/1.1" 206 131219 "http://rpstudios.ian-justman.com/junk/CGgoods/?S=A" "Mozilla/4.0 (compatible; MSIE 6.0; Windows NT 5.1)"
124.157.140.250 - - [01/Aug/2007:22:18:47 -0700] "GET /junk/CGgoods/Dogfight-1.JPG HTTP/1.1" 206 27552 "http://rpstudios.ian-justman.com/junk/CGgoods/?S=A" "Mozilla/4.0 (compatible; MSIE 6.0; Windows NT 5.1)"
124.157.140.250 - - [01/Aug/2007:22:19:07 -0700] "GET /junk/CGgoods/DanceFoolDance.JPG HTTP/1.1" 206 73817 "http://rpstudios.ian-justman.com/junk/CGgoods/?S=A" "Mozilla/4.0 (compatible; MSIE 6.0; Windows NT 5.1)"
217.212.224.178 - - [01/Aug/2007:22:19:17 -0700] "GET /ane/bloopers/?M=D HTTP/1.0" 200 3116 "-" "psbot/0.1 (+http://www.picsearch.com/bot.html)"
124.157.140.250 - - [01/Aug/2007:22:19:20 -0700] "GET /junk/CGgoods/Dogfight-2.JPG HTTP/1.1" 206 115398 "http://rpstudios.ian-justman.com/junk/CGgoods/?S=A" "Mozilla/4.0 (compatible; MSIE 6.0; Windows NT 5.1)"
124.157.140.250 - - [01/Aug/2007:22:19:27 -0700] "GET /junk/CGgoods/Doubletrouble.JPG HTTP/1.1" 206 36018 "http://rpstudios.ian-justman.com/junk/CGgoods/?S=A" "Mozilla/4.0 (compatible; MSIE 6.0; Windows NT 5.1)"
124.157.140.250 - - [01/Aug/2007:22:19:40 -0700] "GET /junk/CGgoods/DeepThought.JPG HTTP/1.1" 206 73839 "http://rpstudios.ian-justman.com/junk/CGgoods/?S=A" "Mozilla/4.0 (compatible; MSIE 6.0; Windows NT 5.1)"
124.157.140.250 - - [01/Aug/2007:22:20:02 -0700] "GET /junk/CGgoods/EdgeofOblivion3.JPG HTTP/1.1" 206 20618 "http://rpstudios.ian-justman.com/junk/CGgoods/?S=A" "Mozilla/4.0 (compatible; MSIE 6.0; Windows NT 5.1)"
124.157.140.250 - - [01/Aug/2007:22:20:25 -0700] "GET /junk/CGgoods/Doubletrouble.JPG HTTP/1.1" 206 161120 "http://rpstudios.ian-justman.com/junk/CGgoods/?S=A" "Mozilla/4.0 (compatible; MSIE 6.0; Windows NT 5.1)"
124.157.140.250 - - [01/Aug/2007:22:20:48 -0700] "GET /junk/CGgoods/Dogfight-1.JPG HTTP/1.1" 206 6934 "http://rpstudios.ian-justman.com/junk/CGgoods/?S=A" "Mozilla/4.0 (compatible; MSIE 6.0; Windows NT 5.1)"
217.212.224.149 - - [01/Aug/2007:22:20:51 -0700] "GET /ane/bloopers/?N=D HTTP/1.0" 200 3116 "-" "psbot/0.1 (+http://www.picsearch.com/bot.html)"
124.157.140.250 - - [01/Aug/2007:22:20:54 -0700] "GET /junk/CGgoods/EdgeofOblivion2.JPG HTTP/1.1" 200 157873 "http://rpstudios.ian-justman.com/junk/CGgoods/?S=A" "Mozilla/4.0 (compatible; MSIE 6.0; Windows NT 5.1)"
124.157.140.250 - - [01/Aug/2007:22:21:10 -0700] "GET /junk/CGgoods/Dogfight-3.JPG HTTP/1.1" 206 94818 "http://rpstudios.ian-justman.com/junk/CGgoods/?S=A" "Mozilla/4.0 (compatible; MSIE 6.0; Windows NT 5.1)"
124.157.140.250 - - [01/Aug/2007:22:21:33 -0700] "GET /junk/CGgoods/EdgeofOblivion3.JPG HTTP/1.1" 206 46245 "http://rpstudios.ian-justman.com/junk/CGgoods/?S=A" "Mozilla/4.0 (compatible; MSIE 6.0; Windows NT 5.1)"
124.157.140.250 - - [01/Aug/2007:22:21:43 -0700] "GET /junk/CGgoods/EV3-CampR.JPG HTTP/1.1" 200 109122 "http://rpstudios.ian-justman.com/junk/CGgoods/?S=A" "Mozilla/4.0 (compatible; MSIE 6.0; Windows NT 5.1)"
124.157.140.250 - - [01/Aug/2007:22:21:53 -0700] "GET /junk/CGgoods/EdgeofOblivion1.JPG HTTP/1.1" 206 44918 "http://rpstudios.ian-justman.com/junk/CGgoods/?S=A" "Mozilla/4.0 (compatible; MSIE 6.0; Windows NT 5.1)"
124.157.140.250 - - [01/Aug/2007:22:22:10 -0700] "GET /junk/CGgoods/EdgeofOblivion4.JPG HTTP/1.1" 200 146673 "http://rpstudios.ian-justman.com/junk/CGgoods/?S=A" "Mozilla/4.0 (compatible; MSIE 6.0; Windows NT 5.1)"
124.157.140.250 - - [01/Aug/2007:22:22:10 -0700] "GET /junk/CGgoods/EV3-Prototype2.JPG HTTP/1.1" 200 212891 "http://rpstudios.ian-justman.com/junk/CGgoods/?S=A" "Mozilla/4.0 (compatible; MSIE 6.0; Windows NT 5.1)"
124.157.140.250 - - [01/Aug/2007:22:22:16 -0700] "GET /junk/CGgoods/Dejavu.JPG HTTP/1.1" 206 83617 "http://rpstudios.ian-justman.com/junk/CGgoods/?S=A" "Mozilla/4.0 (compatible; MSIE 6.0; Windows NT 5.1)"
217.212.224.148 - - [01/Aug/2007:22:22:27 -0700] "GET /ane/artmech.html HTTP/1.0" 200 19802 "-" "psbot/0.1 (+http://www.picsearch.com/bot.html)"
124.157.140.250 - - [01/Aug/2007:22:22:48 -0700] "GET /junk/CGgoods/DanceFoolDance.JPG HTTP/1.1" 206 79418 "http://rpstudios.ian-justman.com/junk/CGgoods/?S=A" "Mozilla/4.0 (compatible; MSIE 6.0; Windows NT 5.1)"
124.157.140.250 - - [01/Aug/2007:22:22:53 -0700] "GET /junk/CGgoods/Dogfight-3.JPG HTTP/1.1" 206 22018 "http://rpstudios.ian-justman.com/junk/CGgoods/?S=A" "Mozilla/4.0 (compatible; MSIE 6.0; Windows NT 5.1)"
124.157.140.250 - - [01/Aug/2007:22:22:59 -0700] "GET /junk/CGgoods/EdgeofOblivion1.JPG HTTP/1.1" 206 157819 "http://rpstudios.ian-justman.com/junk/CGgoods/?S=A" "Mozilla/4.0 (compatible; MSIE 6.0; Windows NT 5.1)"
124.157.140.250 - - [01/Aug/2007:22:23:00 -0700] "GET /junk/CGgoods/EV3-Prototype4.JPG HTTP/1.1" 200 78319 "http://rpstudios.ian-justman.com/junk/CGgoods/?S=A" "Mozilla/4.0 (compatible; MSIE 6.0; Windows NT 5.1)"
124.157.140.250 - - [01/Aug/2007:22:23:01 -0700] "GET /junk/CGgoods/EdgeofOblivion5.JPG HTTP/1.1" 200 97673 "http://rpstudios.ian-justman.com/junk/CGgoods/?S=A" "Mozilla/4.0 (compatible; MSIE 6.0; Windows NT 5.1)"
81.52.143.15 - - [01/Aug/2007:22:23:19 -0700] "GET /robots.txt HTTP/1.1" 404 581 "-" "Mozilla/5.0 (Windows; U; Windows NT 5.1; fr; rv:1.8.1) VoilaBot BETA 1.2 (http://www.voila.com/)"
81.52.143.15 - - [01/Aug/2007:22:23:29 -0700] "GET /ane/sidestory/bdad.html HTTP/1.1" 200 7440 "-" "Mozilla/5.0 (Windows; U; Windows NT 5.1; fr; rv:1.8.1) VoilaBot BETA 1.2 (http://www.voila.com/)"
124.157.140.250 - - [01/Aug/2007:22:23:47 -0700] "GET /junk/CGgoods/EdgeofOblivion2.JPG HTTP/1.1" 206 33217 "http://rpstudios.ian-justman.com/junk/CGgoods/?S=A" "Mozilla/4.0 (compatible; MSIE 6.0; Windows NT 5.1)"
217.212.224.178 - - [01/Aug/2007:22:24:02 -0700] "GET /ane/art.html HTTP/1.0" 200 9869 "-" "psbot/0.1 (+http://www.picsearch.com/bot.html)"
124.157.140.250 - - [01/Aug/2007:22:24:19 -0700] "GET /junk/CGgoods/Dogfight-3.JPG HTTP/1.1" 206 76674 "http://rpstudios.ian-justman.com/junk/CGgoods/?S=A" "Mozilla/4.0 (compatible; MSIE 6.0; Windows NT 5.1)"
124.157.140.250 - - [01/Aug/2007:22:24:38 -0700] "GET /junk/CGgoods/EV3-Prototype.JPG HTTP/1.1" 200 172679 "http://rpstudios.ian-justman.com/junk/CGgoods/?S=A" "Mozilla/4.0 (compatible; MSIE 6.0; Windows NT 5.1)"
124.157.140.250 - - [01/Aug/2007:22:24:40 -0700] "GET /junk/CGgoods/Dejavu.JPG HTTP/1.1" 206 52818 "http://rpstudios.ian-justman.com/junk/CGgoods/?S=A" "Mozilla/4.0 (compatible; MSIE 6.0; Windows NT 5.1)"
124.157.140.250 - - [01/Aug/2007:22:24:46 -0700] "GET /junk/CGgoods/evilrobot.JPG HTTP/1.1" 200 12512 "http://rpstudios.ian-justman.com/junk/CGgoods/?S=A" "Mozilla/4.0 (compatible; MSIE 6.0; Windows NT 5.1)"
124.157.140.250 - - [01/Aug/2007:22:25:24 -0700] "GET /junk/CGgoods/EdgeofOblivion5.JPG HTTP/1.1" 206 124837 "http://rpstudios.ian-justman.com/junk/CGgoods/?S=A" "Mozilla/4.0 (compatible; MSIE 6.0; Windows NT 5.1)"
124.157.140.250 - - [01/Aug/2007:22:25:25 -0700] "GET /junk/CGgoods/embassy.JPG HTTP/1.1" 200 208380 "http://rpstudios.ian-justman.com/junk/CGgoods/?S=A" "Mozilla/4.0 (compatible; MSIE 6.0; Windows NT 5.1)"
217.212.224.141 - - [01/Aug/2007:22:25:37 -0700] "GET /ane/anetechessay.html HTTP/1.0" 200 9128 "-" "psbot/0.1 (+http://www.picsearch.com/bot.html)"
124.157.140.250 - - [01/Aug/2007:22:25:54 -0700] "GET /junk/CGgoods/Dejavu.JPG HTTP/1.1" 206 50103 "http://rpstudios.ian-justman.com/junk/CGgoods/?S=A" "Mozilla/4.0 (compatible; MSIE 6.0; Windows NT 5.1)"
124.157.140.250 - - [01/Aug/2007:22:25:56 -0700] "GET /junk/CGgoods/EVMK-2-HA.JPG HTTP/1.1" 200 61184 "http://rpstudios.ian-justman.com/junk/CGgoods/?S=A" "Mozilla/4.0 (compatible; MSIE 6.0; Windows NT 5.1)"
124.157.140.250 - - [01/Aug/2007:22:26:07 -0700] "GET /junk/CGgoods/EdgeofOblivion2.JPG HTTP/1.1" 206 31277 "http://rpstudios.ian-justman.com/junk/CGgoods/?S=A" "Mozilla/4.0 (compatible; MSIE 6.0; Windows NT 5.1)"
124.157.140.250 - - [01/Aug/2007:22:26:19 -0700] "GET /junk/CGgoods/EveryKindofFuckedImaginable.JPG HTTP/1.1" 200 73873 "http://rpstudios.ian-justman.com/junk/CGgoods/?S=A" "Mozilla/4.0 (compatible; MSIE 6.0; Windows NT 5.1)"
124.157.140.250 - - [01/Aug/2007:22:26:35 -0700] "GET /junk/CGgoods/EVMK-2-AA.JPG HTTP/1.1" 200 91658 "http://rpstudios.ian-justman.com/junk/CGgoods/?S=A" "Mozilla/4.0 (compatible; MSIE 6.0; Windows NT 5.1)"
124.157.140.250 - - [01/Aug/2007:22:26:45 -0700] "GET /junk/CGgoods/evil2.JPG HTTP/1.1" 200 38873 "http://rpstudios.ian-justman.com/junk/CGgoods/?S=A" "Mozilla/4.0 (compatible; MSIE 6.0; Windows NT 5.1)"
124.157.140.250 - - [01/Aug/2007:22:26:54 -0700] "GET /junk/CGgoods/EdgeofOblivion4.JPG HTTP/1.1" 206 114417 "http://rpstudios.ian-justman.com/junk/CGgoods/?S=A" "Mozilla/4.0 (compatible; MSIE 6.0; Windows NT 5.1)"
124.157.140.250 - - [01/Aug/2007:22:26:54 -0700] "GET /junk/CGgoods/EdgeofOblivion4.JPG HTTP/1.1" 206 19800 "http://rpstudios.ian-justman.com/junk/CGgoods/?S=A" "Mozilla/4.0 (compatible; MSIE 6.0; Windows NT 5.1)"
217.212.224.149 - - [01/Aug/2007:22:27:14 -0700] "GET /ane/anelinks.html HTTP/1.0" 200 3965 "-" "psbot/0.1 (+http://www.picsearch.com/bot.html)"
124.157.140.250 - - [01/Aug/2007:22:27:30 -0700] "GET /junk/CGgoods/EV3-Prototype3.JPG HTTP/1.1" 200 128473 "http://rpstudios.ian-justman.com/junk/CGgoods/?S=A" "Mozilla/4.0 (compatible; MSIE 6.0; Windows NT 5.1)"
124.157.140.250 - - [01/Aug/2007:22:28:38 -0700] "GET /junk/CGgoods/EdgeofOblivion2.JPG HTTP/1.1" 206 71018 "http://rpstudios.ian-justman.com/junk/CGgoods/?S=A" "Mozilla/4.0 (compatible; MSIE 6.0; Windows NT 5.1)"
124.157.140.250 - - [01/Aug/2007:22:28:38 -0700] "GET /junk/CGgoods/EVMK-2-LR.JPG HTTP/1.1" 200 43075 "http://rpstudios.ian-justman.com/junk/CGgoods/?S=A" "Mozilla/4.0 (compatible; MSIE 6.0; Windows NT 5.1)"
124.157.140.250 - - [01/Aug/2007:22:28:47 -0700] "GET /junk/CGgoods/Firefury-Chaosblade2.JPG HTTP/1.1" 200 200509 "http://rpstudios.ian-justman.com/junk/CGgoods/?S=A" "Mozilla/4.0 (compatible; MSIE 6.0; Windows NT 5.1)"
217.212.224.145 - - [01/Aug/2007:22:28:48 -0700] "GET /robots.txt HTTP/1.0" 404 286 "-" "psbot/0.1 (+http://www.picsearch.com/bot.html)"
217.212.224.141 - - [01/Aug/2007:22:28:49 -0700] "GET /ane/anelinkbb.html HTTP/1.0" 200 3685 "-" "psbot/0.1 (+http://www.picsearch.com/bot.html)"
124.157.140.250 - - [01/Aug/2007:22:28:53 -0700] "GET /junk/CGgoods/Firefury-allrange.JPG HTTP/1.1" 200 30473 "http://rpstudios.ian-justman.com/junk/CGgoods/?S=A" "Mozilla/4.0 (compatible; MSIE 6.0; Windows NT 5.1)"
124.157.140.250 - - [01/Aug/2007:22:29:04 -0700] "GET /junk/CGgoods/EveryKindofFuckedImaginable.JPG HTTP/1.1" 206 26218 "http://rpstudios.ian-justman.com/junk/CGgoods/?S=A" "Mozilla/4.0 (compatible; MSIE 6.0; Windows NT 5.1)"
124.157.140.250 - - [01/Aug/2007:22:29:54 -0700] "GET /junk/CGgoods/Firefury-cchaser.JPG HTTP/1.1" 200 31873 "http://rpstudios.ian-justman.com/junk/CGgoods/?S=A" "Mozilla/4.0 (compatible; MSIE 6.0; Windows NT 5.1)"
217.212.224.147 - - [01/Aug/2007:22:30:21 -0700] "GET /ane/anedisc.html HTTP/1.0" 200 4636 "-" "psbot/0.1 (+http://www.picsearch.com/bot.html)"
124.157.140.250 - - [01/Aug/2007:22:30:33 -0700] "GET /junk/CGgoods/evil.JPG HTTP/1.1" 200 229875 "http://rpstudios.ian-justman.com/junk/CGgoods/?S=A" "Mozilla/4.0 (compatible; MSIE 6.0; Windows NT 5.1)"
124.157.140.250 - - [01/Aug/2007:22:30:35 -0700] "GET /junk/CGgoods/Firefury-cchaser2.JPG HTTP/1.1" 200 213873 "http://rpstudios.ian-justman.com/junk/CGgoods/?S=A" "Mozilla/4.0 (compatible; MSIE 6.0; Windows NT 5.1)"
124.157.140.250 - - [01/Aug/2007:22:31:09 -0700] "GET /junk/CGgoods/EV3-Prototype3.JPG HTTP/1.1" 206 48617 "http://rpstudios.ian-justman.com/junk/CGgoods/?S=A" "Mozilla/4.0 (compatible; MSIE 6.0; Windows NT 5.1)"
124.157.140.250 - - [01/Aug/2007:22:31:11 -0700] "GET /junk/CGgoods/Firefury-cchaser2.JPG HTTP/1.1" 206 62411 "http://rpstudios.ian-justman.com/junk/CGgoods/?S=A" "Mozilla/4.0 (compatible; MSIE 6.0; Windows NT 5.1)"
124.157.140.250 - - [01/Aug/2007:22:31:29 -0700] "GET /junk/CGgoods/Firefury-burstjet.JPG HTTP/1.1" 200 52873 "http://rpstudios.ian-justman.com/junk/CGgoods/?S=A" "Mozilla/4.0 (compatible; MSIE 6.0; Windows NT 5.1)"
124.157.140.250 - - [01/Aug/2007:22:31:34 -0700] "GET /junk/CGgoods/Firefury-cchaser.JPG HTTP/1.1" 206 24818 "http://rpstudios.ian-justman.com/junk/CGgoods/?S=A" "Mozilla/4.0 (compatible; MSIE 6.0; Windows NT 5.1)"
151.71.178.109 - - [01/Aug/2007:22:31:35 -0700] "GET /east/images/image001.jpg HTTP/1.1" 200 12777 "http://dbnow.altervista.org/scheda.php?pg=Dark" "Mozilla/4.0 (compatible; MSIE 7.0; Windows NT 5.1; FunWebProducts; snprtz|T13543400000085|2600#Service Pack 2#2#5#1; .NET CLR 2.0.50727)"
124.157.140.250 - - [01/Aug/2007:22:31:40 -0700] "GET /junk/CGgoods/EVMK-2-LR.JPG HTTP/1.1" 206 23422 "http://rpstudios.ian-justman.com/junk/CGgoods/?S=A" "Mozilla/4.0 (compatible; MSIE 6.0; Windows NT 5.1)"
124.157.140.250 - - [01/Aug/2007:22:31:55 -0700] "GET /junk/CGgoods/Firefury-buster.JPG HTTP/1.1" 200 94873 "http://rpstudios.ian-justman.com/junk/CGgoods/?S=A" "Mozilla/4.0 (compatible; MSIE 6.0; Windows NT 5.1)"
124.157.140.250 - - [01/Aug/2007:22:31:57 -0700] "GET /junk/CGgoods/Firefury-Chaosblade.JPG HTTP/1.1" 200 44473 "http://rpstudios.ian-justman.com/junk/CGgoods/?S=A" "Mozilla/4.0 (compatible; MSIE 6.0; Windows NT 5.1)"
217.212.224.162 - - [01/Aug/2007:22:32:01 -0700] "GET /ane/anechars.html HTTP/1.0" 200 9148 "-" "psbot/0.1 (+http://www.picsearch.com/bot.html)"
124.157.140.250 - - [01/Aug/2007:22:32:06 -0700] "GET /junk/CGgoods/EVMK-2-LR.JPG HTTP/1.1" 206 17000 "http://rpstudios.ian-justman.com/junk/CGgoods/?S=A" "Mozilla/4.0 (compatible; MSIE 6.0; Windows NT 5.1)"
124.157.140.250 - - [01/Aug/2007:22:32:16 -0700] "GET /junk/CGgoods/EveryKindofFuckedImaginable.JPG HTTP/1.1" 206 150818 "http://rpstudios.ian-justman.com/junk/CGgoods/?S=A" "Mozilla/4.0 (compatible; MSIE 6.0; Windows NT 5.1)"
124.157.140.250 - - [01/Aug/2007:22:32:49 -0700] "GET /junk/CGgoods/Firefury-burstjet.JPG HTTP/1.1" 206 27618 "http://rpstudios.ian-justman.com/junk/CGgoods/?S=A" "Mozilla/4.0 (compatible; MSIE 6.0; Windows NT 5.1)"
124.157.140.250 - - [01/Aug/2007:22:32:52 -0700] "GET /junk/CGgoods/Firefury-Chaosblade4.JPG HTTP/1.1" 200 169784 "http://rpstudios.ian-justman.com/junk/CGgoods/?S=A" "Mozilla/4.0 (compatible; MSIE 6.0; Windows NT 5.1)"
124.157.140.250 - - [01/Aug/2007:22:33:12 -0700] "GET /junk/CGgoods/Firefury-cchaser.JPG HTTP/1.1" 206 33218 "http://rpstudios.ian-justman.com/junk/CGgoods/?S=A" "Mozilla/4.0 (compatible; MSIE 6.0; Windows NT 5.1)"
124.157.140.250 - - [01/Aug/2007:22:33:12 -0700] "GET /junk/CGgoods/evil2.JPG HTTP/1.1" 206 54218 "http://rpstudios.ian-justman.com/junk/CGgoods/?S=A" "Mozilla/4.0 (compatible; MSIE 6.0; Windows NT 5.1)"
74.6.22.16 - - [01/Aug/2007:22:33:25 -0700] "GET /east/youknow.html HTTP/1.0" 200 6055 "-" "Mozilla/5.0 (compatible; Yahoo! Slurp; http://help.yahoo.com/help/us/ysearch/slurp)"
217.212.224.143 - - [01/Aug/2007:22:33:37 -0700] "GET /ane/anebackstory.html HTTP/1.0" 200 3499 "-" "psbot/0.1 (+http://www.picsearch.com/bot.html)"
193.252.149.15 - - [01/Aug/2007:22:33:45 -0700] "GET /robots.txt HTTP/1.1" 404 581 "-" "Mozilla/5.0 (Windows; U; Windows NT 5.1; fr; rv:1.8.1) VoilaBot BETA 1.2 (http://www.voila.com/)"
193.252.149.15 - - [01/Aug/2007:22:33:48 -0700] "GET /ane/episodes/ane-ep11.html HTTP/1.1" 200 7607 "-" "Mozilla/5.0 (Windows; U; Windows NT 5.1; fr; rv:1.8.1) VoilaBot BETA 1.2 (http://www.voila.com/)"
124.157.140.250 - - [01/Aug/2007:22:34:01 -0700] "GET /junk/CGgoods/Firefury-allrange.JPG HTTP/1.1" 206 246018 "http://rpstudios.ian-justman.com/junk/CGgoods/?S=A" "Mozilla/4.0 (compatible; MSIE 6.0; Windows NT 5.1)"
124.157.140.250 - - [01/Aug/2007:22:34:17 -0700] "GET /junk/CGgoods/EV3-Prototype3.JPG HTTP/1.1" 206 62617 "http://rpstudios.ian-justman.com/junk/CGgoods/?S=A" "Mozilla/4.0 (compatible; MSIE 6.0; Windows NT 5.1)"
124.157.140.250 - - [01/Aug/2007:22:34:46 -0700] "GET /junk/CGgoods/EV3-Prototype3.JPG HTTP/1.1" 206 52146 "http://rpstudios.ian-justman.com/junk/CGgoods/?S=A" "Mozilla/4.0 (compatible; MSIE 6.0; Windows NT 5.1)"
124.157.140.250 - - [01/Aug/2007:22:35:02 -0700] "GET /junk/CGgoods/Firefury-Daijuusan.JPG HTTP/1.1" 200 76673 "http://rpstudios.ian-justman.com/junk/CGgoods/?S=A" "Mozilla/4.0 (compatible; MSIE 6.0; Windows NT 5.1)"
124.157.140.250 - - [01/Aug/2007:22:35:08 -0700] "GET /junk/CGgoods/Firefury-buster.JPG HTTP/1.1" 206 79418 "http://rpstudios.ian-justman.com/junk/CGgoods/?S=A" "Mozilla/4.0 (compatible; MSIE 6.0; Windows NT 5.1)"
217.212.224.178 - - [01/Aug/2007:22:35:14 -0700] "GET /ane/?D=A HTTP/1.0" 200 7502 "-" "psbot/0.1 (+http://www.picsearch.com/bot.html)"
124.157.140.250 - - [01/Aug/2007:22:35:55 -0700] "GET /junk/CGgoods/Firefury-Chaosblade3.JPG HTTP/1.1" 200 114473 "http://rpstudios.ian-justman.com/junk/CGgoods/?S=A" "Mozilla/4.0 (compatible; MSIE 6.0; Windows NT 5.1)"
124.157.140.250 - - [01/Aug/2007:22:36:05 -0700] "GET /junk/CGgoods/Firefury-Daijuusan3.JPG HTTP/1.1" 200 180273 "http://rpstudios.ian-justman.com/junk/CGgoods/?S=A" "Mozilla/4.0 (compatible; MSIE 6.0; Windows NT 5.1)"
124.157.140.250 - - [01/Aug/2007:22:36:15 -0700] "GET /junk/CGgoods/Firefury-Daijuusan2.JPG HTTP/1.1" 206 61219 "http://rpstudios.ian-justman.com/junk/CGgoods/?S=A" "Mozilla/4.0 (compatible; MSIE 6.0; Windows NT 5.1)"
124.157.140.250 - - [01/Aug/2007:22:36:46 -0700] "GET /junk/CGgoods/Firefury-allrange.JPG HTTP/1.1" 206 103068 "http://rpstudios.ian-justman.com/junk/CGgoods/?S=A" "Mozilla/4.0 (compatible; MSIE 6.0; Windows NT 5.1)"
217.212.224.162 - - [01/Aug/2007:22:36:51 -0700] "GET /ane/?S=A HTTP/1.0" 200 7502 "-" "psbot/0.1 (+http://www.picsearch.com/bot.html)"
124.157.140.250 - - [01/Aug/2007:22:36:57 -0700] "GET /junk/CGgoods/evil2.JPG HTTP/1.1" 206 83618 "http://rpstudios.ian-justman.com/junk/CGgoods/?S=A" "Mozilla/4.0 (compatible; MSIE 6.0; Windows NT 5.1)"
124.157.140.250 - - [01/Aug/2007:22:37:02 -0700] "GET /junk/CGgoods/Firefury-Daijuusan2.JPG HTTP/1.1" 200 22073 "http://rpstudios.ian-justman.com/junk/CGgoods/?S=A" "Mozilla/4.0 (compatible; MSIE 6.0; Windows NT 5.1)"
124.157.140.250 - - [01/Aug/2007:22:37:07 -0700] "GET /junk/CGgoods/Firefury-Chaosblade.JPG HTTP/1.1" 206 54218 "http://rpstudios.ian-justman.com/junk/CGgoods/?S=A" "Mozilla/4.0 (compatible; MSIE 6.0; Windows NT 5.1)"
124.157.140.250 - - [01/Aug/2007:22:37:07 -0700] "GET /junk/CGgoods/Firefury-burstjet.JPG HTTP/1.1" 206 89218 "http://rpstudios.ian-justman.com/junk/CGgoods/?S=A" "Mozilla/4.0 (compatible; MSIE 6.0; Windows NT 5.1)"
124.157.140.250 - - [01/Aug/2007:22:37:33 -0700] "GET /junk/CGgoods/Firefury-Chaosblade3.JPG HTTP/1.1" 206 65418 "http://rpstudios.ian-justman.com/junk/CGgoods/?S=A" "Mozilla/4.0 (compatible; MSIE 6.0; Windows NT 5.1)"
124.157.140.250 - - [01/Aug/2007:22:37:59 -0700] "GET /junk/CGgoods/Firefury-cchaser.JPG HTTP/1.1" 206 117218 "http://rpstudios.ian-justman.com/junk/CGgoods/?S=A" "Mozilla/4.0 (compatible; MSIE 6.0; Windows NT 5.1)"
124.157.140.250 - - [01/Aug/2007:22:38:07 -0700] "GET /junk/CGgoods/Firefury-Chaosblade3.JPG HTTP/1.1" 206 28936 "http://rpstudios.ian-justman.com/junk/CGgoods/?S=A" "Mozilla/4.0 (compatible; MSIE 6.0; Windows NT 5.1)"
124.157.140.250 - - [01/Aug/2007:22:38:15 -0700] "GET /junk/CGgoods/Firefury-Daijuusan.JPG HTTP/1.1" 206 62618 "http://rpstudios.ian-justman.com/junk/CGgoods/?S=A" "Mozilla/4.0 (compatible; MSIE 6.0; Windows NT 5.1)"
124.157.140.250 - - [01/Aug/2007:22:38:20 -0700] "GET /junk/CGgoods/Firefury-dropkick2.JPG HTTP/1.1" 200 148123 "http://rpstudios.ian-justman.com/junk/CGgoods/?S=A" "Mozilla/4.0 (compatible; MSIE 6.0; Windows NT 5.1)"
124.157.140.250 - - [01/Aug/2007:22:38:23 -0700] "GET /junk/CGgoods/Firefury-burstjet.JPG HTTP/1.1" 206 31817 "http://rpstudios.ian-justman.com/junk/CGgoods/?S=A" "Mozilla/4.0 (compatible; MSIE 6.0; Windows NT 5.1)"
124.157.140.250 - - [01/Aug/2007:22:38:24 -0700] "GET /junk/CGgoods/evil2.JPG HTTP/1.1" 206 39150 "http://rpstudios.ian-justman.com/junk/CGgoods/?S=A" "Mozilla/4.0 (compatible; MSIE 6.0; Windows NT 5.1)"
217.212.224.178 - - [01/Aug/2007:22:38:29 -0700] "GET /ane/?M=A HTTP/1.0" 200 7502 "-" "psbot/0.1 (+http://www.picsearch.com/bot.html)"
124.157.140.250 - - [01/Aug/2007:22:38:31 -0700] "GET /junk/CGgoods/EveryKindofFuckedImaginable.JPG HTTP/1.1" 206 54218 "http://rpstudios.ian-justman.com/junk/CGgoods/?S=A" "Mozilla/4.0 (compatible; MSIE 6.0; Windows NT 5.1)"
