87.4.153.246 - - [01/Aug/2007:12:47:29 -0700] "GET /east/images/screencaps/Thumbnails/thumb0084.jpg HTTP/1.1" 304 - "http://rpstudios.ian-justman.com/east/gallery.html" "Mozilla/4.0 (compatible; MSIE 6.0; Windows NT 5.1; SV1; .NET CLR 1.1.4322; .NET CLR 2.0.50727)"
87.4.153.246 - - [01/Aug/2007:12:47:29 -0700] "GET /east/images/screencaps/Thumbnails/thumb0085.jpg HTTP/1.1" 304 - "http://rpstudios.ian-justman.com/east/gallery.html" "Mozilla/4.0 (compatible; MSIE 6.0; Windows NT 5.1; SV1; .NET CLR 1.1.4322; .NET CLR 2.0.50727)"
87.4.153.246 - - [01/Aug/2007:12:47:29 -0700] "GET /east/images/screencaps/Thumbnails/thumb0086.jpg HTTP/1.1" 304 - "http://rpstudios.ian-justman.com/east/gallery.html" "Mozilla/4.0 (compatible; MSIE 6.0; Windows NT 5.1; SV1; .NET CLR 1.1.4322; .NET CLR 2.0.50727)"
87.4.153.246 - - [01/Aug/2007:12:47:29 -0700] "GET /east/images/screencaps/Thumbnails/thumb0087.jpg HTTP/1.1" 304 - "http://rpstudios.ian-justman.com/east/gallery.html" "Mozilla/4.0 (compatible; MSIE 6.0; Windows NT 5.1; SV1; .NET CLR 1.1.4322; .NET CLR 2.0.50727)"
87.4.153.246 - - [01/Aug/2007:12:47:29 -0700] "GET /east/images/screencaps/Thumbnails/thumb0088.jpg HTTP/1.1" 304 - "http://rpstudios.ian-justman.com/east/gallery.html" "Mozilla/4.0 (compatible; MSIE 6.0; Windows NT 5.1; SV1; .NET CLR 1.1.4322; .NET CLR 2.0.50727)"
87.4.153.246 - - [01/Aug/2007:12:47:30 -0700] "GET /east/images/screencaps/Thumbnails/thumb0089.jpg HTTP/1.1" 304 - "http://rpstudios.ian-justman.com/east/gallery.html" "Mozilla/4.0 (compatible; MSIE 6.0; Windows NT 5.1; SV1; .NET CLR 1.1.4322; .NET CLR 2.0.50727)"
87.4.153.246 - - [01/Aug/2007:12:47:30 -0700] "GET /east/images/screencaps/Thumbnails/thumb0090.jpg HTTP/1.1" 304 - "http://rpstudios.ian-justman.com/east/gallery.html" "Mozilla/4.0 (compatible; MSIE 6.0; Windows NT 5.1; SV1; .NET CLR 1.1.4322; .NET CLR 2.0.50727)"
87.4.153.246 - - [01/Aug/2007:12:47:30 -0700] "GET /east/images/screencaps/Thumbnails/thumb0091.jpg HTTP/1.1" 304 - "http://rpstudios.ian-justman.com/east/gallery.html" "Mozilla/4.0 (compatible; MSIE 6.0; Windows NT 5.1; SV1; .NET CLR 1.1.4322; .NET CLR 2.0.50727)"
87.4.153.246 - - [01/Aug/2007:12:47:30 -0700] "GET /east/images/screencaps/Thumbnails/thumb0092.jpg HTTP/1.1" 304 - "http://rpstudios.ian-justman.com/east/gallery.html" "Mozilla/4.0 (compatible; MSIE 6.0; Windows NT 5.1; SV1; .NET CLR 1.1.4322; .NET CLR 2.0.50727)"
87.4.153.246 - - [01/Aug/2007:12:47:30 -0700] "GET /east/images/screencaps/Thumbnails/thumb0093.jpg HTTP/1.1" 304 - "http://rpstudios.ian-justman.com/east/gallery.html" "Mozilla/4.0 (compatible; MSIE 6.0; Windows NT 5.1; SV1; .NET CLR 1.1.4322; .NET CLR 2.0.50727)"
87.4.153.246 - - [01/Aug/2007:12:47:30 -0700] "GET /east/images/screencaps/Thumbnails/thumb0094.jpg HTTP/1.1" 304 - "http://rpstudios.ian-justman.com/east/gallery.html" "Mozilla/4.0 (compatible; MSIE 6.0; Windows NT 5.1; SV1; .NET CLR 1.1.4322; .NET CLR 2.0.50727)"
87.4.153.246 - - [01/Aug/2007:12:47:30 -0700] "GET /east/images/screencaps/Thumbnails/thumb0095.jpg HTTP/1.1" 304 - "http://rpstudios.ian-justman.com/east/gallery.html" "Mozilla/4.0 (compatible; MSIE 6.0; Windows NT 5.1; SV1; .NET CLR 1.1.4322; .NET CLR 2.0.50727)"
87.4.153.246 - - [01/Aug/2007:12:47:30 -0700] "GET /east/images/screencaps/Thumbnails/thumb0096.jpg HTTP/1.1" 304 - "http://rpstudios.ian-justman.com/east/gallery.html" "Mozilla/4.0 (compatible; MSIE 6.0; Windows NT 5.1; SV1; .NET CLR 1.1.4322; .NET CLR 2.0.50727)"
87.4.153.246 - - [01/Aug/2007:12:47:31 -0700] "GET /east/images/screencaps/Thumbnails/thumb0097.jpg HTTP/1.1" 304 - "http://rpstudios.ian-justman.com/east/gallery.html" "Mozilla/4.0 (compatible; MSIE 6.0; Windows NT 5.1; SV1; .NET CLR 1.1.4322; .NET CLR 2.0.50727)"
87.4.153.246 - - [01/Aug/2007:12:47:31 -0700] "GET /east/images/screencaps/Thumbnails/thumb0098.jpg HTTP/1.1" 304 - "http://rpstudios.ian-justman.com/east/gallery.html" "Mozilla/4.0 (compatible; MSIE 6.0; Windows NT 5.1; SV1; .NET CLR 1.1.4322; .NET CLR 2.0.50727)"
87.4.153.246 - - [01/Aug/2007:12:47:31 -0700] "GET /east/images/screencaps/Thumbnails/thumb0099.jpg HTTP/1.1" 304 - "http://rpstudios.ian-justman.com/east/gallery.html" "Mozilla/4.0 (compatible; MSIE 6.0; Windows NT 5.1; SV1; .NET CLR 1.1.4322; .NET CLR 2.0.50727)"
87.4.153.246 - - [01/Aug/2007:12:47:31 -0700] "GET /east/Miko_Sprites/evilmiko/evilmiko-head002.gif HTTP/1.1" 304 - "http://rpstudios.ian-justman.com/east/gallery.html" "Mozilla/4.0 (compatible; MSIE 6.0; Windows NT 5.1; SV1; .NET CLR 1.1.4322; .NET CLR 2.0.50727)"
87.4.153.246 - - [01/Aug/2007:12:47:31 -0700] "GET /east/images/screencaps/Thumbnails/thumb0102.jpg HTTP/1.1" 304 - "http://rpstudios.ian-justman.com/east/gallery.html" "Mozilla/4.0 (compatible; MSIE 6.0; Windows NT 5.1; SV1; .NET CLR 1.1.4322; .NET CLR 2.0.50727)"
87.4.153.246 - - [01/Aug/2007:12:47:31 -0700] "GET /east/images/screencaps/screen0058.jpg HTTP/1.1" 304 - "http://rpstudios.ian-justman.com/east/gallery.html" "Mozilla/4.0 (compatible; MSIE 6.0; Windows NT 5.1; SV1; .NET CLR 1.1.4322; .NET CLR 2.0.50727)"
87.4.153.246 - - [01/Aug/2007:12:47:37 -0700] "GET /east/images/screencaps/Thumbnails/thumb0100.jpg HTTP/1.1" 304 - "http://rpstudios.ian-justman.com/east/gallery.html" "Mozilla/4.0 (compatible; MSIE 6.0; Windows NT 5.1; SV1; .NET CLR 1.1.4322; .NET CLR 2.0.50727)"
87.4.153.246 - - [01/Aug/2007:12:47:38 -0700] "GET /east/images/screencaps/Thumbnails/thumb0102.jpg HTTP/1.1" 304 - "http://rpstudios.ian-justman.com/east/gallery.html" "Mozilla/4.0 (compatible; MSIE 6.0; Windows NT 5.1; SV1; .NET CLR 1.1.4322; .NET CLR 2.0.50727)"
87.4.153.246 - - [01/Aug/2007:12:47:38 -0700] "GET /east/images/screencaps/Thumbnails/thumb0101.jpg HTTP/1.1" 304 - "http://rpstudios.ian-justman.com/east/gallery.html" "Mozilla/4.0 (compatible; MSIE 6.0; Windows NT 5.1; SV1; .NET CLR 1.1.4322; .NET CLR 2.0.50727)"
87.4.153.246 - - [01/Aug/2007:12:47:38 -0700] "GET /east/Miko_Sprites/evilmiko/evilmiko-head002.gif HTTP/1.1" 304 - "http://rpstudios.ian-justman.com/east/gallery.html" "Mozilla/4.0 (compatible; MSIE 6.0; Windows NT 5.1; SV1; .NET CLR 1.1.4322; .NET CLR 2.0.50727)"
207.200.116.203 - - [01/Aug/2007:12:48:02 -0700] "GET /ane/episodes/ane-ep31.html HTTP/1.1" 200 21409 "-" "Mozilla/4.0 (compatible; MSIE 7.0; AOL 9.0; Windows NT 5.1; .NET CLR 1.1.4322)"
207.200.116.8 - - [01/Aug/2007:12:48:03 -0700] "GET /ane/episodes/stars.gif HTTP/1.1" 200 1909 "http://rpstudios.ian-justman.com/ane/episodes/ane-ep31.html" "Mozilla/4.0 (compatible; MSIE 7.0; AOL 9.0; Windows NT 5.1; .NET CLR 1.1.4322)"
207.200.116.136 - - [01/Aug/2007:12:48:04 -0700] "GET /ane/milkyway.gif HTTP/1.1" 200 3276 "http://rpstudios.ian-justman.com/ane/episodes/ane-ep31.html" "Mozilla/4.0 (compatible; MSIE 7.0; AOL 9.0; Windows NT 5.1; .NET CLR 1.1.4322)"
207.200.116.203 - - [01/Aug/2007:12:48:13 -0700] "GET /ane/episodes/ane-ep31.html HTTP/1.1" 200 21409 "-" "Mozilla/4.0 (compatible; MSIE 7.0; AOL 9.0; Windows NT 5.1; .NET CLR 1.1.4322)"
207.200.116.200 - - [01/Aug/2007:12:48:32 -0700] "GET /ane/anemain.html HTTP/1.1" 200 4325 "http://rpstudios.ian-justman.com/ane/episodes/ane-ep31.html" "Mozilla/4.0 (compatible; MSIE 7.0; AOL 9.0; Windows NT 5.1; .NET CLR 1.1.4322)"
207.200.116.200 - - [01/Aug/2007:12:48:43 -0700] "GET /ane/anemain.html HTTP/1.1" 200 4325 "http://rpstudios.ian-justman.com/ane/episodes/ane-ep31.html" "Mozilla/4.0 (compatible; MSIE 7.0; AOL 9.0; Windows NT 5.1; .NET CLR 1.1.4322)"
217.212.224.144 - - [01/Aug/2007:12:48:43 -0700] "GET /fanartfiles/?N=D HTTP/1.0" 200 4226 "-" "psbot/0.1 (+http://www.picsearch.com/bot.html)"
207.200.116.70 - - [01/Aug/2007:12:49:12 -0700] "GET /ane/art.html HTTP/1.1" 200 1795 "http://rpstudios.ian-justman.com/ane/anemain.html" "Mozilla/4.0 (compatible; MSIE 7.0; AOL 9.0; Windows NT 5.1; .NET CLR 1.1.4322)"
207.200.116.202 - - [01/Aug/2007:12:49:14 -0700] "GET /ane/fanart/fanartthumb/jean-thumb003.jpg HTTP/1.1" 200 2699 "http://rpstudios.ian-justman.com/ane/art.html" "Mozilla/4.0 (compatible; MSIE 7.0; AOL 9.0; Windows NT 5.1; .NET CLR 1.1.4322)"
207.200.116.65 - - [01/Aug/2007:12:49:14 -0700] "GET /ane/fanart/fanartthumb/jean-thumb004.jpg HTTP/1.1" 200 2948 "http://rpstudios.ian-justman.com/ane/art.html" "Mozilla/4.0 (compatible; MSIE 7.0; AOL 9.0; Windows NT 5.1; .NET CLR 1.1.4322)"
207.200.116.135 - - [01/Aug/2007:12:49:15 -0700] "GET /ane/fanart/fanartthumb/jean-thumb005.jpg HTTP/1.1" 200 2628 "http://rpstudios.ian-justman.com/ane/art.html" "Mozilla/4.0 (compatible; MSIE 7.0; AOL 9.0; Windows NT 5.1; .NET CLR 1.1.4322)"
207.200.116.67 - - [01/Aug/2007:12:49:16 -0700] "GET /ane/fanart/fanartthumb/jean-thumb006.jpg HTTP/1.1" 200 2499 "http://rpstudios.ian-justman.com/ane/art.html" "Mozilla/4.0 (compatible; MSIE 7.0; AOL 9.0; Windows NT 5.1; .NET CLR 1.1.4322)"
207.200.116.68 - - [01/Aug/2007:12:49:16 -0700] "GET /ane/fanart/fanartthumb/jean-thumb007.jpg HTTP/1.1" 200 2755 "http://rpstudios.ian-justman.com/ane/art.html" "Mozilla/4.0 (compatible; MSIE 7.0; AOL 9.0; Windows NT 5.1; .NET CLR 1.1.4322)"
207.200.116.12 - - [01/Aug/2007:12:49:17 -0700] "GET /ane/fanart/fanartthumb/jean-thumb001.jpg HTTP/1.1" 200 2145 "http://rpstudios.ian-justman.com/ane/art.html" "Mozilla/4.0 (compatible; MSIE 7.0; AOL 9.0; Windows NT 5.1; .NET CLR 1.1.4322)"
207.200.116.13 - - [01/Aug/2007:12:49:17 -0700] "GET /ane/fanart/fanartthumb/jean-thumb002.jpg HTTP/1.1" 200 2924 "http://rpstudios.ian-justman.com/ane/art.html" "Mozilla/4.0 (compatible; MSIE 7.0; AOL 9.0; Windows NT 5.1; .NET CLR 1.1.4322)"
207.200.116.132 - - [01/Aug/2007:12:49:18 -0700] "GET /ane/fanart/fanartthumb/kia-thumb001.jpg HTTP/1.1" 200 1185 "http://rpstudios.ian-justman.com/ane/art.html" "Mozilla/4.0 (compatible; MSIE 7.0; AOL 9.0; Windows NT 5.1; .NET CLR 1.1.4322)"
207.200.116.133 - - [01/Aug/2007:12:49:18 -0700] "GET /ane/fanart/fanartthumb/kia-thumb002.jpg HTTP/1.1" 200 2040 "http://rpstudios.ian-justman.com/ane/art.html" "Mozilla/4.0 (compatible; MSIE 7.0; AOL 9.0; Windows NT 5.1; .NET CLR 1.1.4322)"
207.200.116.134 - - [01/Aug/2007:12:49:18 -0700] "GET /ane/fanart/fanartthumb/kia-thumb003.jpg HTTP/1.1" 200 2221 "http://rpstudios.ian-justman.com/ane/art.html" "Mozilla/4.0 (compatible; MSIE 7.0; AOL 9.0; Windows NT 5.1; .NET CLR 1.1.4322)"
207.200.116.69 - - [01/Aug/2007:12:49:18 -0700] "GET /ane/fanart/fanartthumb/kia-thumb004.jpg HTTP/1.1" 200 2709 "http://rpstudios.ian-justman.com/ane/art.html" "Mozilla/4.0 (compatible; MSIE 7.0; AOL 9.0; Windows NT 5.1; .NET CLR 1.1.4322)"
207.200.116.134 - - [01/Aug/2007:12:49:18 -0700] "GET /ane/fanart/fanartthumb/kia-thumb012.jpg HTTP/1.1" 200 1402 "http://rpstudios.ian-justman.com/ane/art.html" "Mozilla/4.0 (compatible; MSIE 7.0; AOL 9.0; Windows NT 5.1; .NET CLR 1.1.4322)"
207.200.116.136 - - [01/Aug/2007:12:49:19 -0700] "GET /ane/fanart/fanartthumb/kia-thumb005.jpg HTTP/1.1" 200 2158 "http://rpstudios.ian-justman.com/ane/art.html" "Mozilla/4.0 (compatible; MSIE 7.0; AOL 9.0; Windows NT 5.1; .NET CLR 1.1.4322)"
207.200.116.133 - - [01/Aug/2007:12:49:19 -0700] "GET /ane/fanart/fanartthumb/kia-thumb006.jpg HTTP/1.1" 200 2511 "http://rpstudios.ian-justman.com/ane/art.html" "Mozilla/4.0 (compatible; MSIE 7.0; AOL 9.0; Windows NT 5.1; .NET CLR 1.1.4322)"
207.200.116.138 - - [01/Aug/2007:12:49:19 -0700] "GET /ane/fanart/fanartthumb/kia-thumb007.jpg HTTP/1.1" 200 1704 "http://rpstudios.ian-justman.com/ane/art.html" "Mozilla/4.0 (compatible; MSIE 7.0; AOL 9.0; Windows NT 5.1; .NET CLR 1.1.4322)"
207.200.116.139 - - [01/Aug/2007:12:49:19 -0700] "GET /ane/fanart/fanartthumb/kia-thumb008.jpg HTTP/1.1" 200 2735 "http://rpstudios.ian-justman.com/ane/art.html" "Mozilla/4.0 (compatible; MSIE 7.0; AOL 9.0; Windows NT 5.1; .NET CLR 1.1.4322)"
207.200.116.198 - - [01/Aug/2007:12:49:19 -0700] "GET /ane/fanart/fanartthumb/kia-thumb009.jpg HTTP/1.1" 200 2952 "http://rpstudios.ian-justman.com/ane/art.html" "Mozilla/4.0 (compatible; MSIE 7.0; AOL 9.0; Windows NT 5.1; .NET CLR 1.1.4322)"
207.200.116.132 - - [01/Aug/2007:12:49:20 -0700] "GET /ane/fanart/fanartthumb/kia-thumb010.jpg HTTP/1.1" 200 2017 "http://rpstudios.ian-justman.com/ane/art.html" "Mozilla/4.0 (compatible; MSIE 7.0; AOL 9.0; Windows NT 5.1; .NET CLR 1.1.4322)"
207.200.116.133 - - [01/Aug/2007:12:49:20 -0700] "GET /ane/fanart/fanartthumb/kia-thumb011.jpg HTTP/1.1" 200 2700 "http://rpstudios.ian-justman.com/ane/art.html" "Mozilla/4.0 (compatible; MSIE 7.0; AOL 9.0; Windows NT 5.1; .NET CLR 1.1.4322)"
207.200.116.199 - - [01/Aug/2007:12:49:20 -0700] "GET /ane/fanart/fanartthumb/moe-thumb001.jpg HTTP/1.1" 200 2489 "http://rpstudios.ian-justman.com/ane/art.html" "Mozilla/4.0 (compatible; MSIE 7.0; AOL 9.0; Windows NT 5.1; .NET CLR 1.1.4322)"
207.200.116.200 - - [01/Aug/2007:12:49:20 -0700] "GET /ane/fanart/fanartthumb/moe-thumb002.jpg HTTP/1.1" 200 2255 "http://rpstudios.ian-justman.com/ane/art.html" "Mozilla/4.0 (compatible; MSIE 7.0; AOL 9.0; Windows NT 5.1; .NET CLR 1.1.4322)"
207.200.116.201 - - [01/Aug/2007:12:49:21 -0700] "GET /ane/fanart/fanartthumb/moe-thumb003.jpg HTTP/1.1" 200 2029 "http://rpstudios.ian-justman.com/ane/art.html" "Mozilla/4.0 (compatible; MSIE 7.0; AOL 9.0; Windows NT 5.1; .NET CLR 1.1.4322)"
207.200.116.202 - - [01/Aug/2007:12:49:21 -0700] "GET /ane/fanart/fanartthumb/moe-thumb004.jpg HTTP/1.1" 200 2748 "http://rpstudios.ian-justman.com/ane/art.html" "Mozilla/4.0 (compatible; MSIE 7.0; AOL 9.0; Windows NT 5.1; .NET CLR 1.1.4322)"
207.200.116.203 - - [01/Aug/2007:12:49:21 -0700] "GET /ane/fanart/fanartthumb/moe-thumb005.jpg HTTP/1.1" 200 2706 "http://rpstudios.ian-justman.com/ane/art.html" "Mozilla/4.0 (compatible; MSIE 7.0; AOL 9.0; Windows NT 5.1; .NET CLR 1.1.4322)"
207.200.116.12 - - [01/Aug/2007:12:49:22 -0700] "GET /ane/fanart/fanartthumb/ns-thumb001.gif HTTP/1.1" 200 3156 "http://rpstudios.ian-justman.com/ane/art.html" "Mozilla/4.0 (compatible; MSIE 7.0; AOL 9.0; Windows NT 5.1; .NET CLR 1.1.4322)"
207.200.116.67 - - [01/Aug/2007:12:49:23 -0700] "GET /ane/fanart/fanartthumb/ow-thumb001.gif HTTP/1.1" 200 1849 "http://rpstudios.ian-justman.com/ane/art.html" "Mozilla/4.0 (compatible; MSIE 7.0; AOL 9.0; Windows NT 5.1; .NET CLR 1.1.4322)"
207.200.116.68 - - [01/Aug/2007:12:49:24 -0700] "GET /ane/fanart/fanartthumb/ow-thumb002.gif HTTP/1.1" 200 3384 "http://rpstudios.ian-justman.com/ane/art.html" "Mozilla/4.0 (compatible; MSIE 7.0; AOL 9.0; Windows NT 5.1; .NET CLR 1.1.4322)"
207.200.116.200 - - [01/Aug/2007:12:49:25 -0700] "GET /ane/fanart/fanartthumb/ow-thumb003.gif HTTP/1.1" 200 3534 "http://rpstudios.ian-justman.com/ane/art.html" "Mozilla/4.0 (compatible; MSIE 7.0; AOL 9.0; Windows NT 5.1; .NET CLR 1.1.4322)"
207.200.116.204 - - [01/Aug/2007:12:49:25 -0700] "GET /ane/fanart/fanartthumb/moe-thumb006.jpg HTTP/1.1" 200 2571 "http://rpstudios.ian-justman.com/ane/art.html" "Mozilla/4.0 (compatible; MSIE 7.0; AOL 9.0; Windows NT 5.1; .NET CLR 1.1.4322)"
207.200.116.136 - - [01/Aug/2007:12:49:26 -0700] "GET /ane/fanart/fanartthumb/ow-thumb004.jpg HTTP/1.1" 200 1634 "http://rpstudios.ian-justman.com/ane/art.html" "Mozilla/4.0 (compatible; MSIE 7.0; AOL 9.0; Windows NT 5.1; .NET CLR 1.1.4322)"
207.200.116.203 - - [01/Aug/2007:12:49:27 -0700] "GET /ane/fanart/fanartthumb/ow-thumb005.jpg HTTP/1.1" 200 1505 "http://rpstudios.ian-justman.com/ane/art.html" "Mozilla/4.0 (compatible; MSIE 7.0; AOL 9.0; Windows NT 5.1; .NET CLR 1.1.4322)"
207.200.116.135 - - [01/Aug/2007:12:49:27 -0700] "GET /ane/fanart/fanartthumb/greens-thumb001.gif HTTP/1.1" 200 4833 "http://rpstudios.ian-justman.com/ane/art.html" "Mozilla/4.0 (compatible; MSIE 7.0; AOL 9.0; Windows NT 5.1; .NET CLR 1.1.4322)"
207.200.116.200 - - [01/Aug/2007:12:49:27 -0700] "GET /ane/fanart/fanartthumb/greens-thumb002.gif HTTP/1.1" 200 1681 "http://rpstudios.ian-justman.com/ane/art.html" "Mozilla/4.0 (compatible; MSIE 7.0; AOL 9.0; Windows NT 5.1; .NET CLR 1.1.4322)"
207.200.116.65 - - [01/Aug/2007:12:49:37 -0700] "GET /ane/artmech.html HTTP/1.1" 200 2207 "http://rpstudios.ian-justman.com/ane/art.html" "Mozilla/4.0 (compatible; MSIE 7.0; AOL 9.0; Windows NT 5.1; .NET CLR 1.1.4322)"
207.200.116.13 - - [01/Aug/2007:12:49:38 -0700] "GET /ane/mechmaster/thumbs/thumbbasilisk.jpg HTTP/1.1" 200 2028 "http://rpstudios.ian-justman.com/ane/artmech.html" "Mozilla/4.0 (compatible; MSIE 7.0; AOL 9.0; Windows NT 5.1; .NET CLR 1.1.4322)"
207.200.116.65 - - [01/Aug/2007:12:49:38 -0700] "GET /ane/mechmaster/thumbs/thumbbasilisk2.jpg HTTP/1.1" 200 2820 "http://rpstudios.ian-justman.com/ane/artmech.html" "Mozilla/4.0 (compatible; MSIE 7.0; AOL 9.0; Windows NT 5.1; .NET CLR 1.1.4322)"
207.200.116.133 - - [01/Aug/2007:12:49:38 -0700] "GET /ane/mechmaster/thumbs/thumbfalconwing1.jpg HTTP/1.1" 200 2187 "http://rpstudios.ian-justman.com/ane/artmech.html" "Mozilla/4.0 (compatible; MSIE 7.0; AOL 9.0; Windows NT 5.1; .NET CLR 1.1.4322)"
207.200.116.6 - - [01/Aug/2007:12:49:38 -0700] "GET /ane/mechmaster/thumbs/thumbfalconwing3.jpg HTTP/1.1" 200 2652 "http://rpstudios.ian-justman.com/ane/artmech.html" "Mozilla/4.0 (compatible; MSIE 7.0; AOL 9.0; Windows NT 5.1; .NET CLR 1.1.4322)"
207.200.116.12 - - [01/Aug/2007:12:49:39 -0700] "GET /ane/mechmaster/thumbs/thumbhawkmode1.jpg HTTP/1.1" 200 1711 "http://rpstudios.ian-justman.com/ane/artmech.html" "Mozilla/4.0 (compatible; MSIE 7.0; AOL 9.0; Windows NT 5.1; .NET CLR 1.1.4322)"
207.200.116.66 - - [01/Aug/2007:12:49:39 -0700] "GET /ane/mechmaster/thumbs/thumbhawkmode2.jpg HTTP/1.1" 200 2051 "http://rpstudios.ian-justman.com/ane/artmech.html" "Mozilla/4.0 (compatible; MSIE 7.0; AOL 9.0; Windows NT 5.1; .NET CLR 1.1.4322)"
207.200.116.135 - - [01/Aug/2007:12:49:39 -0700] "GET /ane/mechmaster/thumbs/thumbhawkmode2a.jpg HTTP/1.1" 200 2084 "http://rpstudios.ian-justman.com/ane/artmech.html" "Mozilla/4.0 (compatible; MSIE 7.0; AOL 9.0; Windows NT 5.1; .NET CLR 1.1.4322)"
207.200.116.197 - - [01/Aug/2007:12:49:39 -0700] "GET /ane/mechmaster/thumbs/thumbgryphon.jpg HTTP/1.1" 200 2023 "http://rpstudios.ian-justman.com/ane/artmech.html" "Mozilla/4.0 (compatible; MSIE 7.0; AOL 9.0; Windows NT 5.1; .NET CLR 1.1.4322)"
207.200.116.70 - - [01/Aug/2007:12:49:40 -0700] "GET /ane/mechmaster/thumbs/thumbgryphon2.jpg HTTP/1.1" 200 2456 "http://rpstudios.ian-justman.com/ane/artmech.html" "Mozilla/4.0 (compatible; MSIE 7.0; AOL 9.0; Windows NT 5.1; .NET CLR 1.1.4322)"
207.200.116.71 - - [01/Aug/2007:12:49:40 -0700] "GET /ane/mechmaster/thumbs/thumbgryphon3.jpg HTTP/1.1" 200 2124 "http://rpstudios.ian-justman.com/ane/artmech.html" "Mozilla/4.0 (compatible; MSIE 7.0; AOL 9.0; Windows NT 5.1; .NET CLR 1.1.4322)"
207.200.116.69 - - [01/Aug/2007:12:49:40 -0700] "GET /ane/mechmaster/thumbs/thumbHeavyarms.jpg HTTP/1.1" 200 2552 "http://rpstudios.ian-justman.com/ane/artmech.html" "Mozilla/4.0 (compatible; MSIE 7.0; AOL 9.0; Windows NT 5.1; .NET CLR 1.1.4322)"
207.200.116.197 - - [01/Aug/2007:12:49:40 -0700] "GET /ane/mechmaster/thumbs/thumbheavyarms1a.jpg HTTP/1.1" 200 2382 "http://rpstudios.ian-justman.com/ane/artmech.html" "Mozilla/4.0 (compatible; MSIE 7.0; AOL 9.0; Windows NT 5.1; .NET CLR 1.1.4322)"
207.200.116.134 - - [01/Aug/2007:12:49:41 -0700] "GET /ane/mechmaster/thumbs/thumbfalconwing2.jpg HTTP/1.1" 200 2066 "http://rpstudios.ian-justman.com/ane/artmech.html" "Mozilla/4.0 (compatible; MSIE 7.0; AOL 9.0; Windows NT 5.1; .NET CLR 1.1.4322)"
207.200.116.71 - - [01/Aug/2007:12:49:41 -0700] "GET /ane/mechmaster/thumbs/thumbheavyarms2.jpg HTTP/1.1" 200 2437 "http://rpstudios.ian-justman.com/ane/artmech.html" "Mozilla/4.0 (compatible; MSIE 7.0; AOL 9.0; Windows NT 5.1; .NET CLR 1.1.4322)"
207.200.116.198 - - [01/Aug/2007:12:49:41 -0700] "GET /ane/mechmaster/thumbs/thumbheavyarms2a.jpg HTTP/1.1" 200 2622 "http://rpstudios.ian-justman.com/ane/artmech.html" "Mozilla/4.0 (compatible; MSIE 7.0; AOL 9.0; Windows NT 5.1; .NET CLR 1.1.4322)"
207.200.116.200 - - [01/Aug/2007:12:49:42 -0700] "GET /ane/mechmaster/thumbs/thumbleo1.jpg HTTP/1.1" 200 1838 "http://rpstudios.ian-justman.com/ane/artmech.html" "Mozilla/4.0 (compatible; MSIE 7.0; AOL 9.0; Windows NT 5.1; .NET CLR 1.1.4322)"
207.200.116.6 - - [01/Aug/2007:12:49:42 -0700] "GET /ane/mechmaster/thumbs/thumbleo2.jpg HTTP/1.1" 200 2210 "http://rpstudios.ian-justman.com/ane/artmech.html" "Mozilla/4.0 (compatible; MSIE 7.0; AOL 9.0; Windows NT 5.1; .NET CLR 1.1.4322)"
207.200.116.200 - - [01/Aug/2007:12:49:42 -0700] "GET /ane/mechmaster/thumbs/thumbOrion-MS.jpg HTTP/1.1" 200 2273 "http://rpstudios.ian-justman.com/ane/artmech.html" "Mozilla/4.0 (compatible; MSIE 7.0; AOL 9.0; Windows NT 5.1; .NET CLR 1.1.4322)"
207.200.116.197 - - [01/Aug/2007:12:49:42 -0700] "GET /ane/mechmaster/thumbs/thumbOrion-flight.jpg HTTP/1.1" 200 2479 "http://rpstudios.ian-justman.com/ane/artmech.html" "Mozilla/4.0 (compatible; MSIE 7.0; AOL 9.0; Windows NT 5.1; .NET CLR 1.1.4322)"
207.200.116.10 - - [01/Aug/2007:12:49:42 -0700] "GET /ane/mechmaster/thumbs/thumbOrion-scene.jpg HTTP/1.1" 200 2958 "http://rpstudios.ian-justman.com/ane/artmech.html" "Mozilla/4.0 (compatible; MSIE 7.0; AOL 9.0; Windows NT 5.1; .NET CLR 1.1.4322)"
207.200.116.200 - - [01/Aug/2007:12:49:43 -0700] "GET /ane/mechmaster/thumbs/thumbpnucu1.jpg HTTP/1.1" 200 2174 "http://rpstudios.ian-justman.com/ane/artmech.html" "Mozilla/4.0 (compatible; MSIE 7.0; AOL 9.0; Windows NT 5.1; .NET CLR 1.1.4322)"
207.200.116.201 - - [01/Aug/2007:12:49:43 -0700] "GET /ane/mechmaster/thumbs/thumbpnucu2.jpg HTTP/1.1" 200 1729 "http://rpstudios.ian-justman.com/ane/artmech.html" "Mozilla/4.0 (compatible; MSIE 7.0; AOL 9.0; Windows NT 5.1; .NET CLR 1.1.4322)"
207.200.116.139 - - [01/Aug/2007:12:49:43 -0700] "GET /ane/mechmaster/thumbs/thumbseiryuu1.jpg HTTP/1.1" 200 2128 "http://rpstudios.ian-justman.com/ane/artmech.html" "Mozilla/4.0 (compatible; MSIE 7.0; AOL 9.0; Windows NT 5.1; .NET CLR 1.1.4322)"
207.200.116.195 - - [01/Aug/2007:12:49:43 -0700] "GET /ane/mechmaster/thumbs/thumbseiryuu2.jpg HTTP/1.1" 200 2590 "http://rpstudios.ian-justman.com/ane/artmech.html" "Mozilla/4.0 (compatible; MSIE 7.0; AOL 9.0; Windows NT 5.1; .NET CLR 1.1.4322)"
207.200.116.13 - - [01/Aug/2007:12:49:43 -0700] "GET /ane/mechmaster/thumbs/thumbserpent1.jpg HTTP/1.1" 200 1860 "http://rpstudios.ian-justman.com/ane/artmech.html" "Mozilla/4.0 (compatible; MSIE 7.0; AOL 9.0; Windows NT 5.1; .NET CLR 1.1.4322)"
207.200.116.66 - - [01/Aug/2007:12:49:44 -0700] "GET /ane/mechmaster/thumbs/thumbserpent2.jpg HTTP/1.1" 200 1873 "http://rpstudios.ian-justman.com/ane/artmech.html" "Mozilla/4.0 (compatible; MSIE 7.0; AOL 9.0; Windows NT 5.1; .NET CLR 1.1.4322)"
207.200.116.66 - - [01/Aug/2007:12:49:44 -0700] "GET /ane/mechmaster/thumbs/thumbserpent-butt.jpg HTTP/1.1" 200 1860 "http://rpstudios.ian-justman.com/ane/artmech.html" "Mozilla/4.0 (compatible; MSIE 7.0; AOL 9.0; Windows NT 5.1; .NET CLR 1.1.4322)"
207.200.116.197 - - [01/Aug/2007:12:49:44 -0700] "GET /ane/mechmaster/thumbs/thumbStarStreak.jpg HTTP/1.1" 200 2290 "http://rpstudios.ian-justman.com/ane/artmech.html" "Mozilla/4.0 (compatible; MSIE 7.0; AOL 9.0; Windows NT 5.1; .NET CLR 1.1.4322)"
207.200.116.138 - - [01/Aug/2007:12:49:44 -0700] "GET /ane/mechmaster/thumbs/thumbStarStreak2.jpg HTTP/1.1" 200 2243 "http://rpstudios.ian-justman.com/ane/artmech.html" "Mozilla/4.0 (compatible; MSIE 7.0; AOL 9.0; Windows NT 5.1; .NET CLR 1.1.4322)"
207.200.116.6 - - [01/Aug/2007:12:49:45 -0700] "GET /ane/mechmaster/thumbs/thumbtallgeese1.jpg HTTP/1.1" 200 2254 "http://rpstudios.ian-justman.com/ane/artmech.html" "Mozilla/4.0 (compatible; MSIE 7.0; AOL 9.0; Windows NT 5.1; .NET CLR 1.1.4322)"
207.200.116.195 - - [01/Aug/2007:12:49:45 -0700] "GET /ane/mechmaster/thumbs/thumbtallgeese2.jpg HTTP/1.1" 200 1918 "http://rpstudios.ian-justman.com/ane/artmech.html" "Mozilla/4.0 (compatible; MSIE 7.0; AOL 9.0; Windows NT 5.1; .NET CLR 1.1.4322)"
207.200.116.196 - - [01/Aug/2007:12:49:46 -0700] "GET /ane/mechmaster/thumbs/thumbtallgeese3.jpg HTTP/1.1" 200 2683 "http://rpstudios.ian-justman.com/ane/artmech.html" "Mozilla/4.0 (compatible; MSIE 7.0; AOL 9.0; Windows NT 5.1; .NET CLR 1.1.4322)"
207.200.116.136 - - [01/Aug/2007:12:49:46 -0700] "GET /ane/mechmaster/thumbs/thumbsigma1.jpg HTTP/1.1" 200 2007 "http://rpstudios.ian-justman.com/ane/artmech.html" "Mozilla/4.0 (compatible; MSIE 7.0; AOL 9.0; Windows NT 5.1; .NET CLR 1.1.4322)"
207.200.116.197 - - [01/Aug/2007:12:49:48 -0700] "GET /ane/mechmaster/thumbs/thumbsigma2.jpg HTTP/1.1" 200 1789 "http://rpstudios.ian-justman.com/ane/artmech.html" "Mozilla/4.0 (compatible; MSIE 7.0; AOL 9.0; Windows NT 5.1; .NET CLR 1.1.4322)"
207.200.116.66 - - [01/Aug/2007:12:49:48 -0700] "GET /ane/mechmaster/thumbs/thumbsigma3.jpg HTTP/1.1" 200 2588 "http://rpstudios.ian-justman.com/ane/artmech.html" "Mozilla/4.0 (compatible; MSIE 7.0; AOL 9.0; Windows NT 5.1; .NET CLR 1.1.4322)"
207.200.116.197 - - [01/Aug/2007:12:49:48 -0700] "GET /ane/mechmaster/thumbs/thumbTyphoon1.jpg HTTP/1.1" 200 2151 "http://rpstudios.ian-justman.com/ane/artmech.html" "Mozilla/4.0 (compatible; MSIE 7.0; AOL 9.0; Windows NT 5.1; .NET CLR 1.1.4322)"
207.200.116.135 - - [01/Aug/2007:12:49:48 -0700] "GET /ane/mechmaster/thumbs/thumbTyphoon1a.jpg HTTP/1.1" 200 2081 "http://rpstudios.ian-justman.com/ane/artmech.html" "Mozilla/4.0 (compatible; MSIE 7.0; AOL 9.0; Windows NT 5.1; .NET CLR 1.1.4322)"
207.200.116.198 - - [01/Aug/2007:12:49:49 -0700] "GET /ane/mechmaster/thumbs/thumbTyphoon2.jpg HTTP/1.1" 200 2124 "http://rpstudios.ian-justman.com/ane/artmech.html" "Mozilla/4.0 (compatible; MSIE 7.0; AOL 9.0; Windows NT 5.1; .NET CLR 1.1.4322)"
207.200.116.65 - - [01/Aug/2007:12:49:49 -0700] "GET /ane/mechmaster/thumbs/thumbTyphoon2a.jpg HTTP/1.1" 200 2084 "http://rpstudios.ian-justman.com/ane/artmech.html" "Mozilla/4.0 (compatible; MSIE 7.0; AOL 9.0; Windows NT 5.1; .NET CLR 1.1.4322)"
207.200.116.204 - - [01/Aug/2007:12:49:50 -0700] "GET /ane/mechmaster/thumbs/thumbaphrodite1.jpg HTTP/1.1" 200 1461 "http://rpstudios.ian-justman.com/ane/artmech.html" "Mozilla/4.0 (compatible; MSIE 7.0; AOL 9.0; Windows NT 5.1; .NET CLR 1.1.4322)"
207.200.116.196 - - [01/Aug/2007:12:49:51 -0700] "GET /ane/mechmaster/thumbs/thumbaphrodite2.jpg HTTP/1.1" 200 2197 "http://rpstudios.ian-justman.com/ane/artmech.html" "Mozilla/4.0 (compatible; MSIE 7.0; AOL 9.0; Windows NT 5.1; .NET CLR 1.1.4322)"
207.200.116.6 - - [01/Aug/2007:12:49:51 -0700] "GET /ane/mechmaster/thumbs/thumbaphrodite3.jpg HTTP/1.1" 200 1963 "http://rpstudios.ian-justman.com/ane/artmech.html" "Mozilla/4.0 (compatible; MSIE 7.0; AOL 9.0; Windows NT 5.1; .NET CLR 1.1.4322)"
207.200.116.202 - - [01/Aug/2007:12:49:52 -0700] "GET /ane/mechmaster/thumbs/thumbheo-shut-comn.jpg HTTP/1.1" 200 2295 "http://rpstudios.ian-justman.com/ane/artmech.html" "Mozilla/4.0 (compatible; MSIE 7.0; AOL 9.0; Windows NT 5.1; .NET CLR 1.1.4322)"
207.200.116.200 - - [01/Aug/2007:12:49:52 -0700] "GET /ane/mechmaster/thumbs/thumbheo-shut-spec.jpg HTTP/1.1" 200 2417 "http://rpstudios.ian-justman.com/ane/artmech.html" "Mozilla/4.0 (compatible; MSIE 7.0; AOL 9.0; Windows NT 5.1; .NET CLR 1.1.4322)"
207.200.116.199 - - [01/Aug/2007:12:49:53 -0700] "GET /ane/mechmaster/thumbs/thumbLeviathan.jpg HTTP/1.1" 200 1436 "http://rpstudios.ian-justman.com/ane/artmech.html" "Mozilla/4.0 (compatible; MSIE 7.0; AOL 9.0; Windows NT 5.1; .NET CLR 1.1.4322)"
207.200.116.136 - - [01/Aug/2007:12:49:53 -0700] "GET /ane/mechmaster/thumbs/thumbLeviathan2.jpg HTTP/1.1" 200 2444 "http://rpstudios.ian-justman.com/ane/artmech.html" "Mozilla/4.0 (compatible; MSIE 7.0; AOL 9.0; Windows NT 5.1; .NET CLR 1.1.4322)"
207.200.116.5 - - [01/Aug/2007:12:50:02 -0700] "GET /ane/mechmaster/sigma2.jpg HTTP/1.1" 200 47093 "http://rpstudios.ian-justman.com/ane/artmech.html" "Mozilla/4.0 (compatible; MSIE 7.0; AOL 9.0; Windows NT 5.1; .NET CLR 1.1.4322)"
217.212.224.165 - - [01/Aug/2007:12:50:06 -0700] "GET /fanart.html HTTP/1.0" 200 4434 "-" "psbot/0.1 (+http://www.picsearch.com/bot.html)"
151.71.190.10 - - [01/Aug/2007:12:50:39 -0700] "GET /east/images/image001.jpg HTTP/1.1" 200 18097 "http://dbnow.altervista.org/scheda.php?pg=Dark" "Mozilla/4.0 (compatible; MSIE 7.0; Windows NT 5.1; FunWebProducts; snprtz|T13543400000085|2600#Service Pack 2#2#5#1; .NET CLR 2.0.50727)"
74.6.20.17 - - [01/Aug/2007:12:50:59 -0700] "GET /east/fanfic.html HTTP/1.0" 200 1808 "-" "Mozilla/5.0 (compatible; Yahoo! Slurp; http://help.yahoo.com/help/us/ysearch/slurp)"
217.212.224.165 - - [01/Aug/2007:12:51:30 -0700] "GET /endlessfuel/ HTTP/1.0" 200 10999 "-" "psbot/0.1 (+http://www.picsearch.com/bot.html)"
217.212.224.143 - - [01/Aug/2007:12:52:54 -0700] "GET /endlessfuel/efnew.html HTTP/1.0" 200 1094 "-" "psbot/0.1 (+http://www.picsearch.com/bot.html)"
74.6.67.140 - - [01/Aug/2007:12:53:37 -0700] "GET /ane/tech/vmfhymemaios.html HTTP/1.0" 200 2030 "-" "Mozilla/5.0 (compatible; Yahoo! Slurp; http://help.yahoo.com/help/us/ysearch/slurp)"
151.71.190.10 - - [01/Aug/2007:12:53:57 -0700] "GET /east/images/image001.jpg HTTP/1.1" 304 - "http://dbnow.altervista.org/scheda.php?pg=Dark" "Mozilla/4.0 (compatible; MSIE 7.0; Windows NT 5.1; FunWebProducts; snprtz|T13543400000085|2600#Service Pack 2#2#5#1; .NET CLR 2.0.50727)"
217.212.224.141 - - [01/Aug/2007:12:54:17 -0700] "GET /endlessfuel/efmain.html HTTP/1.0" 200 4624 "-" "psbot/0.1 (+http://www.picsearch.com/bot.html)"
217.212.224.159 - - [01/Aug/2007:12:55:42 -0700] "GET /endlessfuel/eflinks.html HTTP/1.0" 200 1708 "-" "psbot/0.1 (+http://www.picsearch.com/bot.html)"
217.212.224.146 - - [01/Aug/2007:12:57:20 -0700] "GET /ane/anemain.html HTTP/1.0" 200 16230 "-" "psbot/0.1 (+http://www.picsearch.com/bot.html)"
217.212.224.162 - - [01/Aug/2007:12:58:23 -0700] "GET /endlessfuel/efcontact.html HTTP/1.0" 200 2489 "-" "psbot/0.1 (+http://www.picsearch.com/bot.html)"
217.212.224.141 - - [01/Aug/2007:12:59:49 -0700] "GET /endlessfuel/efcast.html HTTP/1.0" 200 7780 "-" "psbot/0.1 (+http://www.picsearch.com/bot.html)"
217.212.224.144 - - [01/Aug/2007:13:01:12 -0700] "GET /endlessfuel/efarchive.html HTTP/1.0" 200 7872 "-" "psbot/0.1 (+http://www.picsearch.com/bot.html)"
217.212.224.141 - - [01/Aug/2007:13:02:37 -0700] "GET /endlessfuel/efabout.html HTTP/1.0" 200 7260 "-" "psbot/0.1 (+http://www.picsearch.com/bot.html)"
217.212.224.143 - - [01/Aug/2007:13:03:59 -0700] "GET /endlessfuel/?D=A HTTP/1.0" 200 10999 "-" "psbot/0.1 (+http://www.picsearch.com/bot.html)"
217.212.224.178 - - [01/Aug/2007:13:05:24 -0700] "GET /endlessfuel/?D=D HTTP/1.0" 200 10999 "-" "psbot/0.1 (+http://www.picsearch.com/bot.html)"
217.212.224.143 - - [01/Aug/2007:13:06:50 -0700] "GET /endlessfuel/?N=A HTTP/1.0" 200 10999 "-" "psbot/0.1 (+http://www.picsearch.com/bot.html)"
217.212.224.162 - - [01/Aug/2007:13:08:12 -0700] "GET /endlessfuel/?S=A HTTP/1.0" 200 10999 "-" "psbot/0.1 (+http://www.picsearch.com/bot.html)"
217.212.224.159 - - [01/Aug/2007:13:09:38 -0700] "GET /endlessfuel/?S=D HTTP/1.0" 200 10999 "-" "psbot/0.1 (+http://www.picsearch.com/bot.html)"
217.212.224.145 - - [01/Aug/2007:13:10:59 -0700] "GET /robots.txt HTTP/1.0" 404 286 "-" "psbot/0.1 (+http://www.picsearch.com/bot.html)"
217.212.224.162 - - [01/Aug/2007:13:11:01 -0700] "GET /endlessfuel/?M=A HTTP/1.0" 200 10999 "-" "psbot/0.1 (+http://www.picsearch.com/bot.html)"
74.6.73.171 - - [01/Aug/2007:13:11:31 -0700] "GET /tribute?M=A HTTP/1.0" 301 625 "-" "Mozilla/5.0 (compatible; Yahoo! Slurp; http://help.yahoo.com/help/us/ysearch/slurp)"
74.6.73.171 - - [01/Aug/2007:13:11:32 -0700] "GET /tribute/?M=A HTTP/1.0" 200 960 "-" "Mozilla/5.0 (compatible; Yahoo! Slurp; http://help.yahoo.com/help/us/ysearch/slurp)"
216.104.80.203 - - [01/Aug/2007:13:11:55 -0700] "GET /ane/episodes/ane-ep31.html HTTP/1.1" 200 61674 "http://www.google.com/search?q=ruat+caelum&hl=en&start=10&sa=N" "Mozilla/4.0 (compatible; MSIE 6.0; Windows NT 5.1; SV1; .NET CLR 1.1.4322; InfoPath.1; .NET CLR 2.0.50727)"
216.104.80.203 - - [01/Aug/2007:13:11:57 -0700] "GET /ane/milkyway.gif HTTP/1.1" 200 3276 "http://rpstudios.ian-justman.com/ane/episodes/ane-ep31.html" "Mozilla/4.0 (compatible; MSIE 6.0; Windows NT 5.1; SV1; .NET CLR 1.1.4322; InfoPath.1; .NET CLR 2.0.50727)"
216.104.80.203 - - [01/Aug/2007:13:11:58 -0700] "GET /ane/episodes/stars.gif HTTP/1.1" 200 1909 "http://rpstudios.ian-justman.com/ane/episodes/ane-ep31.html" "Mozilla/4.0 (compatible; MSIE 6.0; Windows NT 5.1; SV1; .NET CLR 1.1.4322; InfoPath.1; .NET CLR 2.0.50727)"
216.104.80.203 - - [01/Aug/2007:13:12:00 -0700] "GET /ane/anelogo1.gif HTTP/1.1" 200 17944 "http://rpstudios.ian-justman.com/ane/episodes/ane-ep31.html" "Mozilla/4.0 (compatible; MSIE 6.0; Windows NT 5.1; SV1; .NET CLR 1.1.4322; InfoPath.1; .NET CLR 2.0.50727)"
217.212.224.143 - - [01/Aug/2007:13:12:20 -0700] "GET /endlessfuel/?M=D HTTP/1.0" 200 10999 "-" "psbot/0.1 (+http://www.picsearch.com/bot.html)"
74.6.26.224 - - [01/Aug/2007:13:13:04 -0700] "GET /ane/?S=A HTTP/1.0" 200 1631 "-" "Mozilla/5.0 (compatible; Yahoo! Slurp; http://help.yahoo.com/help/us/ysearch/slurp)"
217.212.224.147 - - [01/Aug/2007:13:13:41 -0700] "GET /endlessfuel/?N=D HTTP/1.0" 200 10999 "-" "psbot/0.1 (+http://www.picsearch.com/bot.html)"
217.212.224.144 - - [01/Aug/2007:13:15:04 -0700] "GET /east/ HTTP/1.0" 200 4786 "-" "psbot/0.1 (+http://www.picsearch.com/bot.html)"
217.212.224.162 - - [01/Aug/2007:13:16:30 -0700] "GET /east/youknow.html HTTP/1.0" 200 17592 "-" "psbot/0.1 (+http://www.picsearch.com/bot.html)"
217.212.224.148 - - [01/Aug/2007:13:17:53 -0700] "GET /east/why.html HTTP/1.0" 200 8240 "-" "psbot/0.1 (+http://www.picsearch.com/bot.html)"
74.6.20.17 - - [01/Aug/2007:13:19:09 -0700] "GET /east/fanfic.html HTTP/1.0" 200 1808 "-" "Mozilla/5.0 (compatible; Yahoo! Slurp; http://help.yahoo.com/help/us/ysearch/slurp)"
217.212.224.149 - - [01/Aug/2007:13:19:22 -0700] "GET /east/updates.html HTTP/1.0" 200 29067 "-" "psbot/0.1 (+http://www.picsearch.com/bot.html)"
217.212.224.159 - - [01/Aug/2007:13:20:36 -0700] "GET /east/stories/ HTTP/1.0" 200 682 "-" "psbot/0.1 (+http://www.picsearch.com/bot.html)"
217.212.224.178 - - [01/Aug/2007:13:21:54 -0700] "GET /east/stories/LadyRivka/ HTTP/1.0" 200 951 "-" "psbot/0.1 (+http://www.picsearch.com/bot.html)"
74.6.28.41 - - [01/Aug/2007:13:22:02 -0700] "GET /ane/mechmaster/thumbs/thumbheavyarms2%2Ejpg HTTP/1.0" 200 2437 "-" "Mozilla/5.0 (compatible; Yahoo! Slurp; http://help.yahoo.com/help/us/ysearch/slurp)"
74.6.24.28 - - [01/Aug/2007:13:22:48 -0700] "GET /ane/mechmaster/thumbs/?N=A HTTP/1.0" 200 1344 "-" "Mozilla/5.0 (compatible; Yahoo! Slurp; http://help.yahoo.com/help/us/ysearch/slurp)"
217.212.224.149 - - [01/Aug/2007:13:23:18 -0700] "GET /east/stories/LadyRivka/kkh-prologue.html HTTP/1.0" 200 4721 "-" "psbot/0.1 (+http://www.picsearch.com/bot.html)"
74.6.28.12 - - [01/Aug/2007:13:24:37 -0700] "GET /lists/?D=A HTTP/1.0" 200 815 "-" "Mozilla/5.0 (compatible; Yahoo! Slurp; http://help.yahoo.com/help/us/ysearch/slurp)"
217.212.224.146 - - [01/Aug/2007:13:24:39 -0700] "GET /east/stories/LadyRivka/kkh-002.html HTTP/1.0" 200 6109 "-" "psbot/0.1 (+http://www.picsearch.com/bot.html)"
74.6.17.135 - - [01/Aug/2007:13:24:46 -0700] "GET /east/images/screencaps/ HTTP/1.0" 200 1796 "-" "Mozilla/5.0 (compatible; Yahoo! Slurp; http://help.yahoo.com/help/us/ysearch/slurp)"
86.91.206.7 - - [01/Aug/2007:13:25:19 -0700] "GET /junk/CGgoods/Modsig2.JPG HTTP/1.1" 200 43052 "http://forums.jolt.co.uk/showthread.php?t=438230" "Mozilla/4.0 (compatible; MSIE 6.0; Windows NT 5.1; SV1)"
83.93.239.131 - - [01/Aug/2007:13:25:54 -0700] "GET /ane/tech/edoserpent.html HTTP/1.1" 200 1977 "http://www.google.dk/search?hl=da&q=Mobile+SUit+MMS01&meta=" "Mozilla/4.0 (compatible; MSIE 7.0; Windows NT 5.1; .NET CLR 1.1.4322; .NET CLR 2.0.50727)"
83.93.239.131 - - [01/Aug/2007:13:25:55 -0700] "GET /favicon.ico HTTP/1.1" 404 299 "-" "Mozilla/4.0 (compatible; MSIE 7.0; Windows NT 5.1; .NET CLR 1.1.4322; .NET CLR 2.0.50727)"
217.212.224.144 - - [01/Aug/2007:13:26:05 -0700] "GET /east/stories/LadyRivka/kkh-001.html HTTP/1.0" 200 3395 "-" "psbot/0.1 (+http://www.picsearch.com/bot.html)"
83.93.239.131 - - [01/Aug/2007:13:26:07 -0700] "GET /ane/tech/ozleo.html HTTP/1.1" 200 1873 "http://rpstudios.ian-justman.com/ane/tech/edoserpent.html" "Mozilla/4.0 (compatible; MSIE 7.0; Windows NT 5.1; .NET CLR 1.1.4322; .NET CLR 2.0.50727)"
83.93.239.131 - - [01/Aug/2007:13:26:10 -0700] "GET /ane/tech/leo1resized.jpg HTTP/1.1" 200 21299 "http://rpstudios.ian-justman.com/ane/tech/ozleo.html" "Mozilla/4.0 (compatible; MSIE 7.0; Windows NT 5.1; .NET CLR 1.1.4322; .NET CLR 2.0.50727)"
83.93.239.131 - - [01/Aug/2007:13:26:40 -0700] "GET /ane/tech/peaceserpent.html HTTP/1.1" 200 1885 "http://rpstudios.ian-justman.com/ane/tech/edoserpent.html" "Mozilla/4.0 (compatible; MSIE 7.0; Windows NT 5.1; .NET CLR 1.1.4322; .NET CLR 2.0.50727)"
217.212.224.144 - - [01/Aug/2007:13:27:23 -0700] "GET /east/stories/LadyRivka/?D=A HTTP/1.0" 200 951 "-" "psbot/0.1 (+http://www.picsearch.com/bot.html)"
74.6.67.231 - - [01/Aug/2007:13:28:13 -0700] "GET /ane/anebackstory.html HTTP/1.0" 200 1648 "-" "Mozilla/5.0 (compatible; Yahoo! Slurp; http://help.yahoo.com/help/us/ysearch/slurp)"
217.212.224.141 - - [01/Aug/2007:13:28:45 -0700] "GET /east/stories/LadyRivka/?D=D HTTP/1.0" 200 951 "-" "psbot/0.1 (+http://www.picsearch.com/bot.html)"
74.6.28.233 - - [01/Aug/2007:13:29:07 -0700] "GET /east/fanart/fanartthumb/ HTTP/1.0" 200 794 "-" "Mozilla/5.0 (compatible; Yahoo! Slurp; http://help.yahoo.com/help/us/ysearch/slurp)"
217.212.224.144 - - [01/Aug/2007:13:30:07 -0700] "GET /east/stories/LadyRivka/?N=A HTTP/1.0" 200 951 "-" "psbot/0.1 (+http://www.picsearch.com/bot.html)"
217.212.224.162 - - [01/Aug/2007:13:31:28 -0700] "GET /east/stories/LadyRivka/?S=A HTTP/1.0" 200 951 "-" "psbot/0.1 (+http://www.picsearch.com/bot.html)"
220.226.198.60 - - [01/Aug/2007:13:31:36 -0700] "GET /robots.txt HTTP/1.0" 404 515 "-" "RedBot/redbot-1.0 (Rediff.com Crawler; redbot at rediff dot com)"
220.226.198.60 - - [01/Aug/2007:13:31:37 -0700] "GET / HTTP/1.0" 200 1236 "-" "RedBot/redbot-1.0 (Rediff.com Crawler; redbot at rediff dot com)"
217.212.224.178 - - [01/Aug/2007:13:32:49 -0700] "GET /east/stories/LadyRivka/?S=D HTTP/1.0" 200 951 "-" "psbot/0.1 (+http://www.picsearch.com/bot.html)"
217.212.224.148 - - [01/Aug/2007:13:34:10 -0700] "GET /east/stories/LadyRivka/?M=A HTTP/1.0" 200 951 "-" "psbot/0.1 (+http://www.picsearch.com/bot.html)"
217.212.224.146 - - [01/Aug/2007:13:35:31 -0700] "GET /east/stories/LadyRivka/?M=D HTTP/1.0" 200 951 "-" "psbot/0.1 (+http://www.picsearch.com/bot.html)"
217.212.224.141 - - [01/Aug/2007:13:36:52 -0700] "GET /east/stories/LadyRivka/?N=D HTTP/1.0" 200 951 "-" "psbot/0.1 (+http://www.picsearch.com/bot.html)"
217.212.224.147 - - [01/Aug/2007:13:38:15 -0700] "GET /east/stories/?D=A HTTP/1.0" 200 682 "-" "psbot/0.1 (+http://www.picsearch.com/bot.html)"
87.7.138.33 - - [01/Aug/2007:13:38:51 -0700] "GET /east/images/image001.jpg HTTP/1.1" 200 18097 "http://nanananadiary.forumcommunity.net/?t=7248477" "Mozilla/4.0 (compatible; MSIE 6.0; Windows NT 5.1; SV1; SIMBAR={1DA7EDF7-7D0A-45b0-8039-A6C5EFA262FE}; .NET CLR 1.1.4322)"
217.212.224.162 - - [01/Aug/2007:13:39:35 -0700] "GET /east/stories/?D=D HTTP/1.0" 200 682 "-" "psbot/0.1 (+http://www.picsearch.com/bot.html)"
217.212.224.144 - - [01/Aug/2007:13:41:03 -0700] "GET /east/stories/?N=A HTTP/1.0" 200 682 "-" "psbot/0.1 (+http://www.picsearch.com/bot.html)"
217.212.224.178 - - [01/Aug/2007:13:42:24 -0700] "GET /east/stories/?S=A HTTP/1.0" 200 682 "-" "psbot/0.1 (+http://www.picsearch.com/bot.html)"
195.137.88.78 - - [01/Aug/2007:13:43:12 -0700] "GET /ane/anemain.html HTTP/1.1" 200 4382 "-" "Mozilla/4.0 (compatible; MSIE 7.0; Windows NT 5.1; {2AB5F3F5-EFE2-323B-0C4C-4CEF4D06B778}; .NET CLR 2.0.50727)"
195.137.88.78 - - [01/Aug/2007:13:43:13 -0700] "GET /ane/stars.gif HTTP/1.1" 200 1909 "http://rpstudios.ian-justman.com/ane/anemain.html" "Mozilla/4.0 (compatible; MSIE 7.0; Windows NT 5.1; {2AB5F3F5-EFE2-323B-0C4C-4CEF4D06B778}; .NET CLR 2.0.50727)"
195.137.88.78 - - [01/Aug/2007:13:43:13 -0700] "GET /ane/milkyway.gif HTTP/1.1" 200 3276 "http://rpstudios.ian-justman.com/ane/anemain.html" "Mozilla/4.0 (compatible; MSIE 7.0; Windows NT 5.1; {2AB5F3F5-EFE2-323B-0C4C-4CEF4D06B778}; .NET CLR 2.0.50727)"
195.137.88.78 - - [01/Aug/2007:13:43:16 -0700] "GET /ane/anelogo1.gif HTTP/1.1" 200 17944 "http://rpstudios.ian-justman.com/ane/anemain.html" "Mozilla/4.0 (compatible; MSIE 7.0; Windows NT 5.1; {2AB5F3F5-EFE2-323B-0C4C-4CEF4D06B778}; .NET CLR 2.0.50727)"
195.137.88.78 - - [01/Aug/2007:13:43:16 -0700] "GET /favicon.ico HTTP/1.1" 404 299 "-" "Mozilla/4.0 (compatible; MSIE 7.0; Windows NT 5.1; {2AB5F3F5-EFE2-323B-0C4C-4CEF4D06B778}; .NET CLR 2.0.50727)"
217.212.224.178 - - [01/Aug/2007:13:43:48 -0700] "GET /east/stories/?S=D HTTP/1.0" 200 682 "-" "psbot/0.1 (+http://www.picsearch.com/bot.html)"
217.212.224.178 - - [01/Aug/2007:13:45:13 -0700] "GET /east/stories/?M=A HTTP/1.0" 200 682 "-" "psbot/0.1 (+http://www.picsearch.com/bot.html)"
217.212.224.149 - - [01/Aug/2007:13:46:34 -0700] "GET /east/stories/?M=D HTTP/1.0" 200 682 "-" "psbot/0.1 (+http://www.picsearch.com/bot.html)"
217.212.224.147 - - [01/Aug/2007:13:47:59 -0700] "GET /east/stories/?N=D HTTP/1.0" 200 682 "-" "psbot/0.1 (+http://www.picsearch.com/bot.html)"
74.6.69.222 - - [01/Aug/2007:13:49:10 -0700] "GET /junk?D=A HTTP/1.0" 301 619 "-" "Mozilla/5.0 (compatible; Yahoo! Slurp; http://help.yahoo.com/help/us/ysearch/slurp)"
74.6.69.222 - - [01/Aug/2007:13:49:11 -0700] "GET /junk/?D=A HTTP/1.0" 200 2020 "-" "Mozilla/5.0 (compatible; Yahoo! Slurp; http://help.yahoo.com/help/us/ysearch/slurp)"
217.212.224.162 - - [01/Aug/2007:13:49:21 -0700] "GET /east/ramble002.html HTTP/1.0" 200 11601 "-" "psbot/0.1 (+http://www.picsearch.com/bot.html)"
74.6.70.82 - - [01/Aug/2007:13:50:17 -0700] "GET /east/fanart/fanartthumb/?D=D HTTP/1.0" 200 791 "-" "Mozilla/5.0 (compatible; Yahoo! Slurp; http://help.yahoo.com/help/us/ysearch/slurp)"
217.212.224.141 - - [01/Aug/2007:13:50:43 -0700] "GET /east/ramble001.html HTTP/1.0" 200 9701 "-" "psbot/0.1 (+http://www.picsearch.com/bot.html)"
87.7.148.99 - - [01/Aug/2007:13:50:56 -0700] "GET /east/images/image001.jpg HTTP/1.1" 304 - "http://dbnow.altervista.org/scheda.php?pg=Dark" "Mozilla/4.0 (compatible; MSIE 6.0; Windows NT 5.1; SV1; .NET CLR 1.1.4322; InfoPath.1)"
74.6.22.233 - - [01/Aug/2007:13:51:26 -0700] "GET /?N=A HTTP/1.0" 200 1236 "-" "Mozilla/5.0 (compatible; Yahoo! Slurp; http://help.yahoo.com/help/us/ysearch/slurp)"
217.212.224.143 - - [01/Aug/2007:13:52:06 -0700] "GET /east/ramble.html HTTP/1.0" 200 4840 "-" "psbot/0.1 (+http://www.picsearch.com/bot.html)"
74.6.17.22 - - [01/Aug/2007:13:52:26 -0700] "GET /humor.html HTTP/1.0" 200 1212 "-" "Mozilla/5.0 (compatible; Yahoo! Slurp; http://help.yahoo.com/help/us/ysearch/slurp)"
217.212.224.144 - - [01/Aug/2007:13:53:26 -0700] "GET /east/pixy.html HTTP/1.0" 200 9563 "-" "psbot/0.1 (+http://www.picsearch.com/bot.html)"
217.212.224.178 - - [01/Aug/2007:13:54:48 -0700] "GET /east/other.html HTTP/1.0" 200 5418 "-" "psbot/0.1 (+http://www.picsearch.com/bot.html)"
74.6.20.17 - - [01/Aug/2007:13:54:50 -0700] "GET /east/fanfic.html HTTP/1.0" 200 1808 "-" "Mozilla/5.0 (compatible; Yahoo! Slurp; http://help.yahoo.com/help/us/ysearch/slurp)"
217.212.224.144 - - [01/Aug/2007:13:56:16 -0700] "GET /east/mikoapp.html HTTP/1.0" 200 11781 "-" "psbot/0.1 (+http://www.picsearch.com/bot.html)"
217.212.224.147 - - [01/Aug/2007:13:57:35 -0700] "GET /east/main.html HTTP/1.0" 200 8011 "-" "psbot/0.1 (+http://www.picsearch.com/bot.html)"
74.6.22.217 - - [01/Aug/2007:13:58:01 -0700] "GET /ane/bloopers/ HTTP/1.0" 200 916 "-" "Mozilla/5.0 (compatible; Yahoo! Slurp; http://help.yahoo.com/help/us/ysearch/slurp)"
217.212.224.148 - - [01/Aug/2007:13:58:57 -0700] "GET /east/links.html HTTP/1.0" 200 10980 "-" "psbot/0.1 (+http://www.picsearch.com/bot.html)"
217.212.224.165 - - [01/Aug/2007:14:00:19 -0700] "GET /east/join.html HTTP/1.0" 200 5027 "-" "psbot/0.1 (+http://www.picsearch.com/bot.html)"
217.212.224.147 - - [01/Aug/2007:14:01:43 -0700] "GET /east/info.html HTTP/1.0" 200 8659 "-" "psbot/0.1 (+http://www.picsearch.com/bot.html)"
142.68.209.109 - - [01/Aug/2007:14:01:54 -0700] "GET /ane/anemain.html HTTP/1.1" 200 4382 "http://www.google.ca/search?q=gundam+wing+episode+19&hl=en&start=10&sa=N" "Mozilla/4.0 (compatible; MSIE 7.0; Windows NT 5.1; .NET CLR 1.1.4322)"
142.68.209.109 - - [01/Aug/2007:14:01:55 -0700] "GET /ane/milkyway.gif HTTP/1.1" 200 3276 "http://rpstudios.ian-justman.com/ane/anemain.html" "Mozilla/4.0 (compatible; MSIE 7.0; Windows NT 5.1; .NET CLR 1.1.4322)"
142.68.209.109 - - [01/Aug/2007:14:01:55 -0700] "GET /ane/anelogo1.gif HTTP/1.1" 200 17944 "http://rpstudios.ian-justman.com/ane/anemain.html" "Mozilla/4.0 (compatible; MSIE 7.0; Windows NT 5.1; .NET CLR 1.1.4322)"
142.68.209.109 - - [01/Aug/2007:14:01:55 -0700] "GET /ane/stars.gif HTTP/1.1" 200 1909 "http://rpstudios.ian-justman.com/ane/anemain.html" "Mozilla/4.0 (compatible; MSIE 7.0; Windows NT 5.1; .NET CLR 1.1.4322)"
142.68.209.109 - - [01/Aug/2007:14:01:56 -0700] "GET /favicon.ico HTTP/1.1" 404 299 "-" "Mozilla/4.0 (compatible; MSIE 7.0; Windows NT 5.1; .NET CLR 1.1.4322)"
142.68.209.109 - - [01/Aug/2007:14:03:00 -0700] "GET /ane/episodes/ane-ep19.html HTTP/1.1" 200 10055 "http://rpstudios.ian-justman.com/ane/anemain.html" "Mozilla/4.0 (compatible; MSIE 7.0; Windows NT 5.1; .NET CLR 1.1.4322)"
142.68.209.109 - - [01/Aug/2007:14:03:01 -0700] "GET /ane/episodes/stars.gif HTTP/1.1" 200 1909 "http://rpstudios.ian-justman.com/ane/episodes/ane-ep19.html" "Mozilla/4.0 (compatible; MSIE 7.0; Windows NT 5.1; .NET CLR 1.1.4322)"
142.68.209.109 - - [01/Aug/2007:14:03:02 -0700] "GET /ane/episodes/milkyway.gif HTTP/1.1" 200 3276 "http://rpstudios.ian-justman.com/ane/episodes/ane-ep19.html" "Mozilla/4.0 (compatible; MSIE 7.0; Windows NT 5.1; .NET CLR 1.1.4322)"
142.68.209.109 - - [01/Aug/2007:14:03:03 -0700] "GET /ane/episodes/anelogo1.gif HTTP/1.1" 200 17944 "http://rpstudios.ian-justman.com/ane/episodes/ane-ep19.html" "Mozilla/4.0 (compatible; MSIE 7.0; Windows NT 5.1; .NET CLR 1.1.4322)"
74.6.24.143 - - [01/Aug/2007:14:03:07 -0700] "GET /east/images/Thumbnails/?M=D HTTP/1.0" 200 1032 "-" "Mozilla/5.0 (compatible; Yahoo! Slurp; http://help.yahoo.com/help/us/ysearch/slurp)"
217.212.224.162 - - [01/Aug/2007:14:03:08 -0700] "GET /east/images/ HTTP/1.0" 200 7935 "-" "psbot/0.1 (+http://www.picsearch.com/bot.html)"
217.212.224.159 - - [01/Aug/2007:14:04:31 -0700] "GET /east/images/screencaps/ HTTP/1.0" 200 13272 "-" "psbot/0.1 (+http://www.picsearch.com/bot.html)"
74.6.26.232 - - [01/Aug/2007:14:04:52 -0700] "GET /diarygraphics/?M=D HTTP/1.0" 200 706 "-" "Mozilla/5.0 (compatible; Yahoo! Slurp; http://help.yahoo.com/help/us/ysearch/slurp)"
217.212.224.178 - - [01/Aug/2007:14:05:54 -0700] "GET /east/images/screencaps/Thumbnails/ HTTP/1.0" 200 13084 "-" "psbot/0.1 (+http://www.picsearch.com/bot.html)"
217.212.224.141 - - [01/Aug/2007:14:07:16 -0700] "GET /east/images/screencaps/Thumbnails/?D=A HTTP/1.0" 200 13084 "-" "psbot/0.1 (+http://www.picsearch.com/bot.html)"
217.212.224.162 - - [01/Aug/2007:14:08:40 -0700] "GET /east/images/screencaps/Thumbnails/?D=D HTTP/1.0" 200 13084 "-" "psbot/0.1 (+http://www.picsearch.com/bot.html)"
217.212.224.144 - - [01/Aug/2007:14:10:06 -0700] "GET /east/images/screencaps/Thumbnails/?N=A HTTP/1.0" 200 13084 "-" "psbot/0.1 (+http://www.picsearch.com/bot.html)"
217.212.224.149 - - [01/Aug/2007:14:11:32 -0700] "GET /east/images/screencaps/Thumbnails/?S=A HTTP/1.0" 200 13084 "-" "psbot/0.1 (+http://www.picsearch.com/bot.html)"
217.212.224.165 - - [01/Aug/2007:14:12:55 -0700] "GET /east/images/screencaps/Thumbnails/?S=D HTTP/1.0" 200 13084 "-" "psbot/0.1 (+http://www.picsearch.com/bot.html)"
217.212.224.146 - - [01/Aug/2007:14:14:25 -0700] "GET /east/images/screencaps/Thumbnails/?M=A HTTP/1.0" 200 13084 "-" "psbot/0.1 (+http://www.picsearch.com/bot.html)"
217.212.224.141 - - [01/Aug/2007:14:15:43 -0700] "GET /east/images/screencaps/Thumbnails/?M=D HTTP/1.0" 200 13084 "-" "psbot/0.1 (+http://www.picsearch.com/bot.html)"
217.212.224.149 - - [01/Aug/2007:14:17:55 -0700] "GET /east/images/screencaps/Thumbnails/?N=D HTTP/1.0" 200 13084 "-" "psbot/0.1 (+http://www.picsearch.com/bot.html)"
74.6.24.114 - - [01/Aug/2007:14:18:11 -0700] "GET /NamelessWorld/?S=A HTTP/1.0" 200 922 "-" "Mozilla/5.0 (compatible; Yahoo! Slurp; http://help.yahoo.com/help/us/ysearch/slurp)"
217.212.224.165 - - [01/Aug/2007:14:18:30 -0700] "GET /east/images/screencaps/?D=A HTTP/1.0" 200 13272 "-" "psbot/0.1 (+http://www.picsearch.com/bot.html)"
74.6.17.199 - - [01/Aug/2007:14:18:38 -0700] "GET /east/humor.html HTTP/1.0" 200 2149 "-" "Mozilla/5.0 (compatible; Yahoo! Slurp; http://help.yahoo.com/help/us/ysearch/slurp)"
217.212.224.145 - - [01/Aug/2007:14:19:51 -0700] "GET /robots.txt HTTP/1.0" 404 286 "-" "psbot/0.1 (+http://www.picsearch.com/bot.html)"
217.212.224.144 - - [01/Aug/2007:14:19:56 -0700] "GET /east/images/screencaps/?D=D HTTP/1.0" 200 13272 "-" "psbot/0.1 (+http://www.picsearch.com/bot.html)"
217.212.224.147 - - [01/Aug/2007:14:21:15 -0700] "GET /east/images/screencaps/?N=A HTTP/1.0" 200 13272 "-" "psbot/0.1 (+http://www.picsearch.com/bot.html)"
217.212.224.144 - - [01/Aug/2007:14:22:31 -0700] "GET /east/images/screencaps/?S=A HTTP/1.0" 200 13272 "-" "psbot/0.1 (+http://www.picsearch.com/bot.html)"
217.212.224.141 - - [01/Aug/2007:14:23:56 -0700] "GET /east/images/screencaps/?S=D HTTP/1.0" 200 13272 "-" "psbot/0.1 (+http://www.picsearch.com/bot.html)"
217.212.224.162 - - [01/Aug/2007:14:25:19 -0700] "GET /east/images/screencaps/?M=A HTTP/1.0" 200 13272 "-" "psbot/0.1 (+http://www.picsearch.com/bot.html)"
217.212.224.141 - - [01/Aug/2007:14:26:39 -0700] "GET /east/images/screencaps/?M=D HTTP/1.0" 200 13272 "-" "psbot/0.1 (+http://www.picsearch.com/bot.html)"
217.212.224.147 - - [01/Aug/2007:14:28:18 -0700] "GET /east/images/screencaps/?N=D HTTP/1.0" 200 13272 "-" "psbot/0.1 (+http://www.picsearch.com/bot.html)"
217.212.224.147 - - [01/Aug/2007:14:29:27 -0700] "GET /east/images/Thumbnails/ HTTP/1.0" 200 6587 "-" "psbot/0.1 (+http://www.picsearch.com/bot.html)"
