190.8.67.61 - - [01/Aug/2007:14:29:29 -0700] "GET /junk/dogaFAQ.html HTTP/1.1" 200 286 "http://images.google.com/imgres?imgurl=http://rpstudios.ian-justman.com/junk/CGgoods/Arwing2-7.JPG&imgrefurl=http://rpstudios.ian-justman.com/junk/dogaFAQ.html&h=600&w=800&sz=202&hl=en&start=0&sig2=Uf9X-9ozb9NwnXMdkKtBrw&tbnid=SecaKVNPlTOWsM:&tbnh=107&tbnw=143&ei=M_uwRtqWN4LYiwHKpNG6Cw&prev=/images%3Fq%3Darwing%2B2%26gbv%3D2%26svnum%3D10%26hl%3Den" "Mozilla/4.0 (compatible; MSIE 6.0; Windows NT 5.1; SV1; .NET CLR 1.1.4322; .NET CLR 2.0.50727)"
190.8.67.61 - - [01/Aug/2007:14:29:51 -0700] "GET /junk/CGgoods/Arwing2-7.JPG HTTP/1.1" 200 108535 "http://images.google.com/imgres?imgurl=http://rpstudios.ian-justman.com/junk/CGgoods/Arwing2-7.JPG&imgrefurl=http://rpstudios.ian-justman.com/junk/dogaFAQ.html&h=600&w=800&sz=202&tbnid=SecaKVNPlTOWsM:&tbnh=107&tbnw=143&hl=en&ei=OPuwRpDqCYPWiQGwpcW-Dw&sig2=Y4CZplvyZcZRJuWdAJFYqQ&prev=/images%3Fq%3Darwing%2B2%26gbv%3D2%26svnum%3D10%26hl%3Den&frame=small" "Mozilla/4.0 (compatible; MSIE 6.0; Windows NT 5.1; SV1; .NET CLR 1.1.4322; .NET CLR 2.0.50727)"
190.8.67.61 - - [01/Aug/2007:14:29:51 -0700] "GET /junk/dogaFAQ.html HTTP/1.1" 200 4612 "http://images.google.com/imgres?imgurl=http://rpstudios.ian-justman.com/junk/CGgoods/Arwing2-7.JPG&imgrefurl=http://rpstudios.ian-justman.com/junk/dogaFAQ.html&h=600&w=800&sz=202&hl=en&start=0&sig2=Uf9X-9ozb9NwnXMdkKtBrw&tbnid=SecaKVNPlTOWsM:&tbnh=107&tbnw=143&ei=M_uwRtqWN4LYiwHKpNG6Cw&prev=/images%3Fq%3Darwing%2B2%26gbv%3D2%26svnum%3D10%26hl%3Den" "Mozilla/4.0 (compatible; MSIE 6.0; Windows NT 5.1; SV1; .NET CLR 1.1.4322; .NET CLR 2.0.50727)"
65.55.212.139 - - [01/Aug/2007:14:30:22 -0700] "GET /robots.txt HTTP/1.0" 404 286 "-" "msnbot-media/1.0 (+http://search.msn.com/msnbot.htm)"
65.55.212.139 - - [01/Aug/2007:14:30:22 -0700] "GET /ane/tech/vmforion.html HTTP/1.0" 200 2951 "-" "msnbot-media/1.0 (+http://search.msn.com/msnbot.htm)"
217.212.224.165 - - [01/Aug/2007:14:30:53 -0700] "GET /east/images/Thumbnails/?D=A HTTP/1.0" 200 6587 "-" "psbot/0.1 (+http://www.picsearch.com/bot.html)"
217.212.224.144 - - [01/Aug/2007:14:32:22 -0700] "GET /east/images/Thumbnails/?D=D HTTP/1.0" 200 6587 "-" "psbot/0.1 (+http://www.picsearch.com/bot.html)"
74.6.18.76 - - [01/Aug/2007:14:33:01 -0700] "GET /lists/toomuchLZ.html HTTP/1.0" 200 4747 "-" "Mozilla/5.0 (compatible; Yahoo! Slurp; http://help.yahoo.com/help/us/ysearch/slurp)"
217.212.224.165 - - [01/Aug/2007:14:33:44 -0700] "GET /east/images/Thumbnails/?N=A HTTP/1.0" 200 6587 "-" "psbot/0.1 (+http://www.picsearch.com/bot.html)"
217.212.224.141 - - [01/Aug/2007:14:35:10 -0700] "GET /east/images/Thumbnails/?S=A HTTP/1.0" 200 6587 "-" "psbot/0.1 (+http://www.picsearch.com/bot.html)"
217.212.224.144 - - [01/Aug/2007:14:36:32 -0700] "GET /east/images/Thumbnails/?S=D HTTP/1.0" 200 6587 "-" "psbot/0.1 (+http://www.picsearch.com/bot.html)"
217.212.224.159 - - [01/Aug/2007:14:37:59 -0700] "GET /east/images/Thumbnails/?M=A HTTP/1.0" 200 6587 "-" "psbot/0.1 (+http://www.picsearch.com/bot.html)"
74.6.17.124 - - [01/Aug/2007:14:39:03 -0700] "GET /east/contact.html HTTP/1.0" 200 2008 "-" "Mozilla/5.0 (compatible; Yahoo! Slurp; http://help.yahoo.com/help/us/ysearch/slurp)"
217.212.224.141 - - [01/Aug/2007:14:39:24 -0700] "GET /east/images/Thumbnails/?M=D HTTP/1.0" 200 6587 "-" "psbot/0.1 (+http://www.picsearch.com/bot.html)"
217.212.224.143 - - [01/Aug/2007:14:40:46 -0700] "GET /east/images/Thumbnails/?N=D HTTP/1.0" 200 6587 "-" "psbot/0.1 (+http://www.picsearch.com/bot.html)"
74.6.19.220 - - [01/Aug/2007:14:41:29 -0700] "GET /ane/mechmaster/thumbs/thumbNemesis%2Ejpg HTTP/1.0" 200 2329 "-" "Mozilla/5.0 (compatible; Yahoo! Slurp; http://help.yahoo.com/help/us/ysearch/slurp)"
217.212.224.165 - - [01/Aug/2007:14:42:07 -0700] "GET /east/images/?D=A HTTP/1.0" 200 7935 "-" "psbot/0.1 (+http://www.picsearch.com/bot.html)"
217.212.224.165 - - [01/Aug/2007:14:43:27 -0700] "GET /east/images/?D=D HTTP/1.0" 200 7935 "-" "psbot/0.1 (+http://www.picsearch.com/bot.html)"
65.55.212.139 - - [01/Aug/2007:14:44:24 -0700] "GET /ane/lyrics/coldreflection.html HTTP/1.0" 200 2366 "-" "msnbot-media/1.0 (+http://search.msn.com/msnbot.htm)"
217.212.224.143 - - [01/Aug/2007:14:44:49 -0700] "GET /east/images/?N=A HTTP/1.0" 200 7935 "-" "psbot/0.1 (+http://www.picsearch.com/bot.html)"
74.6.18.76 - - [01/Aug/2007:14:45:15 -0700] "GET /lists/toomuchS-LU.html HTTP/1.0" 200 3122 "-" "Mozilla/5.0 (compatible; Yahoo! Slurp; http://help.yahoo.com/help/us/ysearch/slurp)"
217.212.224.141 - - [01/Aug/2007:14:46:11 -0700] "GET /east/images/?S=A HTTP/1.0" 200 7935 "-" "psbot/0.1 (+http://www.picsearch.com/bot.html)"
217.212.224.165 - - [01/Aug/2007:14:47:35 -0700] "GET /east/images/?S=D HTTP/1.0" 200 7935 "-" "psbot/0.1 (+http://www.picsearch.com/bot.html)"
74.6.66.32 - - [01/Aug/2007:14:48:12 -0700] "GET /east/images/?S=A HTTP/1.0" 200 1390 "-" "Mozilla/5.0 (compatible; Yahoo! Slurp; http://help.yahoo.com/help/us/ysearch/slurp)"
217.212.224.144 - - [01/Aug/2007:14:48:56 -0700] "GET /east/images/?M=A HTTP/1.0" 200 7935 "-" "psbot/0.1 (+http://www.picsearch.com/bot.html)"
217.212.224.162 - - [01/Aug/2007:14:50:19 -0700] "GET /east/images/?M=D HTTP/1.0" 200 7935 "-" "psbot/0.1 (+http://www.picsearch.com/bot.html)"
217.212.224.162 - - [01/Aug/2007:14:51:40 -0700] "GET /east/images/?N=D HTTP/1.0" 200 7935 "-" "psbot/0.1 (+http://www.picsearch.com/bot.html)"
217.212.224.162 - - [01/Aug/2007:14:53:00 -0700] "GET /east/humor.html HTTP/1.0" 200 5227 "-" "psbot/0.1 (+http://www.picsearch.com/bot.html)"
217.212.224.159 - - [01/Aug/2007:14:54:24 -0700] "GET /east/holyorder.html HTTP/1.0" 200 5520 "-" "psbot/0.1 (+http://www.picsearch.com/bot.html)"
74.6.71.242 - - [01/Aug/2007:14:54:25 -0700] "GET /ane/anedisc.html HTTP/1.0" 200 2549 "-" "Mozilla/5.0 (compatible; Yahoo! Slurp; http://help.yahoo.com/help/us/ysearch/slurp)"
217.212.224.165 - - [01/Aug/2007:14:55:50 -0700] "GET /east/guestbook.html HTTP/1.0" 200 4714 "-" "psbot/0.1 (+http://www.picsearch.com/bot.html)"
217.212.224.159 - - [01/Aug/2007:14:57:29 -0700] "GET /east/gallery.html HTTP/1.0" 200 34622 "-" "psbot/0.1 (+http://www.picsearch.com/bot.html)"
217.212.224.149 - - [01/Aug/2007:14:58:36 -0700] "GET /east/images/screencaps/screen0029.html HTTP/1.0" 404 314 "-" "psbot/0.1 (+http://www.picsearch.com/bot.html)"
217.212.224.159 - - [01/Aug/2007:14:59:59 -0700] "GET /east/fanfic.html HTTP/1.0" 200 4831 "-" "psbot/0.1 (+http://www.picsearch.com/bot.html)"
217.212.224.159 - - [01/Aug/2007:15:01:22 -0700] "GET /east/fanart/ HTTP/1.0" 200 2250 "-" "psbot/0.1 (+http://www.picsearch.com/bot.html)"
217.212.224.149 - - [01/Aug/2007:15:02:45 -0700] "GET /east/fanart/fanartthumb/ HTTP/1.0" 200 2221 "-" "psbot/0.1 (+http://www.picsearch.com/bot.html)"
75.82.40.198 - - [01/Aug/2007:15:02:46 -0700] "GET /junk/deepseadolphin.jpg HTTP/1.1" 200 11029 "http://mikomicon.com/phpBB/viewtopic.php?t=249" "Mozilla/5.0 (Windows; U; Windows NT 5.1; en-US; rv:1.8.1.6) Gecko/20070725 Firefox/2.0.0.6"
217.212.224.165 - - [01/Aug/2007:15:04:05 -0700] "GET /east/fanart/fanartthumb/?D=A HTTP/1.0" 200 2221 "-" "psbot/0.1 (+http://www.picsearch.com/bot.html)"
217.212.224.147 - - [01/Aug/2007:15:05:29 -0700] "GET /east/fanart/fanartthumb/?D=D HTTP/1.0" 200 2221 "-" "psbot/0.1 (+http://www.picsearch.com/bot.html)"
217.212.224.165 - - [01/Aug/2007:15:06:50 -0700] "GET /east/fanart/fanartthumb/?N=A HTTP/1.0" 200 2221 "-" "psbot/0.1 (+http://www.picsearch.com/bot.html)"
217.212.224.178 - - [01/Aug/2007:15:08:14 -0700] "GET /east/fanart/fanartthumb/?S=A HTTP/1.0" 200 2221 "-" "psbot/0.1 (+http://www.picsearch.com/bot.html)"
217.212.224.162 - - [01/Aug/2007:15:09:32 -0700] "GET /east/fanart/fanartthumb/?S=D HTTP/1.0" 200 2221 "-" "psbot/0.1 (+http://www.picsearch.com/bot.html)"
217.212.224.162 - - [01/Aug/2007:15:10:53 -0700] "GET /east/fanart/fanartthumb/?M=A HTTP/1.0" 200 2221 "-" "psbot/0.1 (+http://www.picsearch.com/bot.html)"
74.6.20.70 - - [01/Aug/2007:15:11:37 -0700] "GET /AXpics/?N=A HTTP/1.0" 200 2363 "-" "Mozilla/5.0 (compatible; Yahoo! Slurp; http://help.yahoo.com/help/us/ysearch/slurp)"
217.212.224.149 - - [01/Aug/2007:15:12:18 -0700] "GET /east/fanart/fanartthumb/?M=D HTTP/1.0" 200 2221 "-" "psbot/0.1 (+http://www.picsearch.com/bot.html)"
74.6.27.112 - - [01/Aug/2007:15:12:24 -0700] "GET /east/updates.html HTTP/1.0" 200 10619 "-" "Mozilla/5.0 (compatible; Yahoo! Slurp; http://help.yahoo.com/help/us/ysearch/slurp)"
217.212.224.162 - - [01/Aug/2007:15:13:36 -0700] "GET /east/fanart/fanartthumb/?N=D HTTP/1.0" 200 2221 "-" "psbot/0.1 (+http://www.picsearch.com/bot.html)"
217.212.224.149 - - [01/Aug/2007:15:14:56 -0700] "GET /east/fanart/?D=A HTTP/1.0" 200 2250 "-" "psbot/0.1 (+http://www.picsearch.com/bot.html)"
74.6.18.15 - - [01/Aug/2007:15:15:42 -0700] "GET /Meow-mix/0012.html HTTP/1.0" 200 1842 "-" "Mozilla/5.0 (compatible; Yahoo! Slurp; http://help.yahoo.com/help/us/ysearch/slurp)"
217.212.224.178 - - [01/Aug/2007:15:16:20 -0700] "GET /east/fanart/?D=D HTTP/1.0" 200 2250 "-" "psbot/0.1 (+http://www.picsearch.com/bot.html)"
217.212.224.165 - - [01/Aug/2007:15:17:38 -0700] "GET /east/fanart/?N=A HTTP/1.0" 200 2250 "-" "psbot/0.1 (+http://www.picsearch.com/bot.html)"
74.6.68.31 - - [01/Aug/2007:15:18:14 -0700] "GET /Meow-mix/?M=A HTTP/1.0" 200 933 "-" "Mozilla/5.0 (compatible; Yahoo! Slurp; http://help.yahoo.com/help/us/ysearch/slurp)"
217.212.224.162 - - [01/Aug/2007:15:19:01 -0700] "GET /east/fanart/?S=A HTTP/1.0" 200 2250 "-" "psbot/0.1 (+http://www.picsearch.com/bot.html)"
74.6.22.233 - - [01/Aug/2007:15:20:21 -0700] "GET /east/images/screencaps/Thumbnails/thumb0082%2Ejpg HTTP/1.0" 200 1704 "-" "Mozilla/5.0 (compatible; Yahoo! Slurp; http://help.yahoo.com/help/us/ysearch/slurp)"
217.212.224.178 - - [01/Aug/2007:15:20:25 -0700] "GET /east/fanart/?S=D HTTP/1.0" 200 2250 "-" "psbot/0.1 (+http://www.picsearch.com/bot.html)"
74.6.18.107 - - [01/Aug/2007:15:21:06 -0700] "GET /east/stories/ HTTP/1.0" 200 643 "-" "Mozilla/5.0 (compatible; Yahoo! Slurp; http://help.yahoo.com/help/us/ysearch/slurp)"
74.6.26.72 - - [01/Aug/2007:15:21:18 -0700] "GET /NamelessWorld/ryuuhistory.txt HTTP/1.0" 200 4959 "-" "Mozilla/5.0 (compatible; Yahoo! Slurp; http://help.yahoo.com/help/us/ysearch/slurp)"
217.212.224.178 - - [01/Aug/2007:15:21:46 -0700] "GET /east/fanart/?M=A HTTP/1.0" 200 2250 "-" "psbot/0.1 (+http://www.picsearch.com/bot.html)"
217.212.224.162 - - [01/Aug/2007:15:23:12 -0700] "GET /east/fanart/?M=D HTTP/1.0" 200 2250 "-" "psbot/0.1 (+http://www.picsearch.com/bot.html)"
213.140.22.76 - - [01/Aug/2007:15:23:17 -0700] "GET /east/cornerpiece.gif HTTP/1.1" 200 3782 "http://images.google.it/imgres?imgurl=http://rpstudios.ian-justman.com/east/cornerpiece.gif&imgrefurl=http://rpstudios.ian-justman.com/east/main.html&h=122&w=119&sz=4&tbnid=aQ2n8KqXrzPIWM:&tbnh=89&tbnw=87&hl=it&um=1&prev=/images%3Fq%3Dkaioshin%26start%3D108%26ndsp%3D18%26svnum%3D10%26um%3D1%26hl%3Dit%26sa%3DN&frame=small" "Mozilla/4.0 (compatible; MSIE 7.0; Windows NT 5.1; .NET CLR 2.0.50727)"
213.140.22.76 - - [01/Aug/2007:15:23:24 -0700] "GET /east/cornerpiece.gif HTTP/1.1" 200 3782 "http://images.google.it/imgres?imgurl=http://rpstudios.ian-justman.com/east/cornerpiece.gif&imgrefurl=http://rpstudios.ian-justman.com/east/main.html&h=122&w=119&sz=4&tbnid=aQ2n8KqXrzPIWM:&tbnh=89&tbnw=87&hl=it&um=1&prev=/images%3Fq%3Dkaioshin%26start%3D108%26ndsp%3D18%26svnum%3D10%26um%3D1%26hl%3Dit%26sa%3DN&frame=small" "Mozilla/4.0 (compatible; MSIE 7.0; Windows NT 5.1; .NET CLR 2.0.50727)"
213.140.22.76 - - [01/Aug/2007:15:23:35 -0700] "GET /favicon.ico HTTP/1.1" 404 299 "-" "Mozilla/4.0 (compatible; MSIE 7.0; Windows NT 5.1; .NET CLR 2.0.50727)"
217.212.224.149 - - [01/Aug/2007:15:24:38 -0700] "GET /east/fanart/?N=D HTTP/1.0" 200 2250 "-" "psbot/0.1 (+http://www.picsearch.com/bot.html)"
217.212.224.143 - - [01/Aug/2007:15:26:05 -0700] "GET /east/fanart.html HTTP/1.0" 200 6470 "-" "psbot/0.1 (+http://www.picsearch.com/bot.html)"
65.55.212.139 - - [01/Aug/2007:15:26:54 -0700] "GET /ane/lyrics/outrunningthemoon.html HTTP/1.0" 200 2349 "-" "msnbot-media/1.0 (+http://search.msn.com/msnbot.htm)"
65.55.212.139 - - [01/Aug/2007:15:26:54 -0700] "GET /ane/lyrics/betweentheclouds.html HTTP/1.0" 200 2293 "-" "msnbot-media/1.0 (+http://search.msn.com/msnbot.htm)"
65.55.212.139 - - [01/Aug/2007:15:26:54 -0700] "GET /ane/tech/mdccarrier.html HTTP/1.0" 200 2717 "-" "msnbot-media/1.0 (+http://search.msn.com/msnbot.htm)"
217.212.224.162 - - [01/Aug/2007:15:27:26 -0700] "GET /east/enter.html HTTP/1.0" 200 1035 "-" "psbot/0.1 (+http://www.picsearch.com/bot.html)"
217.212.224.145 - - [01/Aug/2007:15:28:50 -0700] "GET /robots.txt HTTP/1.0" 404 286 "-" "psbot/0.1 (+http://www.picsearch.com/bot.html)"
217.212.224.165 - - [01/Aug/2007:15:28:52 -0700] "GET /east/contact.html HTTP/1.0" 200 4857 "-" "psbot/0.1 (+http://www.picsearch.com/bot.html)"
217.212.224.162 - - [01/Aug/2007:15:30:13 -0700] "GET /east/blankapp.html HTTP/1.0" 200 10496 "-" "psbot/0.1 (+http://www.picsearch.com/bot.html)"
217.212.224.146 - - [01/Aug/2007:15:31:34 -0700] "GET /east/blacklist.html HTTP/1.0" 200 9793 "-" "psbot/0.1 (+http://www.picsearch.com/bot.html)"
65.55.208.214 - - [01/Aug/2007:15:32:27 -0700] "GET /robots.txt HTTP/1.0" 404 286 "-" "msnbot/1.0 (+http://search.msn.com/msnbot.htm)"
65.55.208.214 - - [01/Aug/2007:15:32:29 -0700] "GET /endlessfuel/efnew.html HTTP/1.0" 200 1094 "-" "msnbot/1.0 (+http://search.msn.com/msnbot.htm)"
217.212.224.147 - - [01/Aug/2007:15:32:58 -0700] "GET /east/banners.html HTTP/1.0" 200 5803 "-" "psbot/0.1 (+http://www.picsearch.com/bot.html)"
217.212.224.146 - - [01/Aug/2007:15:34:19 -0700] "GET /east/badjokes.html HTTP/1.0" 200 12406 "-" "psbot/0.1 (+http://www.picsearch.com/bot.html)"
217.212.224.146 - - [01/Aug/2007:15:35:40 -0700] "GET /east/about2.html HTTP/1.0" 200 4939 "-" "psbot/0.1 (+http://www.picsearch.com/bot.html)"
217.212.224.141 - - [01/Aug/2007:15:37:04 -0700] "GET /east/about.html HTTP/1.0" 200 9597 "-" "psbot/0.1 (+http://www.picsearch.com/bot.html)"
217.212.224.148 - - [01/Aug/2007:15:38:24 -0700] "GET /east/Miko_Sprites/ HTTP/1.0" 200 7411 "-" "psbot/0.1 (+http://www.picsearch.com/bot.html)"
217.212.224.143 - - [01/Aug/2007:15:39:47 -0700] "GET /east/Miko_Sprites/firefury_sprites/ HTTP/1.0" 200 1972 "-" "psbot/0.1 (+http://www.picsearch.com/bot.html)"
217.212.224.149 - - [01/Aug/2007:15:41:09 -0700] "GET /east/Miko_Sprites/evilmiko/ HTTP/1.0" 200 1107 "-" "psbot/0.1 (+http://www.picsearch.com/bot.html)"
72.30.177.97 - - [01/Aug/2007:15:42:02 -0700] "GET /robots.txt HTTP/1.0" 404 515 "-" "Mozilla/5.0 (compatible; Yahoo! Slurp; http://help.yahoo.com/help/us/ysearch/slurp)"
74.6.18.19 - - [01/Aug/2007:15:42:03 -0700] "GET /east/info.html HTTP/1.0" 200 3504 "-" "Mozilla/5.0 (compatible; Yahoo! Slurp; http://help.yahoo.com/help/us/ysearch/slurp)"
217.212.224.141 - - [01/Aug/2007:15:42:33 -0700] "GET /east/Miko_Sprites/evilmiko/?D=A HTTP/1.0" 200 1107 "-" "psbot/0.1 (+http://www.picsearch.com/bot.html)"
217.212.224.147 - - [01/Aug/2007:15:43:56 -0700] "GET /east/Miko_Sprites/evilmiko/?D=D HTTP/1.0" 200 1107 "-" "psbot/0.1 (+http://www.picsearch.com/bot.html)"
217.212.224.146 - - [01/Aug/2007:15:45:16 -0700] "GET /east/Miko_Sprites/evilmiko/?N=A HTTP/1.0" 200 1107 "-" "psbot/0.1 (+http://www.picsearch.com/bot.html)"
74.6.22.234 - - [01/Aug/2007:15:45:46 -0700] "GET /ane/episodes/ HTTP/1.0" 200 1117 "-" "Mozilla/5.0 (compatible; Yahoo! Slurp; http://help.yahoo.com/help/us/ysearch/slurp)"
217.212.224.149 - - [01/Aug/2007:15:46:39 -0700] "GET /east/Miko_Sprites/evilmiko/?S=A HTTP/1.0" 200 1107 "-" "psbot/0.1 (+http://www.picsearch.com/bot.html)"
217.212.224.141 - - [01/Aug/2007:15:48:03 -0700] "GET /east/Miko_Sprites/evilmiko/?S=D HTTP/1.0" 200 1107 "-" "psbot/0.1 (+http://www.picsearch.com/bot.html)"
217.212.224.149 - - [01/Aug/2007:15:49:25 -0700] "GET /east/Miko_Sprites/evilmiko/?M=A HTTP/1.0" 200 1107 "-" "psbot/0.1 (+http://www.picsearch.com/bot.html)"
74.75.16.200 - - [01/Aug/2007:15:49:27 -0700] "GET /ane/anemain.html HTTP/1.1" 200 4382 "-" "Mozilla/5.0 (Windows; U; Windows NT 5.1; en-US; rv:1.8.1.6) Gecko/20070725 Firefox/2.0.0.6"
74.75.16.200 - - [01/Aug/2007:15:49:27 -0700] "GET /ane/stars.gif HTTP/1.1" 200 1909 "http://rpstudios.ian-justman.com/ane/anemain.html" "Mozilla/5.0 (Windows; U; Windows NT 5.1; en-US; rv:1.8.1.6) Gecko/20070725 Firefox/2.0.0.6"
74.75.16.200 - - [01/Aug/2007:15:49:28 -0700] "GET /ane/anelogo1.gif HTTP/1.1" 200 17944 "http://rpstudios.ian-justman.com/ane/anemain.html" "Mozilla/5.0 (Windows; U; Windows NT 5.1; en-US; rv:1.8.1.6) Gecko/20070725 Firefox/2.0.0.6"
74.75.16.200 - - [01/Aug/2007:15:49:30 -0700] "GET /ane/milkyway.gif HTTP/1.1" 200 3276 "http://rpstudios.ian-justman.com/ane/anemain.html" "Mozilla/5.0 (Windows; U; Windows NT 5.1; en-US; rv:1.8.1.6) Gecko/20070725 Firefox/2.0.0.6"
74.75.16.200 - - [01/Aug/2007:15:49:30 -0700] "GET /favicon.ico HTTP/1.1" 404 299 "-" "Mozilla/5.0 (Windows; U; Windows NT 5.1; en-US; rv:1.8.1.6) Gecko/20070725 Firefox/2.0.0.6"
74.75.16.200 - - [01/Aug/2007:15:49:30 -0700] "GET /favicon.ico HTTP/1.1" 404 299 "-" "Mozilla/5.0 (Windows; U; Windows NT 5.1; en-US; rv:1.8.1.6) Gecko/20070725 Firefox/2.0.0.6"
217.212.224.146 - - [01/Aug/2007:15:50:46 -0700] "GET /east/Miko_Sprites/evilmiko/?M=D HTTP/1.0" 200 1107 "-" "psbot/0.1 (+http://www.picsearch.com/bot.html)"
217.212.224.147 - - [01/Aug/2007:15:52:06 -0700] "GET /east/Miko_Sprites/evilmiko/?N=D HTTP/1.0" 200 1107 "-" "psbot/0.1 (+http://www.picsearch.com/bot.html)"
217.212.224.178 - - [01/Aug/2007:15:53:26 -0700] "GET /east/Miko_Sprites/?D=A HTTP/1.0" 200 7411 "-" "psbot/0.1 (+http://www.picsearch.com/bot.html)"
217.212.224.144 - - [01/Aug/2007:15:54:50 -0700] "GET /east/Miko_Sprites/?D=D HTTP/1.0" 200 7411 "-" "psbot/0.1 (+http://www.picsearch.com/bot.html)"
72.30.177.243 - - [01/Aug/2007:15:54:54 -0700] "GET /east/images/Thumbnails/%3FS=D HTTP/1.0" 404 303 "-" "Mozilla/5.0 (compatible; Yahoo! Slurp; http://help.yahoo.com/help/us/ysearch/slurp)"
217.212.224.147 - - [01/Aug/2007:15:56:17 -0700] "GET /east/Miko_Sprites/?N=A HTTP/1.0" 200 7411 "-" "psbot/0.1 (+http://www.picsearch.com/bot.html)"
74.6.23.14 - - [01/Aug/2007:15:56:40 -0700] "GET /east/Miko_Sprites/firefury_sprites/ HTTP/1.0" 200 770 "-" "Mozilla/5.0 (compatible; Yahoo! Slurp; http://help.yahoo.com/help/us/ysearch/slurp)"
217.212.224.149 - - [01/Aug/2007:15:57:37 -0700] "GET /east/Miko_Sprites/?S=A HTTP/1.0" 200 7411 "-" "psbot/0.1 (+http://www.picsearch.com/bot.html)"
217.212.224.149 - - [01/Aug/2007:15:59:03 -0700] "GET /east/Miko_Sprites/?S=D HTTP/1.0" 200 7411 "-" "psbot/0.1 (+http://www.picsearch.com/bot.html)"
217.212.224.149 - - [01/Aug/2007:16:00:22 -0700] "GET /east/Miko_Sprites/?M=A HTTP/1.0" 200 7411 "-" "psbot/0.1 (+http://www.picsearch.com/bot.html)"
217.212.224.159 - - [01/Aug/2007:16:01:47 -0700] "GET /east/Miko_Sprites/?M=D HTTP/1.0" 200 7411 "-" "psbot/0.1 (+http://www.picsearch.com/bot.html)"
217.212.224.146 - - [01/Aug/2007:16:03:11 -0700] "GET /east/Miko_Sprites/?N=D HTTP/1.0" 200 7411 "-" "psbot/0.1 (+http://www.picsearch.com/bot.html)"
217.212.224.144 - - [01/Aug/2007:16:04:30 -0700] "GET /east/?D=A HTTP/1.0" 200 4786 "-" "psbot/0.1 (+http://www.picsearch.com/bot.html)"
217.212.224.147 - - [01/Aug/2007:16:05:57 -0700] "GET /east/?D=D HTTP/1.0" 200 4786 "-" "psbot/0.1 (+http://www.picsearch.com/bot.html)"
217.212.224.162 - - [01/Aug/2007:16:07:16 -0700] "GET /east/?N=A HTTP/1.0" 200 4786 "-" "psbot/0.1 (+http://www.picsearch.com/bot.html)"
217.212.224.141 - - [01/Aug/2007:16:08:40 -0700] "GET /east/?S=A HTTP/1.0" 200 4786 "-" "psbot/0.1 (+http://www.picsearch.com/bot.html)"
217.212.224.165 - - [01/Aug/2007:16:10:10 -0700] "GET /east/?S=D HTTP/1.0" 200 4786 "-" "psbot/0.1 (+http://www.picsearch.com/bot.html)"
217.212.224.165 - - [01/Aug/2007:16:11:30 -0700] "GET /east/?M=A HTTP/1.0" 200 4786 "-" "psbot/0.1 (+http://www.picsearch.com/bot.html)"
217.212.224.178 - - [01/Aug/2007:16:12:55 -0700] "GET /east/?M=D HTTP/1.0" 200 4786 "-" "psbot/0.1 (+http://www.picsearch.com/bot.html)"
217.212.224.148 - - [01/Aug/2007:16:14:18 -0700] "GET /east/?N=D HTTP/1.0" 200 4786 "-" "psbot/0.1 (+http://www.picsearch.com/bot.html)"
74.6.28.123 - - [01/Aug/2007:16:15:22 -0700] "GET /NamelessWorld/yamaneko.txt HTTP/1.0" 200 1326 "-" "Mozilla/5.0 (compatible; Yahoo! Slurp; http://help.yahoo.com/help/us/ysearch/slurp)"
217.212.224.159 - - [01/Aug/2007:16:15:41 -0700] "GET /diarygraphics/ HTTP/1.0" 200 1039 "-" "psbot/0.1 (+http://www.picsearch.com/bot.html)"
217.212.224.144 - - [01/Aug/2007:16:17:06 -0700] "GET /diarygraphics/?D=A HTTP/1.0" 200 1039 "-" "psbot/0.1 (+http://www.picsearch.com/bot.html)"
217.212.224.144 - - [01/Aug/2007:16:18:29 -0700] "GET /diarygraphics/?D=D HTTP/1.0" 200 1039 "-" "psbot/0.1 (+http://www.picsearch.com/bot.html)"
217.212.224.178 - - [01/Aug/2007:16:19:52 -0700] "GET /diarygraphics/?N=A HTTP/1.0" 200 1039 "-" "psbot/0.1 (+http://www.picsearch.com/bot.html)"
217.212.224.147 - - [01/Aug/2007:16:21:14 -0700] "GET /diarygraphics/?S=A HTTP/1.0" 200 1039 "-" "psbot/0.1 (+http://www.picsearch.com/bot.html)"
217.212.224.147 - - [01/Aug/2007:16:22:40 -0700] "GET /diarygraphics/?S=D HTTP/1.0" 200 1039 "-" "psbot/0.1 (+http://www.picsearch.com/bot.html)"
66.249.66.241 - - [01/Aug/2007:16:23:36 -0700] "GET /robots.txt HTTP/1.1" 404 592 "-" "Mozilla/5.0 (compatible; Googlebot/2.1; +http://www.google.com/bot.html)"
66.249.66.241 - - [01/Aug/2007:16:23:36 -0700] "GET /east//main.html HTTP/1.1" 200 3391 "-" "Mozilla/5.0 (compatible; Googlebot/2.1; +http://www.google.com/bot.html)"
217.212.224.159 - - [01/Aug/2007:16:24:08 -0700] "GET /diarygraphics/?M=A HTTP/1.0" 200 1039 "-" "psbot/0.1 (+http://www.picsearch.com/bot.html)"
217.212.224.143 - - [01/Aug/2007:16:25:29 -0700] "GET /diarygraphics/?M=D HTTP/1.0" 200 1039 "-" "psbot/0.1 (+http://www.picsearch.com/bot.html)"
74.6.28.27 - - [01/Aug/2007:16:26:21 -0700] "GET /Meow-mix/0009.html HTTP/1.0" 200 1170 "-" "Mozilla/5.0 (compatible; Yahoo! Slurp; http://help.yahoo.com/help/us/ysearch/slurp)"
217.212.224.149 - - [01/Aug/2007:16:26:49 -0700] "GET /diarygraphics/?N=D HTTP/1.0" 200 1039 "-" "psbot/0.1 (+http://www.picsearch.com/bot.html)"
200.30.175.202 - - [01/Aug/2007:16:27:37 -0700] "GET /ane/anemain.html HTTP/1.1" 200 4382 "http://www.google.com.gt/search?hl=es&q=gundam+wing+a+new+era&btnG=Buscar+con+Google&lr=" "Mozilla/4.0 (compatible; MSIE 7.0; Windows NT 5.1; .NET CLR 1.1.4322; .NET CLR 2.0.50727; InfoPath.1)"
200.30.175.202 - - [01/Aug/2007:16:27:37 -0700] "GET /ane/milkyway.gif HTTP/1.1" 200 3276 "http://rpstudios.ian-justman.com/ane/anemain.html" "Mozilla/4.0 (compatible; MSIE 7.0; Windows NT 5.1; .NET CLR 1.1.4322; .NET CLR 2.0.50727; InfoPath.1)"
200.30.175.202 - - [01/Aug/2007:16:27:38 -0700] "GET /ane/anelogo1.gif HTTP/1.1" 200 17944 "http://rpstudios.ian-justman.com/ane/anemain.html" "Mozilla/4.0 (compatible; MSIE 7.0; Windows NT 5.1; .NET CLR 1.1.4322; .NET CLR 2.0.50727; InfoPath.1)"
200.30.175.202 - - [01/Aug/2007:16:27:39 -0700] "GET /favicon.ico HTTP/1.1" 404 299 "-" "Mozilla/4.0 (compatible; MSIE 7.0; Windows NT 5.1; .NET CLR 1.1.4322; .NET CLR 2.0.50727; InfoPath.1)"
200.30.175.202 - - [01/Aug/2007:16:27:41 -0700] "GET /ane/stars.gif HTTP/1.1" 200 1909 "http://rpstudios.ian-justman.com/ane/anemain.html" "Mozilla/4.0 (compatible; MSIE 7.0; Windows NT 5.1; .NET CLR 1.1.4322; .NET CLR 2.0.50727; InfoPath.1)"
217.212.224.144 - - [01/Aug/2007:16:28:09 -0700] "GET /contact.html HTTP/1.0" 200 2044 "-" "psbot/0.1 (+http://www.picsearch.com/bot.html)"
200.30.175.202 - - [01/Aug/2007:16:28:17 -0700] "GET /RPSgraphics/RPS-title-v5.gif HTTP/1.1" 200 15441 "http://s6.invisionfree.com/Reploid_Productions/index.php?c=2" "Mozilla/4.0 (compatible; MSIE 7.0; Windows NT 5.1; .NET CLR 1.1.4322; .NET CLR 2.0.50727; InfoPath.1)"
217.212.224.146 - - [01/Aug/2007:16:29:32 -0700] "GET /chat.html HTTP/1.0" 200 13767 "-" "psbot/0.1 (+http://www.picsearch.com/bot.html)"
217.212.224.146 - - [01/Aug/2007:16:30:50 -0700] "GET /ane/ HTTP/1.0" 200 7502 "-" "psbot/0.1 (+http://www.picsearch.com/bot.html)"
217.212.224.143 - - [01/Aug/2007:16:32:12 -0700] "GET /ane/tech/ HTTP/1.0" 200 13446 "-" "psbot/0.1 (+http://www.picsearch.com/bot.html)"
217.212.224.165 - - [01/Aug/2007:16:33:34 -0700] "GET /ane/tech/vmftisiphone.html HTTP/1.0" 200 4174 "-" "psbot/0.1 (+http://www.picsearch.com/bot.html)"
217.212.224.165 - - [01/Aug/2007:16:34:55 -0700] "GET /ane/tech/vmfserpent.html HTTP/1.0" 200 3344 "-" "psbot/0.1 (+http://www.picsearch.com/bot.html)"
217.212.224.162 - - [01/Aug/2007:16:36:19 -0700] "GET /ane/tech/vmforion.html HTTP/1.0" 200 2951 "-" "psbot/0.1 (+http://www.picsearch.com/bot.html)"
217.212.224.145 - - [01/Aug/2007:16:37:40 -0700] "GET /robots.txt HTTP/1.0" 404 286 "-" "psbot/0.1 (+http://www.picsearch.com/bot.html)"
217.212.224.162 - - [01/Aug/2007:16:37:41 -0700] "GET /ane/tech/vmfnemesis.html HTTP/1.0" 200 2864 "-" "psbot/0.1 (+http://www.picsearch.com/bot.html)"
217.212.224.162 - - [01/Aug/2007:16:39:02 -0700] "GET /ane/tech/vmfhymemaios.html HTTP/1.0" 200 3633 "-" "psbot/0.1 (+http://www.picsearch.com/bot.html)"
217.212.224.147 - - [01/Aug/2007:16:40:29 -0700] "GET /ane/tech/vmferinyes.html HTTP/1.0" 200 3052 "-" "psbot/0.1 (+http://www.picsearch.com/bot.html)"
68.142.212.208 - - [01/Aug/2007:16:41:09 -0700] "GET /robots.txt HTTP/1.0" 404 286 "-" "Yahoo-MMCrawler/3.x (mms dash mmcrawler dash support at yahoo dash inc dot com)"
68.142.212.208 - - [01/Aug/2007:16:41:29 -0700] "GET /ane/stars.gif HTTP/1.0" 304 - "-" "Yahoo-MMCrawler/3.x (mms dash mmcrawler dash support at yahoo dash inc dot com)"
68.142.212.208 - - [01/Aug/2007:16:41:49 -0700] "GET /ane/Astro.jpg HTTP/1.0" 304 - "-" "Yahoo-MMCrawler/3.x (mms dash mmcrawler dash support at yahoo dash inc dot com)"
217.212.224.159 - - [01/Aug/2007:16:41:51 -0700] "GET /ane/tech/vmfatropos.html HTTP/1.0" 200 4263 "-" "psbot/0.1 (+http://www.picsearch.com/bot.html)"
217.212.224.162 - - [01/Aug/2007:16:43:16 -0700] "GET /ane/tech/vmfaphrodite.html HTTP/1.0" 200 3277 "-" "psbot/0.1 (+http://www.picsearch.com/bot.html)"
217.212.224.141 - - [01/Aug/2007:16:44:39 -0700] "GET /ane/tech/vmfanteros.html HTTP/1.0" 200 3892 "-" "psbot/0.1 (+http://www.picsearch.com/bot.html)"
81.169.154.94 - - [01/Aug/2007:16:44:43 -0700] "HEAD /ane/anemain.html HTTP/1.1" 200 0 "-" "Mozilla/4.0 (compatible; MSIE 6.0; Windows NT 5.0; ODP entries t_st; http://tuezilla.de/t_st-odp-entries-agent.html)"
68.142.212.208 - - [01/Aug/2007:16:44:53 -0700] "GET /junk/steph.gif HTTP/1.0" 304 - "-" "Yahoo-MMCrawler/3.x (mms dash mmcrawler dash support at yahoo dash inc dot com)"
68.142.212.208 - - [01/Aug/2007:16:45:14 -0700] "GET /junk/stick.gif HTTP/1.0" 304 - "-" "Yahoo-MMCrawler/3.x (mms dash mmcrawler dash support at yahoo dash inc dot com)"
68.142.212.208 - - [01/Aug/2007:16:45:35 -0700] "GET /junk/rrbar.gif HTTP/1.0" 304 - "-" "Yahoo-MMCrawler/3.x (mms dash mmcrawler dash support at yahoo dash inc dot com)"
74.6.68.172 - - [01/Aug/2007:16:45:51 -0700] "GET /tribute/tribute.html HTTP/1.0" 200 12406 "-" "Mozilla/5.0 (compatible; Yahoo! Slurp; http://help.yahoo.com/help/us/ysearch/slurp)"
68.142.212.208 - - [01/Aug/2007:16:45:54 -0700] "GET /ane/lybtn2.gif HTTP/1.0" 304 - "-" "Yahoo-MMCrawler/3.x (mms dash mmcrawler dash support at yahoo dash inc dot com)"
217.212.224.143 - - [01/Aug/2007:16:45:58 -0700] "GET /ane/tech/vmfaglaia.html HTTP/1.0" 200 3620 "-" "psbot/0.1 (+http://www.picsearch.com/bot.html)"
74.6.26.105 - - [01/Aug/2007:16:46:07 -0700] "GET /fanart.html HTTP/1.0" 200 1373 "-" "Mozilla/5.0 (compatible; Yahoo! Slurp; http://help.yahoo.com/help/us/ysearch/slurp)"
74.6.70.75 - - [01/Aug/2007:16:47:17 -0700] "GET /ane/sidestory/op-mis.html HTTP/1.0" 200 19863 "-" "Mozilla/5.0 (compatible; Yahoo! Slurp; http://help.yahoo.com/help/us/ysearch/slurp)"
217.212.224.178 - - [01/Aug/2007:16:47:20 -0700] "GET /ane/tech/prepnucu02.html HTTP/1.0" 200 4238 "-" "psbot/0.1 (+http://www.picsearch.com/bot.html)"
217.212.224.159 - - [01/Aug/2007:16:48:44 -0700] "GET /ane/tech/prepnucu01.html HTTP/1.0" 200 4058 "-" "psbot/0.1 (+http://www.picsearch.com/bot.html)"
68.142.212.208 - - [01/Aug/2007:16:48:53 -0700] "GET /photos/cake.jpg HTTP/1.0" 304 - "-" "Yahoo-MMCrawler/3.x (mms dash mmcrawler dash support at yahoo dash inc dot com)"
74.6.20.235 - - [01/Aug/2007:16:49:01 -0700] "GET /ane/mechmaster/thumbs/thumbStarStreak2%2Ejpg HTTP/1.0" 200 2243 "-" "Mozilla/5.0 (compatible; Yahoo! Slurp; http://help.yahoo.com/help/us/ysearch/slurp)"
68.142.212.208 - - [01/Aug/2007:16:49:19 -0700] "GET /AXpics/goh1.jpg HTTP/1.0" 304 - "-" "Yahoo-MMCrawler/3.x (mms dash mmcrawler dash support at yahoo dash inc dot com)"
217.212.224.162 - - [01/Aug/2007:16:50:07 -0700] "GET /ane/tech/pregryphon.html HTTP/1.0" 200 4119 "-" "psbot/0.1 (+http://www.picsearch.com/bot.html)"
217.212.224.162 - - [01/Aug/2007:16:51:32 -0700] "GET /ane/tech/prefalconwing.html HTTP/1.0" 200 4543 "-" "psbot/0.1 (+http://www.picsearch.com/bot.html)"
217.212.224.141 - - [01/Aug/2007:16:52:54 -0700] "GET /ane/tech/prebasilisk.html HTTP/1.0" 200 4008 "-" "psbot/0.1 (+http://www.picsearch.com/bot.html)"
217.212.224.141 - - [01/Aug/2007:16:54:17 -0700] "GET /ane/tech/peacetaurus.html HTTP/1.0" 200 2719 "-" "psbot/0.1 (+http://www.picsearch.com/bot.html)"
217.212.224.148 - - [01/Aug/2007:16:55:40 -0700] "GET /ane/tech/peaceserpentct.html HTTP/1.0" 200 3438 "-" "psbot/0.1 (+http://www.picsearch.com/bot.html)"
217.212.224.147 - - [01/Aug/2007:16:57:07 -0700] "GET /ane/tech/peaceserpent.html HTTP/1.0" 200 3329 "-" "psbot/0.1 (+http://www.picsearch.com/bot.html)"
217.212.224.162 - - [01/Aug/2007:16:58:30 -0700] "GET /ane/tech/peacemeth.html HTTP/1.0" 200 3188 "-" "psbot/0.1 (+http://www.picsearch.com/bot.html)"
74.6.27.33 - - [01/Aug/2007:16:58:44 -0700] "GET /junk/rpnsroleplay.html HTTP/1.0" 200 2440 "-" "Mozilla/5.0 (compatible; Yahoo! Slurp; http://help.yahoo.com/help/us/ysearch/slurp)"
217.212.224.149 - - [01/Aug/2007:16:59:48 -0700] "GET /ane/tech/peaceemeth.html HTTP/1.0" 200 3229 "-" "psbot/0.1 (+http://www.picsearch.com/bot.html)"
217.212.224.141 - - [01/Aug/2007:17:01:13 -0700] "GET /ane/tech/oztaurus.html HTTP/1.0" 200 3308 "-" "psbot/0.1 (+http://www.picsearch.com/bot.html)"
217.212.224.146 - - [01/Aug/2007:17:02:37 -0700] "GET /ane/tech/ozleo.html HTTP/1.0" 200 3417 "-" "psbot/0.1 (+http://www.picsearch.com/bot.html)"
217.212.224.178 - - [01/Aug/2007:17:04:02 -0700] "GET /ane/tech/msv/ HTTP/1.0" 200 2277 "-" "psbot/0.1 (+http://www.picsearch.com/bot.html)"
217.212.224.159 - - [01/Aug/2007:17:05:28 -0700] "GET /ane/tech/msv/vmfserpentcannon.html HTTP/1.0" 200 2899 "-" "psbot/0.1 (+http://www.picsearch.com/bot.html)"
217.212.224.165 - - [01/Aug/2007:17:06:52 -0700] "GET /ane/tech/msv/vmfserpentboost.html HTTP/1.0" 200 3080 "-" "psbot/0.1 (+http://www.picsearch.com/bot.html)"
74.6.74.33 - - [01/Aug/2007:17:08:02 -0700] "GET /Meow-mix/?M=D HTTP/1.0" 200 928 "-" "Mozilla/5.0 (compatible; Yahoo! Slurp; http://help.yahoo.com/help/us/ysearch/slurp)"
217.212.224.148 - - [01/Aug/2007:17:08:21 -0700] "GET /ane/tech/msv/preleo-fa.html HTTP/1.0" 200 2332 "-" "psbot/0.1 (+http://www.picsearch.com/bot.html)"
217.212.224.162 - - [01/Aug/2007:17:09:43 -0700] "GET /ane/tech/msv/preeridanus.html HTTP/1.0" 200 2987 "-" "psbot/0.1 (+http://www.picsearch.com/bot.html)"
217.212.224.146 - - [01/Aug/2007:17:11:02 -0700] "GET /ane/tech/msv/peaceleoboost.html HTTP/1.0" 200 3159 "-" "psbot/0.1 (+http://www.picsearch.com/bot.html)"
217.212.224.143 - - [01/Aug/2007:17:12:24 -0700] "GET /ane/tech/msv/peacegelem.html HTTP/1.0" 200 3154 "-" "psbot/0.1 (+http://www.picsearch.com/bot.html)"
217.212.224.159 - - [01/Aug/2007:17:13:47 -0700] "GET /ane/tech/msv/mdcssmp.html HTTP/1.0" 200 3188 "-" "psbot/0.1 (+http://www.picsearch.com/bot.html)"
217.212.224.149 - - [01/Aug/2007:17:15:11 -0700] "GET /ane/tech/msv/mdceagal.html HTTP/1.0" 200 2001 "-" "psbot/0.1 (+http://www.picsearch.com/bot.html)"
217.212.224.178 - - [01/Aug/2007:17:16:37 -0700] "GET /ane/tech/msv/edogryphoncd.html HTTP/1.0" 200 3121 "-" "psbot/0.1 (+http://www.picsearch.com/bot.html)"
217.212.224.147 - - [01/Aug/2007:17:17:56 -0700] "GET /ane/tech/msv/edochimera.html HTTP/1.0" 200 2979 "-" "psbot/0.1 (+http://www.picsearch.com/bot.html)"
217.212.224.143 - - [01/Aug/2007:17:19:16 -0700] "GET /ane/tech/msv/civleo-r.html HTTP/1.0" 200 2961 "-" "psbot/0.1 (+http://www.picsearch.com/bot.html)"
217.212.224.144 - - [01/Aug/2007:17:20:37 -0700] "GET /ane/tech/msv/civleo-m.html HTTP/1.0" 200 2397 "-" "psbot/0.1 (+http://www.picsearch.com/bot.html)"
74.6.28.42 - - [01/Aug/2007:17:21:47 -0700] "GET /ane/mechmaster/thumbs/thumbms-carrier3%2Ejpg HTTP/1.0" 200 2469 "-" "Mozilla/5.0 (compatible; Yahoo! Slurp; http://help.yahoo.com/help/us/ysearch/slurp)"
217.212.224.159 - - [01/Aug/2007:17:21:58 -0700] "GET /ane/tech/msv/civleo-f.html HTTP/1.0" 200 2355 "-" "psbot/0.1 (+http://www.picsearch.com/bot.html)"
217.212.224.159 - - [01/Aug/2007:17:23:21 -0700] "GET /ane/tech/msv/?D=A HTTP/1.0" 200 2277 "-" "psbot/0.1 (+http://www.picsearch.com/bot.html)"
217.212.224.148 - - [01/Aug/2007:17:24:43 -0700] "GET /ane/tech/msv/?D=D HTTP/1.0" 200 2277 "-" "psbot/0.1 (+http://www.picsearch.com/bot.html)"
217.212.224.148 - - [01/Aug/2007:17:26:12 -0700] "GET /ane/tech/msv/?N=A HTTP/1.0" 200 2277 "-" "psbot/0.1 (+http://www.picsearch.com/bot.html)"
86.42.71.36 - - [01/Aug/2007:17:27:06 -0700] "GET /east/images/image009.jpg HTTP/1.1" 200 19343 "http://www.freewebs.com/supremekai/" "Mozilla/4.0 (compatible; MSIE 7.0; Windows NT 5.1; .NET CLR 1.1.4322)"
217.212.224.148 - - [01/Aug/2007:17:27:35 -0700] "GET /ane/tech/msv/?S=A HTTP/1.0" 200 2277 "-" "psbot/0.1 (+http://www.picsearch.com/bot.html)"
86.42.71.36 - - [01/Aug/2007:17:27:45 -0700] "GET /east/images/image009.jpg HTTP/1.1" 200 19343 "http://images.search.yahoo.com/search/images/view?frame=top&back=http%3A%2F%2Fimages.search.yahoo.com%2Fsearch%2Fimages%3Fp%3Dsupreme%2Bkai%26ei%3DUTF-8%26fr%3Dyfp-t-501%26x%3Dwrt&w=320&h=240&imgurl=rpstudios.ian-justman.com%2Feast%2Fimages%2Fimage009.jpg&rurl=http%3A%2F%2Fwww.freewebs.com%2Fsupremekai&size=18.9kB&name=image009.jpg&p=supreme+kai&type=jpeg&no=4&tt=201&oid=5b33426731e7ecc6&ei=UTF-8" "Mozilla/4.0 (compatible; MSIE 7.0; Windows NT 5.1; .NET CLR 1.1.4322)"
68.142.212.208 - - [01/Aug/2007:17:28:43 -0700] "GET /AXpics/noin.jpg HTTP/1.0" 304 - "-" "Yahoo-MMCrawler/3.x (mms dash mmcrawler dash support at yahoo dash inc dot com)"
217.212.224.165 - - [01/Aug/2007:17:28:59 -0700] "GET /ane/tech/msv/?S=D HTTP/1.0" 200 2277 "-" "psbot/0.1 (+http://www.picsearch.com/bot.html)"
68.142.212.208 - - [01/Aug/2007:17:29:04 -0700] "GET /junk/flits1.jpg HTTP/1.0" 304 - "-" "Yahoo-MMCrawler/3.x (mms dash mmcrawler dash support at yahoo dash inc dot com)"
68.142.212.208 - - [01/Aug/2007:17:29:46 -0700] "GET /junk/THEass.jpg HTTP/1.0" 304 - "-" "Yahoo-MMCrawler/3.x (mms dash mmcrawler dash support at yahoo dash inc dot com)"
68.142.212.208 - - [01/Aug/2007:17:30:08 -0700] "GET /junk/rrmenu.gif HTTP/1.0" 304 - "-" "Yahoo-MMCrawler/3.x (mms dash mmcrawler dash support at yahoo dash inc dot com)"
74.6.74.94 - - [01/Aug/2007:17:30:17 -0700] "GET /east/images/screencaps/Thumbnails/thumb0072%2Ejpg HTTP/1.0" 200 1853 "-" "Mozilla/5.0 (compatible; Yahoo! Slurp; http://help.yahoo.com/help/us/ysearch/slurp)"
217.212.224.148 - - [01/Aug/2007:17:30:19 -0700] "GET /ane/tech/msv/?M=A HTTP/1.0" 200 2277 "-" "psbot/0.1 (+http://www.picsearch.com/bot.html)"
68.142.212.208 - - [01/Aug/2007:17:30:29 -0700] "GET /AXpics/wing.jpg HTTP/1.0" 304 - "-" "Yahoo-MMCrawler/3.x (mms dash mmcrawler dash support at yahoo dash inc dot com)"
68.142.212.208 - - [01/Aug/2007:17:31:10 -0700] "GET /AXpics/wham.jpg HTTP/1.0" 304 - "-" "Yahoo-MMCrawler/3.x (mms dash mmcrawler dash support at yahoo dash inc dot com)"
217.212.224.159 - - [01/Aug/2007:17:31:47 -0700] "GET /ane/tech/msv/?M=D HTTP/1.0" 200 2277 "-" "psbot/0.1 (+http://www.picsearch.com/bot.html)"
217.212.224.147 - - [01/Aug/2007:17:33:06 -0700] "GET /ane/tech/msv/?N=D HTTP/1.0" 200 2277 "-" "psbot/0.1 (+http://www.picsearch.com/bot.html)"
217.212.224.149 - - [01/Aug/2007:17:34:26 -0700] "GET /ane/tech/mdctyphoon.html HTTP/1.0" 200 4127 "-" "psbot/0.1 (+http://www.picsearch.com/bot.html)"
217.212.224.141 - - [01/Aug/2007:17:35:52 -0700] "GET /ane/tech/mdctallgeese.html HTTP/1.0" 200 3997 "-" "psbot/0.1 (+http://www.picsearch.com/bot.html)"
74.6.28.120 - - [01/Aug/2007:17:36:09 -0700] "GET /?D=D HTTP/1.0" 200 1233 "-" "Mozilla/5.0 (compatible; Yahoo! Slurp; http://help.yahoo.com/help/us/ysearch/slurp)"
217.212.224.148 - - [01/Aug/2007:17:37:16 -0700] "GET /ane/tech/mdcstarstreak.html HTTP/1.0" 200 3480 "-" "psbot/0.1 (+http://www.picsearch.com/bot.html)"
217.212.224.147 - - [01/Aug/2007:17:38:38 -0700] "GET /ane/tech/mdcshuttlespecial.html HTTP/1.0" 200 2503 "-" "psbot/0.1 (+http://www.picsearch.com/bot.html)"
217.212.224.146 - - [01/Aug/2007:17:40:00 -0700] "GET /ane/tech/mdcshuttlecommon.html HTTP/1.0" 200 2620 "-" "psbot/0.1 (+http://www.picsearch.com/bot.html)"
217.212.224.178 - - [01/Aug/2007:17:41:21 -0700] "GET /ane/tech/mdcseiryuu.html HTTP/1.0" 200 4269 "-" "psbot/0.1 (+http://www.picsearch.com/bot.html)"
74.6.28.225 - - [01/Aug/2007:17:42:11 -0700] "GET /east/why.html HTTP/1.0" 200 3493 "-" "Mozilla/5.0 (compatible; Yahoo! Slurp; http://help.yahoo.com/help/us/ysearch/slurp)"
217.212.224.178 - - [01/Aug/2007:17:42:43 -0700] "GET /ane/tech/mdcsandrock.html HTTP/1.0" 200 3663 "-" "psbot/0.1 (+http://www.picsearch.com/bot.html)"
217.212.224.141 - - [01/Aug/2007:17:44:09 -0700] "GET /ane/tech/mdcleviathan.html HTTP/1.0" 200 3559 "-" "psbot/0.1 (+http://www.picsearch.com/bot.html)"
74.6.70.88 - - [01/Aug/2007:17:45:24 -0700] "GET /lists/?M=A HTTP/1.0" 200 815 "-" "Mozilla/5.0 (compatible; Yahoo! Slurp; http://help.yahoo.com/help/us/ysearch/slurp)"
24.61.92.70 - - [01/Aug/2007:17:45:24 -0700] "GET /ane/tech/mdctallgeese.html HTTP/1.1" 200 2245 "http://images.google.com/imgres?imgurl=http://rpstudios.ian-justman.com/ane/tech/tallgeeseresize.jpg&imgrefurl=http://rpstudios.ian-justman.com/ane/tech/mdctallgeese.html&h=288&w=345&sz=19&hl=en&start=20&tbnid=EJwlaJVbBYqmJM:&tbnh=100&tbnw=120&prev=/images%3Fq%3Dtallgeese%26start%3D20%26gbv%3D2%26ndsp%3D20%26svnum%3D10%26hl%3Den%26sa%3DN" "Mozilla/4.0 (compatible; MSIE 6.0; Windows NT 5.1; SV1; FunWebProducts)"
24.61.92.70 - - [01/Aug/2007:17:45:25 -0700] "GET /ane/tech/tallgeeseresize.jpg HTTP/1.1" 200 19246 "http://rpstudios.ian-justman.com/ane/tech/mdctallgeese.html" "Mozilla/4.0 (compatible; MSIE 6.0; Windows NT 5.1; SV1; FunWebProducts)"
217.212.224.149 - - [01/Aug/2007:17:45:30 -0700] "GET /ane/tech/mdcbehemoth HTTP/1.0" 200 3511 "-" "psbot/0.1 (+http://www.picsearch.com/bot.html)"
74.6.20.167 - - [01/Aug/2007:17:45:30 -0700] "GET /RPSgraphics/?N=A HTTP/1.0" 200 743 "-" "Mozilla/5.0 (compatible; Yahoo! Slurp; http://help.yahoo.com/help/us/ysearch/slurp)"
193.252.149.15 - - [01/Aug/2007:17:46:25 -0700] "GET /robots.txt HTTP/1.1" 404 581 "-" "Mozilla/5.0 (Windows; U; Windows NT 5.1; fr; rv:1.8.1) VoilaBot BETA 1.2 (http://www.voila.com/)"
193.252.149.15 - - [01/Aug/2007:17:46:46 -0700] "GET /ane/anemain.html HTTP/1.1" 200 4344 "-" "Mozilla/5.0 (Windows; U; Windows NT 5.1; fr; rv:1.8.1) VoilaBot BETA 1.2 (http://www.voila.com/)"
217.212.224.145 - - [01/Aug/2007:17:46:53 -0700] "GET /robots.txt HTTP/1.0" 404 286 "-" "psbot/0.1 (+http://www.picsearch.com/bot.html)"
217.212.224.146 - - [01/Aug/2007:17:46:54 -0700] "GET /ane/tech/mdcheavyarms.html HTTP/1.0" 200 3892 "-" "psbot/0.1 (+http://www.picsearch.com/bot.html)"
217.212.224.162 - - [01/Aug/2007:17:48:18 -0700] "GET /ane/tech/mdcfalconwing.html HTTP/1.0" 200 4272 "-" "psbot/0.1 (+http://www.picsearch.com/bot.html)"
217.212.224.178 - - [01/Aug/2007:17:49:41 -0700] "GET /ane/tech/mdcepyon.html HTTP/1.0" 200 3429 "-" "psbot/0.1 (+http://www.picsearch.com/bot.html)"
217.212.224.149 - - [01/Aug/2007:17:51:04 -0700] "GET /ane/tech/mdcdeathscythe.html HTTP/1.0" 200 3928 "-" "psbot/0.1 (+http://www.picsearch.com/bot.html)"
217.212.224.146 - - [01/Aug/2007:17:52:28 -0700] "GET /ane/tech/mdccarrier.html HTTP/1.0" 200 2717 "-" "psbot/0.1 (+http://www.picsearch.com/bot.html)"
217.212.224.148 - - [01/Aug/2007:17:53:54 -0700] "GET /ane/tech/mdcbehemoth.html HTTP/1.0" 200 3511 "-" "psbot/0.1 (+http://www.picsearch.com/bot.html)"
217.212.224.146 - - [01/Aug/2007:17:55:19 -0700] "GET /ane/tech/mdcaltron.html HTTP/1.0" 200 3804 "-" "psbot/0.1 (+http://www.picsearch.com/bot.html)"
217.212.224.147 - - [01/Aug/2007:17:56:46 -0700] "GET /ane/tech/edotrinity.html HTTP/1.0" 200 2878 "-" "psbot/0.1 (+http://www.picsearch.com/bot.html)"
87.162.239.145 - - [01/Aug/2007:17:57:31 -0700] "GET /east/images/image049.jpg HTTP/1.1" 200 6492 "http://www.repage7.de/member/kaioshin/index.html" "Mozilla/4.0 (compatible; MSIE 6.0; Windows NT 5.1; SV1; Mozilla/4.0 (compatible; MSIE 6.0; Windows NT 5.1; SV1) ; .NET CLR 1.1.4322; MEGAUPLOAD 2.0)"
217.212.224.141 - - [01/Aug/2007:17:58:06 -0700] "GET /ane/tech/edotragos.html HTTP/1.0" 200 2767 "-" "psbot/0.1 (+http://www.picsearch.com/bot.html)"
217.212.224.149 - - [01/Aug/2007:17:59:29 -0700] "GET /ane/tech/edoterra.html HTTP/1.0" 200 2467 "-" "psbot/0.1 (+http://www.picsearch.com/bot.html)"
87.162.239.145 - - [01/Aug/2007:18:00:02 -0700] "GET /east/images/image049.jpg HTTP/1.1" 304 - "http://www.repage7.de/hp.php?id=kaioshin&what=impressum" "Mozilla/4.0 (compatible; MSIE 6.0; Windows NT 5.1; SV1; Mozilla/4.0 (compatible; MSIE 6.0; Windows NT 5.1; SV1) ; .NET CLR 1.1.4322; MEGAUPLOAD 2.0)"
217.212.224.165 - - [01/Aug/2007:18:00:58 -0700] "GET /ane/tech/edotallgeese.html HTTP/1.0" 200 3728 "-" "psbot/0.1 (+http://www.picsearch.com/bot.html)"
217.212.224.162 - - [01/Aug/2007:18:02:17 -0700] "GET /ane/tech/edoserpent.html HTTP/1.0" 200 3423 "-" "psbot/0.1 (+http://www.picsearch.com/bot.html)"
217.212.224.144 - - [01/Aug/2007:18:03:39 -0700] "GET /ane/tech/edoscorpio.html HTTP/1.0" 200 3559 "-" "psbot/0.1 (+http://www.picsearch.com/bot.html)"
217.212.224.148 - - [01/Aug/2007:18:05:06 -0700] "GET /ane/tech/edosazabi.html HTTP/1.0" 200 3178 "-" "psbot/0.1 (+http://www.picsearch.com/bot.html)"
217.212.224.162 - - [01/Aug/2007:18:06:25 -0700] "GET /ane/tech/edosagittarius.html HTTP/1.0" 200 3793 "-" "psbot/0.1 (+http://www.picsearch.com/bot.html)"
217.212.224.178 - - [01/Aug/2007:18:07:50 -0700] "GET /ane/tech/edopisces.html HTTP/1.0" 200 2922 "-" "psbot/0.1 (+http://www.picsearch.com/bot.html)"
217.212.224.141 - - [01/Aug/2007:18:09:11 -0700] "GET /ane/tech/edogemini.html HTTP/1.0" 200 3574 "-" "psbot/0.1 (+http://www.picsearch.com/bot.html)"
65.55.212.139 - - [01/Aug/2007:18:10:14 -0700] "GET /ane/tech/ms-carrierresize.jpg HTTP/1.0" 200 14009 "-" "msnbot-media/1.0 (+http://search.msn.com/msnbot.htm)"
217.212.224.162 - - [01/Aug/2007:18:10:32 -0700] "GET /ane/tech/edodraco.html HTTP/1.0" 200 3367 "-" "psbot/0.1 (+http://www.picsearch.com/bot.html)"
217.212.224.148 - - [01/Aug/2007:18:11:57 -0700] "GET /ane/tech/edocapricorn.html HTTP/1.0" 200 3551 "-" "psbot/0.1 (+http://www.picsearch.com/bot.html)"
217.212.224.159 - - [01/Aug/2007:18:13:20 -0700] "GET /ane/tech/edocancer.html HTTP/1.0" 200 2908 "-" "psbot/0.1 (+http://www.picsearch.com/bot.html)"
217.212.224.159 - - [01/Aug/2007:18:14:43 -0700] "GET /ane/tech/edoaries.html HTTP/1.0" 200 2503 "-" "psbot/0.1 (+http://www.picsearch.com/bot.html)"
193.252.149.15 - - [01/Aug/2007:18:15:22 -0700] "GET /robots.txt HTTP/1.1" 404 581 "-" "Mozilla/5.0 (Windows; U; Windows NT 5.1; fr; rv:1.8.1) VoilaBot BETA 1.2 (http://www.voila.com/)"
193.252.149.15 - - [01/Aug/2007:18:15:23 -0700] "GET /ane/bloopers/aneblooper12.html HTTP/1.1" 200 6939 "-" "Mozilla/5.0 (Windows; U; Windows NT 5.1; fr; rv:1.8.1) VoilaBot BETA 1.2 (http://www.voila.com/)"
217.212.224.165 - - [01/Aug/2007:18:16:05 -0700] "GET /ane/tech/edoaquarius.html HTTP/1.0" 200 3120 "-" "psbot/0.1 (+http://www.picsearch.com/bot.html)"
217.212.224.148 - - [01/Aug/2007:18:17:30 -0700] "GET /ane/tech/anextra.html HTTP/1.0" 200 1864 "-" "psbot/0.1 (+http://www.picsearch.com/bot.html)"
217.212.224.148 - - [01/Aug/2007:18:18:55 -0700] "GET /ane/tech/anevenus.html HTTP/1.0" 200 1445 "-" "psbot/0.1 (+http://www.picsearch.com/bot.html)"
217.212.224.146 - - [01/Aug/2007:18:20:22 -0700] "GET /ane/tech/anesuits.html HTTP/1.0" 200 9338 "-" "psbot/0.1 (+http://www.picsearch.com/bot.html)"
217.212.224.143 - - [01/Aug/2007:18:21:50 -0700] "GET /ane/tech/edoaqaurius.html HTTP/1.0" 404 301 "-" "psbot/0.1 (+http://www.picsearch.com/bot.html)"
217.212.224.149 - - [01/Aug/2007:18:23:16 -0700] "GET /ane/tech/ozpisces.html HTTP/1.0" 404 298 "-" "psbot/0.1 (+http://www.picsearch.com/bot.html)"
217.212.224.143 - - [01/Aug/2007:18:24:40 -0700] "GET /ane/tech/ozcancer.html HTTP/1.0" 404 298 "-" "psbot/0.1 (+http://www.picsearch.com/bot.html)"
217.212.224.162 - - [01/Aug/2007:18:26:03 -0700] "GET /ane/tech/oztragos.html HTTP/1.0" 404 298 "-" "psbot/0.1 (+http://www.picsearch.com/bot.html)"
217.212.224.146 - - [01/Aug/2007:18:27:23 -0700] "GET /ane/tech/ozaries.html HTTP/1.0" 404 297 "-" "psbot/0.1 (+http://www.picsearch.com/bot.html)"
217.212.224.144 - - [01/Aug/2007:18:28:43 -0700] "GET /ane/tech/anemsv HTTP/1.0" 200 4470 "-" "psbot/0.1 (+http://www.picsearch.com/bot.html)"
217.212.224.159 - - [01/Aug/2007:18:30:08 -0700] "GET /ane/tech/anesuits HTTP/1.0" 200 9338 "-" "psbot/0.1 (+http://www.picsearch.com/bot.html)"
217.212.224.147 - - [01/Aug/2007:18:31:31 -0700] "GET /ane/tech/anepreventers.html HTTP/1.0" 200 1984 "-" "psbot/0.1 (+http://www.picsearch.com/bot.html)"
217.212.224.178 - - [01/Aug/2007:18:32:53 -0700] "GET /ane/tech/anepeace.html HTTP/1.0" 200 1054 "-" "psbot/0.1 (+http://www.picsearch.com/bot.html)"
74.6.28.216 - - [01/Aug/2007:18:33:09 -0700] "GET /east/images/screencaps/Thumbnails/thumb0009%2Ejpg HTTP/1.0" 200 2022 "-" "Mozilla/5.0 (compatible; Yahoo! Slurp; http://help.yahoo.com/help/us/ysearch/slurp)"
217.212.224.149 - - [01/Aug/2007:18:34:16 -0700] "GET /ane/tech/anemsvsubmit.html HTTP/1.0" 200 6998 "-" "psbot/0.1 (+http://www.picsearch.com/bot.html)"
217.212.224.146 - - [01/Aug/2007:18:35:41 -0700] "GET /ane/tech/anemsv.html HTTP/1.0" 200 4470 "-" "psbot/0.1 (+http://www.picsearch.com/bot.html)"
217.212.224.143 - - [01/Aug/2007:18:37:06 -0700] "GET /ane/tech/anemars.html HTTP/1.0" 200 2965 "-" "psbot/0.1 (+http://www.picsearch.com/bot.html)"
74.6.69.34 - - [01/Aug/2007:18:37:54 -0700] "GET /ane/sidestory/ HTTP/1.0" 200 1241 "-" "Mozilla/5.0 (compatible; Yahoo! Slurp; http://help.yahoo.com/help/us/ysearch/slurp)"
217.212.224.165 - - [01/Aug/2007:18:38:29 -0700] "GET /ane/tech/aneearth.html HTTP/1.0" 200 2186 "-" "psbot/0.1 (+http://www.picsearch.com/bot.html)"
217.212.224.178 - - [01/Aug/2007:18:39:53 -0700] "GET /ane/tech/?D=A HTTP/1.0" 200 13446 "-" "psbot/0.1 (+http://www.picsearch.com/bot.html)"
217.212.224.146 - - [01/Aug/2007:18:41:18 -0700] "GET /ane/tech/?D=D HTTP/1.0" 200 13446 "-" "psbot/0.1 (+http://www.picsearch.com/bot.html)"
217.212.224.143 - - [01/Aug/2007:18:42:41 -0700] "GET /ane/tech/?N=A HTTP/1.0" 200 13446 "-" "psbot/0.1 (+http://www.picsearch.com/bot.html)"
217.212.224.147 - - [01/Aug/2007:18:44:05 -0700] "GET /ane/tech/?S=A HTTP/1.0" 200 13446 "-" "psbot/0.1 (+http://www.picsearch.com/bot.html)"
217.212.224.148 - - [01/Aug/2007:18:45:33 -0700] "GET /ane/tech/?S=D HTTP/1.0" 200 13446 "-" "psbot/0.1 (+http://www.picsearch.com/bot.html)"
217.212.224.146 - - [01/Aug/2007:18:46:50 -0700] "GET /ane/tech/?M=A HTTP/1.0" 200 13446 "-" "psbot/0.1 (+http://www.picsearch.com/bot.html)"
217.212.224.162 - - [01/Aug/2007:18:48:15 -0700] "GET /ane/tech/?M=D HTTP/1.0" 200 13446 "-" "psbot/0.1 (+http://www.picsearch.com/bot.html)"
217.212.224.141 - - [01/Aug/2007:18:49:38 -0700] "GET /ane/tech/?N=D HTTP/1.0" 200 13446 "-" "psbot/0.1 (+http://www.picsearch.com/bot.html)"
217.212.224.144 - - [01/Aug/2007:18:50:58 -0700] "GET /ane/sketches/ HTTP/1.0" 200 12585 "-" "psbot/0.1 (+http://www.picsearch.com/bot.html)"
217.212.224.162 - - [01/Aug/2007:18:52:26 -0700] "GET /ane/sketches/anesketch.html HTTP/1.0" 200 8862 "-" "psbot/0.1 (+http://www.picsearch.com/bot.html)"
217.212.224.162 - - [01/Aug/2007:18:53:44 -0700] "GET /ane/sketches/?D=A HTTP/1.0" 200 12585 "-" "psbot/0.1 (+http://www.picsearch.com/bot.html)"
217.212.224.159 - - [01/Aug/2007:18:55:06 -0700] "GET /ane/sketches/?D=D HTTP/1.0" 200 12585 "-" "psbot/0.1 (+http://www.picsearch.com/bot.html)"
74.6.17.119 - - [01/Aug/2007:18:56:01 -0700] "GET /endlessfuel/efnew.html HTTP/1.0" 200 817 "-" "Mozilla/5.0 (compatible; Yahoo! Slurp; http://help.yahoo.com/help/us/ysearch/slurp)"
217.212.224.145 - - [01/Aug/2007:18:56:29 -0700] "GET /robots.txt HTTP/1.0" 404 286 "-" "psbot/0.1 (+http://www.picsearch.com/bot.html)"
217.212.224.178 - - [01/Aug/2007:18:56:33 -0700] "GET /ane/sketches/?N=A HTTP/1.0" 200 12585 "-" "psbot/0.1 (+http://www.picsearch.com/bot.html)"
74.6.68.72 - - [01/Aug/2007:18:57:08 -0700] "GET /ane/mechmaster/thumbs/thumbserpent1%2Ejpg HTTP/1.0" 200 1860 "-" "Mozilla/5.0 (compatible; Yahoo! Slurp; http://help.yahoo.com/help/us/ysearch/slurp)"
217.212.224.178 - - [01/Aug/2007:18:57:51 -0700] "GET /ane/sketches/?S=A HTTP/1.0" 200 12585 "-" "psbot/0.1 (+http://www.picsearch.com/bot.html)"
74.6.17.75 - - [01/Aug/2007:18:58:38 -0700] "GET /tribute/ HTTP/1.0" 200 961 "-" "Mozilla/5.0 (compatible; Yahoo! Slurp; http://help.yahoo.com/help/us/ysearch/slurp)"
217.212.224.148 - - [01/Aug/2007:18:59:15 -0700] "GET /ane/sketches/?S=D HTTP/1.0" 200 12585 "-" "psbot/0.1 (+http://www.picsearch.com/bot.html)"
217.212.224.146 - - [01/Aug/2007:19:00:35 -0700] "GET /ane/sketches/?M=A HTTP/1.0" 200 12585 "-" "psbot/0.1 (+http://www.picsearch.com/bot.html)"
217.212.224.149 - - [01/Aug/2007:19:01:59 -0700] "GET /ane/sketches/?M=D HTTP/1.0" 200 12585 "-" "psbot/0.1 (+http://www.picsearch.com/bot.html)"
