124.157.140.250 - - [02/Aug/2007:00:02:54 -0700] "GET /junk/CGgoods/Haishin-eyecatch2.JPG HTTP/1.1" 206 25207 "http://rpstudios.ian-justman.com/junk/CGgoods/?S=A" "Mozilla/4.0 (compatible; MSIE 6.0; Windows NT 5.1)"
217.212.224.146 - - [02/Aug/2007:00:02:54 -0700] "GET /?D=A HTTP/1.0" 200 3940 "-" "psbot/0.1 (+http://www.picsearch.com/bot.html)"
124.157.140.250 - - [02/Aug/2007:00:04:03 -0700] "GET /junk/CGgoods/Haishin-eyecatch.JPG HTTP/1.1" 206 110218 "http://rpstudios.ian-justman.com/junk/CGgoods/?S=A" "Mozilla/4.0 (compatible; MSIE 6.0; Windows NT 5.1)"
124.157.140.250 - - [02/Aug/2007:00:04:05 -0700] "GET /junk/CGgoods/Haishin-flyingdeath2.JPG HTTP/1.1" 206 89422 "http://rpstudios.ian-justman.com/junk/CGgoods/?S=A" "Mozilla/4.0 (compatible; MSIE 6.0; Windows NT 5.1)"
217.212.224.162 - - [02/Aug/2007:00:04:27 -0700] "GET /?S=A HTTP/1.0" 200 3940 "-" "psbot/0.1 (+http://www.picsearch.com/bot.html)"
124.157.140.250 - - [02/Aug/2007:00:04:31 -0700] "GET /junk/CGgoods/Haishin-sword.JPG HTTP/1.1" 206 50019 "http://rpstudios.ian-justman.com/junk/CGgoods/?S=A" "Mozilla/4.0 (compatible; MSIE 6.0; Windows NT 5.1)"
124.157.140.250 - - [02/Aug/2007:00:05:13 -0700] "GET /junk/CGgoods/Haishin-victoly.JPG HTTP/1.1" 200 80873 "http://rpstudios.ian-justman.com/junk/CGgoods/?S=A" "Mozilla/4.0 (compatible; MSIE 6.0; Windows NT 5.1)"
124.157.140.250 - - [02/Aug/2007:00:05:14 -0700] "GET /junk/CGgoods/Haishin-flyingdeath.JPG HTTP/1.1" 206 24817 "http://rpstudios.ian-justman.com/junk/CGgoods/?S=A" "Mozilla/4.0 (compatible; MSIE 6.0; Windows NT 5.1)"
124.157.140.250 - - [02/Aug/2007:00:05:47 -0700] "GET /junk/CGgoods/Haishin-ultmode2.JPG HTTP/1.1" 200 127073 "http://rpstudios.ian-justman.com/junk/CGgoods/?S=A" "Mozilla/4.0 (compatible; MSIE 6.0; Windows NT 5.1)"
124.157.140.250 - - [02/Aug/2007:00:05:48 -0700] "GET /junk/CGgoods/Haishin-sword.JPG HTTP/1.1" 206 48268 "http://rpstudios.ian-justman.com/junk/CGgoods/?S=A" "Mozilla/4.0 (compatible; MSIE 6.0; Windows NT 5.1)"
124.157.140.250 - - [02/Aug/2007:00:05:49 -0700] "GET /junk/CGgoods/Haishin-Mcannon.JPG HTTP/1.1" 206 243079 "http://rpstudios.ian-justman.com/junk/CGgoods/?S=A" "Mozilla/4.0 (compatible; MSIE 6.0; Windows NT 5.1)"
217.212.224.143 - - [02/Aug/2007:00:06:05 -0700] "GET /?S=D HTTP/1.0" 200 3940 "-" "psbot/0.1 (+http://www.picsearch.com/bot.html)"
124.157.140.250 - - [02/Aug/2007:00:06:17 -0700] "GET /junk/CGgoods/Haishin-fireblade.JPG HTTP/1.1" 206 47218 "http://rpstudios.ian-justman.com/junk/CGgoods/?S=A" "Mozilla/4.0 (compatible; MSIE 6.0; Windows NT 5.1)"
124.157.140.250 - - [02/Aug/2007:00:06:18 -0700] "GET /junk/CGgoods/Haishin-flyingdeath.JPG HTTP/1.1" 206 123782 "http://rpstudios.ian-justman.com/junk/CGgoods/?S=A" "Mozilla/4.0 (compatible; MSIE 6.0; Windows NT 5.1)"
144.96.26.172 - - [02/Aug/2007:00:06:21 -0700] "GET /ane/episodes/ane-ep10.html HTTP/1.1" 200 11811 "http://rpstudios.ian-justman.com/ane/episodes/ane-ep9.html" "Mozilla/5.0 (Windows; U; Windows NT 5.1; en-US; rv:1.8.1.6) Gecko/20070725 Firefox/2.0.0.6"
124.157.140.250 - - [02/Aug/2007:00:06:28 -0700] "GET /junk/CGgoods/Haishin-ultmode3.JPG HTTP/1.1" 200 65473 "http://rpstudios.ian-justman.com/junk/CGgoods/?S=A" "Mozilla/4.0 (compatible; MSIE 6.0; Windows NT 5.1)"
124.157.140.250 - - [02/Aug/2007:00:06:51 -0700] "GET /junk/CGgoods/HaiVSFury1.JPG HTTP/1.1" 200 90673 "http://rpstudios.ian-justman.com/junk/CGgoods/?S=A" "Mozilla/4.0 (compatible; MSIE 6.0; Windows NT 5.1)"
124.157.140.250 - - [02/Aug/2007:00:07:12 -0700] "GET /junk/CGgoods/Haishin-eyecatch.JPG HTTP/1.1" 206 65417 "http://rpstudios.ian-justman.com/junk/CGgoods/?S=A" "Mozilla/4.0 (compatible; MSIE 6.0; Windows NT 5.1)"
124.157.140.250 - - [02/Aug/2007:00:07:23 -0700] "GET /junk/CGgoods/Haishin-fireblade.JPG HTTP/1.1" 206 103575 "http://rpstudios.ian-justman.com/junk/CGgoods/?S=A" "Mozilla/4.0 (compatible; MSIE 6.0; Windows NT 5.1)"
124.157.140.250 - - [02/Aug/2007:00:07:24 -0700] "GET /junk/CGgoods/HaiVSFury2.JPG HTTP/1.1" 200 87873 "http://rpstudios.ian-justman.com/junk/CGgoods/?S=A" "Mozilla/4.0 (compatible; MSIE 6.0; Windows NT 5.1)"
217.212.224.149 - - [02/Aug/2007:00:07:38 -0700] "GET /?N=A HTTP/1.0" 200 3940 "-" "psbot/0.1 (+http://www.picsearch.com/bot.html)"
124.157.140.250 - - [02/Aug/2007:00:07:56 -0700] "GET /junk/CGgoods/HaiVSFury3.JPG HTTP/1.1" 200 33273 "http://rpstudios.ian-justman.com/junk/CGgoods/?S=A" "Mozilla/4.0 (compatible; MSIE 6.0; Windows NT 5.1)"
124.157.140.250 - - [02/Aug/2007:00:07:59 -0700] "GET /junk/CGgoods/Haishin-ultmode4.JPG HTTP/1.1" 200 164368 "http://rpstudios.ian-justman.com/junk/CGgoods/?S=A" "Mozilla/4.0 (compatible; MSIE 6.0; Windows NT 5.1)"
124.157.140.250 - - [02/Aug/2007:00:08:54 -0700] "GET /junk/CGgoods/Haishin-ultmode1.JPG HTTP/1.1" 206 208576 "http://rpstudios.ian-justman.com/junk/CGgoods/?S=A" "Mozilla/4.0 (compatible; MSIE 6.0; Windows NT 5.1)"
217.212.224.143 - - [02/Aug/2007:00:09:11 -0700] "GET /?M=A HTTP/1.0" 200 3940 "-" "psbot/0.1 (+http://www.picsearch.com/bot.html)"
124.157.140.250 - - [02/Aug/2007:00:09:49 -0700] "GET /junk/CGgoods/Haishin-ultmode2.JPG HTTP/1.1" 206 26217 "http://rpstudios.ian-justman.com/junk/CGgoods/?S=A" "Mozilla/4.0 (compatible; MSIE 6.0; Windows NT 5.1)"
124.157.140.250 - - [02/Aug/2007:00:09:52 -0700] "GET /junk/CGgoods/HaiVSFury2.JPG HTTP/1.1" 206 136001 "http://rpstudios.ian-justman.com/junk/CGgoods/?S=A" "Mozilla/4.0 (compatible; MSIE 6.0; Windows NT 5.1)"
124.157.140.250 - - [02/Aug/2007:00:09:54 -0700] "GET /junk/CGgoods/Haishin-ultmode1.JPG HTTP/1.1" 206 14359 "http://rpstudios.ian-justman.com/junk/CGgoods/?S=A" "Mozilla/4.0 (compatible; MSIE 6.0; Windows NT 5.1)"
124.157.140.250 - - [02/Aug/2007:00:10:03 -0700] "GET /junk/CGgoods/HaiVSFury3.JPG HTTP/1.1" 206 72418 "http://rpstudios.ian-justman.com/junk/CGgoods/?S=A" "Mozilla/4.0 (compatible; MSIE 6.0; Windows NT 5.1)"
124.157.140.250 - - [02/Aug/2007:00:10:23 -0700] "GET /junk/CGgoods/Haishin-ultmode3.JPG HTTP/1.1" 206 254735 "http://rpstudios.ian-justman.com/junk/CGgoods/?S=A" "Mozilla/4.0 (compatible; MSIE 6.0; Windows NT 5.1)"
217.212.224.149 - - [02/Aug/2007:00:10:48 -0700] "GET /?M=D HTTP/1.0" 200 3940 "-" "psbot/0.1 (+http://www.picsearch.com/bot.html)"
124.157.140.250 - - [02/Aug/2007:00:10:54 -0700] "GET /junk/CGgoods/Haishin-ultmode4.JPG HTTP/1.1" 206 75217 "http://rpstudios.ian-justman.com/junk/CGgoods/?S=A" "Mozilla/4.0 (compatible; MSIE 6.0; Windows NT 5.1)"
124.157.140.250 - - [02/Aug/2007:00:10:55 -0700] "GET /junk/CGgoods/HaiVSFury4.JPG HTTP/1.1" 200 142473 "http://rpstudios.ian-justman.com/junk/CGgoods/?S=A" "Mozilla/4.0 (compatible; MSIE 6.0; Windows NT 5.1)"
124.157.140.250 - - [02/Aug/2007:00:11:22 -0700] "GET /junk/CGgoods/HandofGod1-small.JPG HTTP/1.1" 200 104954 "http://rpstudios.ian-justman.com/junk/CGgoods/?S=A" "Mozilla/4.0 (compatible; MSIE 6.0; Windows NT 5.1)"
124.157.140.250 - - [02/Aug/2007:00:11:32 -0700] "GET /junk/CGgoods/HandofGod2.JPG HTTP/1.1" 200 57016 "http://rpstudios.ian-justman.com/junk/CGgoods/?S=A" "Mozilla/4.0 (compatible; MSIE 6.0; Windows NT 5.1)"
124.157.140.250 - - [02/Aug/2007:00:12:09 -0700] "GET /junk/CGgoods/Haishin-victoly.JPG HTTP/1.1" 206 264218 "http://rpstudios.ian-justman.com/junk/CGgoods/?S=A" "Mozilla/4.0 (compatible; MSIE 6.0; Windows NT 5.1)"
124.157.140.250 - - [02/Aug/2007:00:12:11 -0700] "GET /junk/CGgoods/Haishin-ultmode4.JPG HTTP/1.1" 206 24817 "http://rpstudios.ian-justman.com/junk/CGgoods/?S=A" "Mozilla/4.0 (compatible; MSIE 6.0; Windows NT 5.1)"
124.157.140.250 - - [02/Aug/2007:00:12:12 -0700] "GET /junk/CGgoods/HaiVSFury1.JPG HTTP/1.1" 206 51418 "http://rpstudios.ian-justman.com/junk/CGgoods/?S=A" "Mozilla/4.0 (compatible; MSIE 6.0; Windows NT 5.1)"
124.157.140.250 - - [02/Aug/2007:00:12:16 -0700] "GET /junk/CGgoods/HaiVSFury3.JPG HTTP/1.1" 206 26218 "http://rpstudios.ian-justman.com/junk/CGgoods/?S=A" "Mozilla/4.0 (compatible; MSIE 6.0; Windows NT 5.1)"
217.212.224.143 - - [02/Aug/2007:00:12:21 -0700] "GET /?N=D HTTP/1.0" 200 3940 "-" "psbot/0.1 (+http://www.picsearch.com/bot.html)"
124.157.140.250 - - [02/Aug/2007:00:12:37 -0700] "GET /junk/CGgoods/Haishin-victoly.JPG HTTP/1.1" 206 27127 "http://rpstudios.ian-justman.com/junk/CGgoods/?S=A" "Mozilla/4.0 (compatible; MSIE 6.0; Windows NT 5.1)"
124.157.140.250 - - [02/Aug/2007:00:12:46 -0700] "GET /junk/CGgoods/Haishin-eyecatch.JPG HTTP/1.1" 206 86417 "http://rpstudios.ian-justman.com/junk/CGgoods/?S=A" "Mozilla/4.0 (compatible; MSIE 6.0; Windows NT 5.1)"
124.157.140.250 - - [02/Aug/2007:00:13:15 -0700] "GET /junk/CGgoods/HoG-Zansatsusha.JPG HTTP/1.1" 200 94054 "http://rpstudios.ian-justman.com/junk/CGgoods/?S=A" "Mozilla/4.0 (compatible; MSIE 6.0; Windows NT 5.1)"
124.157.140.250 - - [02/Aug/2007:00:13:21 -0700] "GET /junk/CGgoods/handofgod-sizes.JPG HTTP/1.1" 200 87361 "http://rpstudios.ian-justman.com/junk/CGgoods/?S=A" "Mozilla/4.0 (compatible; MSIE 6.0; Windows NT 5.1)"
124.157.140.250 - - [02/Aug/2007:00:13:29 -0700] "GET /junk/CGgoods/HandofGod3.JPG HTTP/1.1" 200 31873 "http://rpstudios.ian-justman.com/junk/CGgoods/?S=A" "Mozilla/4.0 (compatible; MSIE 6.0; Windows NT 5.1)"
124.157.140.250 - - [02/Aug/2007:00:13:34 -0700] "GET /junk/CGgoods/Haishin-ultmode4.JPG HTTP/1.1" 206 22017 "http://rpstudios.ian-justman.com/junk/CGgoods/?S=A" "Mozilla/4.0 (compatible; MSIE 6.0; Windows NT 5.1)"
217.212.224.165 - - [02/Aug/2007:00:13:54 -0700] "GET /junk/dogaFAQ.html HTTP/1.0" 200 9895 "-" "psbot/0.1 (+http://www.picsearch.com/bot.html)"
124.157.140.250 - - [02/Aug/2007:00:14:41 -0700] "GET /junk/CGgoods/HaiVSFury5.JPG HTTP/1.1" 200 289011 "http://rpstudios.ian-justman.com/junk/CGgoods/?S=A" "Mozilla/4.0 (compatible; MSIE 6.0; Windows NT 5.1)"
124.157.140.250 - - [02/Aug/2007:00:14:45 -0700] "GET /junk/CGgoods/Haishin-ultmode2.JPG HTTP/1.1" 206 44175 "http://rpstudios.ian-justman.com/junk/CGgoods/?S=A" "Mozilla/4.0 (compatible; MSIE 6.0; Windows NT 5.1)"
124.157.140.250 - - [02/Aug/2007:00:14:56 -0700] "GET /junk/CGgoods/HWdragon6.jpg HTTP/1.1" 200 16473 "http://rpstudios.ian-justman.com/junk/CGgoods/?S=A" "Mozilla/4.0 (compatible; MSIE 6.0; Windows NT 5.1)"
144.96.26.172 - - [02/Aug/2007:00:15:44 -0700] "GET /ane/episodes/ane-ep11.html HTTP/1.1" 200 7645 "http://rpstudios.ian-justman.com/ane/episodes/ane-ep10.html" "Mozilla/5.0 (Windows; U; Windows NT 5.1; en-US; rv:1.8.1.6) Gecko/20070725 Firefox/2.0.0.6"
124.157.140.250 - - [02/Aug/2007:00:16:13 -0700] "GET /junk/CGgoods/HandofGod1.JPG HTTP/1.1" 200 101873 "http://rpstudios.ian-justman.com/junk/CGgoods/?S=A" "Mozilla/4.0 (compatible; MSIE 6.0; Windows NT 5.1)"
124.157.140.250 - - [02/Aug/2007:00:16:25 -0700] "GET /junk/CGgoods/HandofGod3.JPG HTTP/1.1" 206 23418 "http://rpstudios.ian-justman.com/junk/CGgoods/?S=A" "Mozilla/4.0 (compatible; MSIE 6.0; Windows NT 5.1)"
124.157.140.250 - - [02/Aug/2007:00:16:30 -0700] "GET /junk/CGgoods/hamakaze370.jpg HTTP/1.1" 206 111078 "http://rpstudios.ian-justman.com/junk/CGgoods/?S=A" "Mozilla/4.0 (compatible; MSIE 6.0; Windows NT 5.1)"
124.157.140.250 - - [02/Aug/2007:00:16:30 -0700] "GET /junk/CGgoods/hamakaze370.jpg HTTP/1.1" 200 76673 "http://rpstudios.ian-justman.com/junk/CGgoods/?S=A" "Mozilla/4.0 (compatible; MSIE 6.0; Windows NT 5.1)"
124.157.140.250 - - [02/Aug/2007:00:16:38 -0700] "GET /junk/CGgoods/Haishin-ultmode2.JPG HTTP/1.1" 206 3957 "http://rpstudios.ian-justman.com/junk/CGgoods/?S=A" "Mozilla/4.0 (compatible; MSIE 6.0; Windows NT 5.1)"
124.157.140.250 - - [02/Aug/2007:00:16:43 -0700] "GET /junk/CGgoods/HaiVSFury4.JPG HTTP/1.1" 206 79417 "http://rpstudios.ian-justman.com/junk/CGgoods/?S=A" "Mozilla/4.0 (compatible; MSIE 6.0; Windows NT 5.1)"
124.157.140.250 - - [02/Aug/2007:00:16:45 -0700] "GET /junk/CGgoods/HWdragon7.jpg HTTP/1.1" 200 113871 "http://rpstudios.ian-justman.com/junk/CGgoods/?S=A" "Mozilla/4.0 (compatible; MSIE 6.0; Windows NT 5.1)"
124.157.140.250 - - [02/Aug/2007:00:17:01 -0700] "GET /junk/CGgoods/Haishin-ultmode4.JPG HTTP/1.1" 206 80817 "http://rpstudios.ian-justman.com/junk/CGgoods/?S=A" "Mozilla/4.0 (compatible; MSIE 6.0; Windows NT 5.1)"
124.157.140.250 - - [02/Aug/2007:00:17:10 -0700] "GET /junk/CGgoods/Haishin-ultmode2.JPG HTTP/1.1" 206 213817 "http://rpstudios.ian-justman.com/junk/CGgoods/?S=A" "Mozilla/4.0 (compatible; MSIE 6.0; Windows NT 5.1)"
124.157.140.250 - - [02/Aug/2007:00:17:26 -0700] "GET /junk/CGgoods/HWdragon6.jpg HTTP/1.1" 206 163284 "http://rpstudios.ian-justman.com/junk/CGgoods/?S=A" "Mozilla/4.0 (compatible; MSIE 6.0; Windows NT 5.1)"
124.157.140.250 - - [02/Aug/2007:00:17:26 -0700] "GET /junk/CGgoods/ichitarship1.JPG HTTP/1.1" 200 31875 "http://rpstudios.ian-justman.com/junk/CGgoods/?S=A" "Mozilla/4.0 (compatible; MSIE 6.0; Windows NT 5.1)"
124.157.140.250 - - [02/Aug/2007:00:17:35 -0700] "GET /junk/CGgoods/HaiVSFury1.JPG HTTP/1.1" 206 125617 "http://rpstudios.ian-justman.com/junk/CGgoods/?S=A" "Mozilla/4.0 (compatible; MSIE 6.0; Windows NT 5.1)"
124.157.140.250 - - [02/Aug/2007:00:17:47 -0700] "GET /junk/CGgoods/HWdragon8.jpg HTTP/1.1" 200 62673 "http://rpstudios.ian-justman.com/junk/CGgoods/?S=A" "Mozilla/4.0 (compatible; MSIE 6.0; Windows NT 5.1)"
124.157.140.250 - - [02/Aug/2007:00:17:53 -0700] "GET /junk/CGgoods/HWdragon8.jpg HTTP/1.1" 206 51329 "http://rpstudios.ian-justman.com/junk/CGgoods/?S=A" "Mozilla/4.0 (compatible; MSIE 6.0; Windows NT 5.1)"
124.157.140.250 - - [02/Aug/2007:00:18:00 -0700] "GET /junk/CGgoods/HaiVSFury3.JPG HTTP/1.1" 206 75218 "http://rpstudios.ian-justman.com/junk/CGgoods/?S=A" "Mozilla/4.0 (compatible; MSIE 6.0; Windows NT 5.1)"
124.157.140.250 - - [02/Aug/2007:00:18:03 -0700] "GET /junk/CGgoods/HaiVSFury1.JPG HTTP/1.1" 206 37284 "http://rpstudios.ian-justman.com/junk/CGgoods/?S=A" "Mozilla/4.0 (compatible; MSIE 6.0; Windows NT 5.1)"
124.157.140.250 - - [02/Aug/2007:00:18:04 -0700] "GET /junk/CGgoods/ichitarship3.JPG HTTP/1.1" 200 102013 "http://rpstudios.ian-justman.com/junk/CGgoods/?S=A" "Mozilla/4.0 (compatible; MSIE 6.0; Windows NT 5.1)"
124.157.140.250 - - [02/Aug/2007:00:18:08 -0700] "GET /junk/CGgoods/HWdragon9.jpg HTTP/1.1" 200 51473 "http://rpstudios.ian-justman.com/junk/CGgoods/?S=A" "Mozilla/4.0 (compatible; MSIE 6.0; Windows NT 5.1)"
124.157.140.250 - - [02/Aug/2007:00:18:48 -0700] "GET /junk/CGgoods/IGNOREarray.JPG HTTP/1.1" 200 82542 "http://rpstudios.ian-justman.com/junk/CGgoods/?S=A" "Mozilla/4.0 (compatible; MSIE 6.0; Windows NT 5.1)"
124.157.140.250 - - [02/Aug/2007:00:18:58 -0700] "GET /junk/CGgoods/ichitarship1.JPG HTTP/1.1" 206 36672 "http://rpstudios.ian-justman.com/junk/CGgoods/?S=A" "Mozilla/4.0 (compatible; MSIE 6.0; Windows NT 5.1)"
124.157.140.250 - - [02/Aug/2007:00:19:12 -0700] "GET /junk/CGgoods/ichitarship2.JPG HTTP/1.1" 200 86393 "http://rpstudios.ian-justman.com/junk/CGgoods/?S=A" "Mozilla/4.0 (compatible; MSIE 6.0; Windows NT 5.1)"
124.157.140.250 - - [02/Aug/2007:00:19:46 -0700] "GET /junk/CGgoods/HWdragon9.jpg HTTP/1.1" 206 123088 "http://rpstudios.ian-justman.com/junk/CGgoods/?S=A" "Mozilla/4.0 (compatible; MSIE 6.0; Windows NT 5.1)"
124.157.140.250 - - [02/Aug/2007:00:20:19 -0700] "GET /junk/CGgoods/ichitarship4.JPG HTTP/1.1" 200 31873 "http://rpstudios.ian-justman.com/junk/CGgoods/?S=A" "Mozilla/4.0 (compatible; MSIE 6.0; Windows NT 5.1)"
124.157.140.250 - - [02/Aug/2007:00:20:20 -0700] "GET /junk/CGgoods/HandofGod3.JPG HTTP/1.1" 206 115818 "http://rpstudios.ian-justman.com/junk/CGgoods/?S=A" "Mozilla/4.0 (compatible; MSIE 6.0; Windows NT 5.1)"
124.157.140.250 - - [02/Aug/2007:00:20:23 -0700] "GET /junk/CGgoods/IGNOREarray4.JPG HTTP/1.1" 200 64942 "http://rpstudios.ian-justman.com/junk/CGgoods/?S=A" "Mozilla/4.0 (compatible; MSIE 6.0; Windows NT 5.1)"
124.157.140.250 - - [02/Aug/2007:00:20:26 -0700] "GET /junk/CGgoods/HaiVSFury4.JPG HTTP/1.1" 206 61217 "http://rpstudios.ian-justman.com/junk/CGgoods/?S=A" "Mozilla/4.0 (compatible; MSIE 6.0; Windows NT 5.1)"
124.157.140.250 - - [02/Aug/2007:00:20:47 -0700] "GET /junk/CGgoods/IGNOREarray6.JPG HTTP/1.1" 200 99999 "http://rpstudios.ian-justman.com/junk/CGgoods/?S=A" "Mozilla/4.0 (compatible; MSIE 6.0; Windows NT 5.1)"
124.157.140.250 - - [02/Aug/2007:00:20:52 -0700] "GET /junk/CGgoods/HandofGod3.JPG HTTP/1.1" 206 23408 "http://rpstudios.ian-justman.com/junk/CGgoods/?S=A" "Mozilla/4.0 (compatible; MSIE 6.0; Windows NT 5.1)"
124.157.140.250 - - [02/Aug/2007:00:20:54 -0700] "GET /junk/CGgoods/HaiVSFury3.JPG HTTP/1.1" 206 83617 "http://rpstudios.ian-justman.com/junk/CGgoods/?S=A" "Mozilla/4.0 (compatible; MSIE 6.0; Windows NT 5.1)"
124.157.140.250 - - [02/Aug/2007:00:21:02 -0700] "GET /junk/CGgoods/IGNOREarray.JPG HTTP/1.1" 206 11468 "http://rpstudios.ian-justman.com/junk/CGgoods/?S=A" "Mozilla/4.0 (compatible; MSIE 6.0; Windows NT 5.1)"
124.157.140.250 - - [02/Aug/2007:00:21:13 -0700] "GET /junk/CGgoods/IfYouCanSeeThisYouAreDead.JPG HTTP/1.1" 200 27673 "http://rpstudios.ian-justman.com/junk/CGgoods/?S=A" "Mozilla/4.0 (compatible; MSIE 6.0; Windows NT 5.1)"
169.232.118.210 - - [02/Aug/2007:00:21:16 -0700] "GET /junk/furyavatar.jpg HTTP/1.1" 200 5175 "http://z4.invisionfree.com/BoktaiOnline/index.php?showtopic=1219" "Mozilla/4.0 (compatible; MSIE 7.0; Windows NT 5.1; .NET CLR 1.1.4322; .NET CLR 2.0.50727; IEMB3; IEMB3)"
124.157.140.250 - - [02/Aug/2007:00:21:19 -0700] "GET /junk/CGgoods/ichitarship1.JPG HTTP/1.1" 206 4850 "http://rpstudios.ian-justman.com/junk/CGgoods/?S=A" "Mozilla/4.0 (compatible; MSIE 6.0; Windows NT 5.1)"
124.157.140.250 - - [02/Aug/2007:00:21:24 -0700] "GET /junk/CGgoods/HaiVSFury4.JPG HTTP/1.1" 206 64017 "http://rpstudios.ian-justman.com/junk/CGgoods/?S=A" "Mozilla/4.0 (compatible; MSIE 6.0; Windows NT 5.1)"
124.157.140.250 - - [02/Aug/2007:00:21:26 -0700] "GET /junk/CGgoods/IcyStareofDOOM.JPG HTTP/1.1" 200 129873 "http://rpstudios.ian-justman.com/junk/CGgoods/?S=A" "Mozilla/4.0 (compatible; MSIE 6.0; Windows NT 5.1)"
124.157.140.250 - - [02/Aug/2007:00:21:34 -0700] "GET /junk/CGgoods/IGNOREarray5.JPG HTTP/1.1" 200 91265 "http://rpstudios.ian-justman.com/junk/CGgoods/?S=A" "Mozilla/4.0 (compatible; MSIE 6.0; Windows NT 5.1)"
66.249.66.241 - - [02/Aug/2007:00:21:47 -0700] "GET /ane/tech/anetechnical.gif HTTP/1.1" 200 2696 "-" "Googlebot-Image/1.0"
124.157.140.250 - - [02/Aug/2007:00:22:34 -0700] "GET /junk/CGgoods/ichitarship4.JPG HTTP/1.1" 206 150850 "http://rpstudios.ian-justman.com/junk/CGgoods/?S=A" "Mozilla/4.0 (compatible; MSIE 6.0; Windows NT 5.1)"
124.157.140.250 - - [02/Aug/2007:00:22:57 -0700] "GET /junk/CGgoods/IGNOREarray3.JPG HTTP/1.1" 206 33851 "http://rpstudios.ian-justman.com/junk/CGgoods/?S=A" "Mozilla/4.0 (compatible; MSIE 6.0; Windows NT 5.1)"
124.157.140.250 - - [02/Aug/2007:00:23:03 -0700] "GET /junk/CGgoods/IGNOREarray8.JPG HTTP/1.1" 200 27673 "http://rpstudios.ian-justman.com/junk/CGgoods/?S=A" "Mozilla/4.0 (compatible; MSIE 6.0; Windows NT 5.1)"
124.157.140.250 - - [02/Aug/2007:00:23:09 -0700] "GET /junk/CGgoods/IGNOREarray2.JPG HTTP/1.1" 206 50898 "http://rpstudios.ian-justman.com/junk/CGgoods/?S=A" "Mozilla/4.0 (compatible; MSIE 6.0; Windows NT 5.1)"
124.157.140.250 - - [02/Aug/2007:00:23:47 -0700] "GET /junk/CGgoods/IGNOREarray3.JPG HTTP/1.1" 200 55168 "http://rpstudios.ian-justman.com/junk/CGgoods/?S=A" "Mozilla/4.0 (compatible; MSIE 6.0; Windows NT 5.1)"
124.157.140.250 - - [02/Aug/2007:00:23:48 -0700] "GET /junk/CGgoods/IGNOREarrayDX.JPG HTTP/1.1" 200 43073 "http://rpstudios.ian-justman.com/junk/CGgoods/?S=A" "Mozilla/4.0 (compatible; MSIE 6.0; Windows NT 5.1)"
124.157.140.250 - - [02/Aug/2007:00:24:17 -0700] "GET /junk/CGgoods/HaiVSFury4.JPG HTTP/1.1" 206 41617 "http://rpstudios.ian-justman.com/junk/CGgoods/?S=A" "Mozilla/4.0 (compatible; MSIE 6.0; Windows NT 5.1)"
124.157.140.250 - - [02/Aug/2007:00:24:18 -0700] "GET /junk/CGgoods/HandofGod1.JPG HTTP/1.1" 206 145218 "http://rpstudios.ian-justman.com/junk/CGgoods/?S=A" "Mozilla/4.0 (compatible; MSIE 6.0; Windows NT 5.1)"
124.157.140.250 - - [02/Aug/2007:00:24:20 -0700] "GET /junk/CGgoods/IGNOREarray9.JPG HTTP/1.1" 200 76674 "http://rpstudios.ian-justman.com/junk/CGgoods/?S=A" "Mozilla/4.0 (compatible; MSIE 6.0; Windows NT 5.1)"
124.157.140.250 - - [02/Aug/2007:00:24:27 -0700] "GET /junk/CGgoods/ichitarship4.JPG HTTP/1.1" 206 1432 "http://rpstudios.ian-justman.com/junk/CGgoods/?S=A" "Mozilla/4.0 (compatible; MSIE 6.0; Windows NT 5.1)"
124.157.140.250 - - [02/Aug/2007:00:24:36 -0700] "GET /junk/CGgoods/HandofGod1.JPG HTTP/1.1" 206 31818 "http://rpstudios.ian-justman.com/junk/CGgoods/?S=A" "Mozilla/4.0 (compatible; MSIE 6.0; Windows NT 5.1)"
124.157.140.250 - - [02/Aug/2007:00:24:37 -0700] "GET /junk/CGgoods/IGNOREarray2.JPG HTTP/1.1" 200 33274 "http://rpstudios.ian-justman.com/junk/CGgoods/?S=A" "Mozilla/4.0 (compatible; MSIE 6.0; Windows NT 5.1)"
124.157.140.250 - - [02/Aug/2007:00:25:02 -0700] "GET /junk/CGgoods/IGNOREarrayDX3.JPG HTTP/1.1" 200 151054 "http://rpstudios.ian-justman.com/junk/CGgoods/?S=A" "Mozilla/4.0 (compatible; MSIE 6.0; Windows NT 5.1)"
124.157.140.250 - - [02/Aug/2007:00:25:04 -0700] "GET /junk/CGgoods/IGNOREarray7.JPG HTTP/1.1" 200 29074 "http://rpstudios.ian-justman.com/junk/CGgoods/?S=A" "Mozilla/4.0 (compatible; MSIE 6.0; Windows NT 5.1)"
124.157.140.250 - - [02/Aug/2007:00:25:05 -0700] "GET /junk/CGgoods/IGNOREarrayDX2.JPG HTTP/1.1" 200 72473 "http://rpstudios.ian-justman.com/junk/CGgoods/?S=A" "Mozilla/4.0 (compatible; MSIE 6.0; Windows NT 5.1)"
124.157.140.250 - - [02/Aug/2007:00:25:30 -0700] "GET /junk/CGgoods/HandofGod1.JPG HTTP/1.1" 206 36444 "http://rpstudios.ian-justman.com/junk/CGgoods/?S=A" "Mozilla/4.0 (compatible; MSIE 6.0; Windows NT 5.1)"
124.157.140.250 - - [02/Aug/2007:00:25:48 -0700] "GET /junk/CGgoods/IGNOREarray8.JPG HTTP/1.1" 206 97235 "http://rpstudios.ian-justman.com/junk/CGgoods/?S=A" "Mozilla/4.0 (compatible; MSIE 6.0; Windows NT 5.1)"
124.157.140.250 - - [02/Aug/2007:00:26:10 -0700] "GET /junk/CGgoods/IGNOREarray8.JPG HTTP/1.1" 206 31818 "http://rpstudios.ian-justman.com/junk/CGgoods/?S=A" "Mozilla/4.0 (compatible; MSIE 6.0; Windows NT 5.1)"
124.157.140.250 - - [02/Aug/2007:00:26:11 -0700] "GET /junk/CGgoods/IGNOREarrayDX4.JPG HTTP/1.1" 200 72473 "http://rpstudios.ian-justman.com/junk/CGgoods/?S=A" "Mozilla/4.0 (compatible; MSIE 6.0; Windows NT 5.1)"
65.55.208.218 - - [02/Aug/2007:00:26:13 -0700] "GET /robots.txt HTTP/1.0" 404 286 "-" "msnbot/1.0 (+http://search.msn.com/msnbot.htm)"
65.55.208.218 - - [02/Aug/2007:00:26:14 -0700] "GET /ane/anedisc.html HTTP/1.0" 200 4636 "-" "msnbot/1.0 (+http://search.msn.com/msnbot.htm)"
124.157.140.250 - - [02/Aug/2007:00:26:31 -0700] "GET /junk/CGgoods/IGNOREarray9.JPG HTTP/1.1" 206 19464 "http://rpstudios.ian-justman.com/junk/CGgoods/?S=A" "Mozilla/4.0 (compatible; MSIE 6.0; Windows NT 5.1)"
124.157.140.250 - - [02/Aug/2007:00:26:36 -0700] "GET /junk/CGgoods/IcyStareofDOOM.JPG HTTP/1.1" 206 86417 "http://rpstudios.ian-justman.com/junk/CGgoods/?S=A" "Mozilla/4.0 (compatible; MSIE 6.0; Windows NT 5.1)"
124.157.140.250 - - [02/Aug/2007:00:26:46 -0700] "GET /junk/CGgoods/IGNOREarrayDX2.JPG HTTP/1.1" 206 92617 "http://rpstudios.ian-justman.com/junk/CGgoods/?S=A" "Mozilla/4.0 (compatible; MSIE 6.0; Windows NT 5.1)"
124.157.140.250 - - [02/Aug/2007:00:26:48 -0700] "GET /junk/CGgoods/IGNOREarrayDX5.JPG HTTP/1.1" 200 38873 "http://rpstudios.ian-justman.com/junk/CGgoods/?S=A" "Mozilla/4.0 (compatible; MSIE 6.0; Windows NT 5.1)"
124.157.140.250 - - [02/Aug/2007:00:26:54 -0700] "GET /junk/CGgoods/ignoremech1.JPG HTTP/1.1" 200 62673 "http://rpstudios.ian-justman.com/junk/CGgoods/?S=A" "Mozilla/4.0 (compatible; MSIE 6.0; Windows NT 5.1)"
124.157.140.250 - - [02/Aug/2007:00:27:49 -0700] "GET /junk/CGgoods/IGNOREarray7.JPG HTTP/1.1" 206 26326 "http://rpstudios.ian-justman.com/junk/CGgoods/?S=A" "Mozilla/4.0 (compatible; MSIE 6.0; Windows NT 5.1)"
124.157.140.250 - - [02/Aug/2007:00:28:01 -0700] "GET /junk/CGgoods/IGNOREarrayDX4.JPG HTTP/1.1" 206 82136 "http://rpstudios.ian-justman.com/junk/CGgoods/?S=A" "Mozilla/4.0 (compatible; MSIE 6.0; Windows NT 5.1)"
74.6.27.21 - - [02/Aug/2007:00:28:13 -0700] "GET /ane/episodes/ane-ep27.html HTTP/1.0" 200 25000 "-" "Mozilla/5.0 (compatible; Yahoo! Slurp; http://help.yahoo.com/help/us/ysearch/slurp)"
124.157.140.250 - - [02/Aug/2007:00:28:19 -0700] "GET /junk/CGgoods/IGNOREMK-III-3.JPG HTTP/1.1" 200 33273 "http://rpstudios.ian-justman.com/junk/CGgoods/?S=A" "Mozilla/4.0 (compatible; MSIE 6.0; Windows NT 5.1)"
124.157.140.250 - - [02/Aug/2007:00:28:22 -0700] "GET /junk/CGgoods/IfYouCanSeeThisYouAreDead.JPG HTTP/1.1" 206 20617 "http://rpstudios.ian-justman.com/junk/CGgoods/?S=A" "Mozilla/4.0 (compatible; MSIE 6.0; Windows NT 5.1)"
124.157.140.250 - - [02/Aug/2007:00:28:26 -0700] "GET /junk/CGgoods/IGNOREarray7.JPG HTTP/1.1" 206 45821 "http://rpstudios.ian-justman.com/junk/CGgoods/?S=A" "Mozilla/4.0 (compatible; MSIE 6.0; Windows NT 5.1)"
124.157.140.250 - - [02/Aug/2007:00:28:28 -0700] "GET /junk/CGgoods/IfYouCanSeeThisYouAreDead.JPG HTTP/1.1" 206 156418 "http://rpstudios.ian-justman.com/junk/CGgoods/?S=A" "Mozilla/4.0 (compatible; MSIE 6.0; Windows NT 5.1)"
124.157.140.250 - - [02/Aug/2007:00:28:43 -0700] "GET /junk/CGgoods/IGNOREarrayDX5.JPG HTTP/1.1" 206 177858 "http://rpstudios.ian-justman.com/junk/CGgoods/?S=A" "Mozilla/4.0 (compatible; MSIE 6.0; Windows NT 5.1)"
124.157.140.250 - - [02/Aug/2007:00:28:44 -0700] "GET /junk/CGgoods/IGNOREMK-III-2.JPG HTTP/1.1" 200 222483 "http://rpstudios.ian-justman.com/junk/CGgoods/?S=A" "Mozilla/4.0 (compatible; MSIE 6.0; Windows NT 5.1)"